NOAA-style Climate Reports

2021: Jan | Feb | Mar | Apr | May | Jun | Jul | Aug | Sep | Oct | Nov | Dec 
2020: Jan | Feb | Mar | Apr | May | Jun | Jul | Aug | Sep | Oct | Nov | Dec 
2019: Jan | Feb | Mar | Apr | May | Jun | Jul | Aug | Sep | Oct | Nov | Dec 
2018: Jan | Feb | Mar | Apr | May | Jun | Jul | Aug | Sep | Oct | Nov | Dec 
2017: Jan | Feb | Mar | Apr | May | Jun | Jul | Aug | Sep | Oct | Nov | Dec 
2016: Jan | Feb | Mar | Apr | May | Jun | Jul | Aug | Sep | Oct | Nov | Dec 
2015: Jan | Feb | Mar | Apr | May | Jun | Jul | Aug | Sep | Oct | Nov | Dec 
2014: Jan | Feb | Mar | Apr | May | Jun | Jul | Aug | Sep | Oct | Nov | Dec 
2013: Jan | Feb | Mar | Apr | May | Jun | Jul | Aug | Sep | Oct | Nov | Dec 
2012: Jan | Feb | Mar | Apr | May | Jun | Jul | Aug | Sep | Oct | Nov | Dec 
2011: Jan | Feb | Mar | Apr | May | Jun | Jul | Aug | Sep | Oct | Nov | Dec 
2010: Jan | Feb | Mar | Apr | May | Jun | Jul | Aug | Sep | Oct | Nov | Dec 
2009: Jan | Feb | Mar | Apr | May | Jun | Jul | Aug | Sep | Oct | Nov | Dec 
2008: Jan | Feb | Mar | Apr | May | Jun | Jul | Aug | Sep | Oct | Nov | Dec 
2007: Jan | Feb | Mar | Apr | May | Jun | Jul | Aug | Sep | Oct | Nov | Dec 
2006: Jan | Feb | Mar | Apr | May | Jun | Jul | Aug | Sep | Oct | Nov | Dec 

Report for 2021 04
MONTHLY CLIMATOLOGICAL SUMMARY for APR. 2021 NAME: Station #1 CITY: Rauma STATE: Finland ELEV: 16 m LAT: 61 08' 38" N LONG: 21 31' 26" E TEMPERATURE (C), RAIN (mm), WIND SPEED (m/s) HEAT COOL AVG MEAN DEG DEG WIND DOM DAY TEMP HIGH TIME LOW TIME DAYS DAYS RAIN SPEED HIGH TIME DIR ------------------------------------------------------------------------------------ 1 3.0 5.9 16:30 0.9 3:00 15.3 0.0 0.0 0.4 6.3 14:00 NNW 2 3.1 5.7 13:30 1.2 4:00 15.2 0.0 0.0 0.4 4.9 12:00 NW 3 2.4 4.3 18:00 0.9 5:30 15.9 0.0 0.0 0.4 4.9 13:00 NNW 4 5.1 9.5 16:30 2.4 8:00 13.2 0.0 0.0 1.6 11.2 18:30 SW 5 2.7 7.0 0:30 0.0 21:30 15.6 0.0 3.0 2.2 14.8 9:00 SSW 6 1.1 3.4 14:00 -0.8 7:00 17.2 0.0 4.6 1.1 9.4 15:30 SW 7 2.0 4.6 15:30 -2.5 00:00 16.3 0.0 1.6 0.5 6.7 1:00 SSW 8 0.3 4.1 14:00 -3.9 4:00 18.0 0.0 0.2 0.3 5.4 14:00 NW 9 2.6 6.4 17:00 -0.5 0:30 15.7 0.0 7.4 2.9 14.8 13:30 SSE 10 3.4 6.6 18:00 -0.5 7:00 14.9 0.0 0.0 1.1 9.8 13:30 SW 11 4.2 9.4 16:30 -2.9 7:00 14.1 0.0 0.0 0.2 8.5 0:30 WSW 12 7.1 13.9 12:00 2.3 4:00 11.2 0.0 2.0 1.8 10.7 16:30 SSE 13 3.2 3.5 0:30 2.8 3:00 1.9 0.0 0.0 0.4 4.9 0:30 SW 14 15 16 17 18 19 20 21 22 23 24 25 26 27 28 29 30 ------------------------------------------------------------------------------------- 3.1 13.9 12 -3.9 8 184.4 0.0 18.8 1.0 14.8 5 SW Max >= 32.0: 0 Max <= 0.0: 0 Min <= 0.0: 7 Min <= -18.0: 0 Max Rain: 7.39 ON 09.04.21 Days of Rain: 6 (> .2 mm) 4 (> 2 mm) 0 (> 20 mm) Heat Base: 18.3 Cool Base: 18.3 Method: Integration