NOAA-style Climate Reports

2024: Jan | Feb | Mar | Apr | May | Jun | Jul | Aug | Sep | Oct | Nov | Dec 
2023: Jan | Feb | Mar | Apr | May | Jun | Jul | Aug | Sep | Oct | Nov | Dec 
2022: Jan | Feb | Mar | Apr | May | Jun | Jul | Aug | Sep | Oct | Nov | Dec 
2021: Jan | Feb | Mar | Apr | May | Jun | Jul | Aug | Sep | Oct | Nov | Dec 
2020: Jan | Feb | Mar | Apr | May | Jun | Jul | Aug | Sep | Oct | Nov | Dec 
2019: Jan | Feb | Mar | Apr | May | Jun | Jul | Aug | Sep | Oct | Nov | Dec 
2018: Jan | Feb | Mar | Apr | May | Jun | Jul | Aug | Sep | Oct | Nov | Dec 
2017: Jan | Feb | Mar | Apr | May | Jun | Jul | Aug | Sep | Oct | Nov | Dec 
2016: Jan | Feb | Mar | Apr | May | Jun | Jul | Aug | Sep | Oct | Nov | Dec 
2015: Jan | Feb | Mar | Apr | May | Jun | Jul | Aug | Sep | Oct | Nov | Dec 
2014: Jan | Feb | Mar | Apr | May | Jun | Jul | Aug | Sep | Oct | Nov | Dec 
2013: Jan | Feb | Mar | Apr | May | Jun | Jul | Aug | Sep | Oct | Nov | Dec 
2012: Jan | Feb | Mar | Apr | May | Jun | Jul | Aug | Sep | Oct | Nov | Dec 
2011: Jan | Feb | Mar | Apr | May | Jun | Jul | Aug | Sep | Oct | Nov | Dec 
2010: Jan | Feb | Mar | Apr | May | Jun | Jul | Aug | Sep | Oct | Nov | Dec 
2009: Jan | Feb | Mar | Apr | May | Jun | Jul | Aug | Sep | Oct | Nov | Dec 
2008: Jan | Feb | Mar | Apr | May | Jun | Jul | Aug | Sep | Oct | Nov | Dec 
2007: Jan | Feb | Mar | Apr | May | Jun | Jul | Aug | Sep | Oct | Nov | Dec 
2006: Jan | Feb | Mar | Apr | May | Jun | Jul | Aug | Sep | Oct | Nov | Dec 

Report for 2024 02
MONTHLY CLIMATOLOGICAL SUMMARY for FEB. 2024 NAME: Station #1 CITY: Rauma STATE: Finland ELEV: 16 m LAT: 61 08' 38" N LONG: 21 31' 26" E TEMPERATURE (C), RAIN (mm), WIND SPEED (m/s) HEAT COOL AVG MEAN DEG DEG WIND DOM DAY TEMP HIGH TIME LOW TIME DAYS DAYS RAIN SPEED HIGH TIME DIR ------------------------------------------------------------------------------------ 1 2.1 2.4 14:30 1.5 11:30 3.0 0.0 0.0 0.1 7.6 11:30 WSW 2 0.7 1.4 13:30 -0.1 10:30 4.4 0.0 0.0 0.1 4.5 11:30 SW 3 --- --- --- --- --- 0.0 0.0 0.0 0.0 0.0 --- --- 4 1.3 1.9 14:30 0.7 16:00 1.8 0.0 0.0 0.1 6.3 16:00 NW 5 -1.2 -0.7 11:30 -1.9 14:30 4.1 0.0 0.0 0.0 3.1 14:00 NW 6 -5.4 -4.7 15:00 -6.4 17:00 5.4 0.0 0.0 0.0 2.2 12:30 NE 7 -7.2 -6.0 14:00 -8.9 12:30 4.8 0.0 0.0 0.0 1.8 14:30 ESE 8 -11.8 -10.4 14:30 -14.7 11:00 7.5 0.0 0.0 0.0 4.0 13:00 SE 9 -11.7 -9.6 14:30 -16.1 10:30 8.1 0.0 0.0 0.1 4.0 11:00 SE 10 -11.0 -8.9 15:00 -16.1 10:30 7.9 0.0 0.0 0.0 4.0 12:30 NE 11 -9.7 -7.8 15:00 -14.2 10:30 8.2 0.0 0.0 0.1 5.4 15:00 SE 12 -6.3 -4.8 15:00 -9.6 10:30 6.7 0.0 0.0 0.1 6.7 15:00 NE 13 --- --- --- --- --- 0.0 0.0 0.0 0.0 0.0 --- --- 14 --- --- --- --- --- 0.0 0.0 0.0 0.0 0.0 --- --- 15 --- --- --- --- --- 0.0 0.0 0.0 0.0 0.0 --- --- 16 --- --- --- --- --- 0.0 0.0 0.0 0.0 0.0 --- --- 17 -0.7 -0.5 16:30 -1.0 17:30 2.0 0.0 0.0 0.1 4.5 17:00 NW 18 -0.3 0.7 14:30 -3.3 10:00 5.8 0.0 0.8 0.0 2.2 13:30 SW 19 --- --- --- --- --- 0.0 0.0 0.0 0.0 0.0 --- --- 20 --- --- --- --- --- 0.0 0.0 0.0 0.0 0.0 --- --- 21 --- --- --- --- --- 0.0 0.0 0.0 0.0 0.0 --- --- 22 --- --- --- --- --- 0.0 0.0 0.0 0.0 0.0 --- --- 23 --- --- --- --- --- 0.0 0.0 0.0 0.0 0.0 --- --- 24 --- --- --- --- --- 0.0 0.0 0.0 0.0 0.0 --- --- 25 --- --- --- --- --- 0.0 0.0 0.0 0.0 0.0 --- --- 26 --- --- --- --- --- 0.0 0.0 0.0 0.0 0.0 --- --- 27 28 29 ------------------------------------------------------------------------------------- -4.7 2.4 1 -16.1 9 69.7 0.0 0.8 0.0 7.6 1 SE Max >= 32.0: 0 Max <= 0.0: 9 Min <= 0.0: 11 Min <= -18.0: 0 Max Rain: 0.79 ON 18.02.24 Days of Rain: 1 (> .2 mm) 0 (> 2 mm) 0 (> 20 mm) Heat Base: 18.3 Cool Base: 18.3 Method: Integration