NOAA-style Climate Reports

2020: Jan | Feb | Mar | Apr | May | Jun | Jul | Aug | Sep | Oct | Nov | Dec 
2019: Jan | Feb | Mar | Apr | May | Jun | Jul | Aug | Sep | Oct | Nov | Dec 
2018: Jan | Feb | Mar | Apr | May | Jun | Jul | Aug | Sep | Oct | Nov | Dec 
2017: Jan | Feb | Mar | Apr | May | Jun | Jul | Aug | Sep | Oct | Nov | Dec 
2016: Jan | Feb | Mar | Apr | May | Jun | Jul | Aug | Sep | Oct | Nov | Dec 
2015: Jan | Feb | Mar | Apr | May | Jun | Jul | Aug | Sep | Oct | Nov | Dec 
2014: Jan | Feb | Mar | Apr | May | Jun | Jul | Aug | Sep | Oct | Nov | Dec 
2013: Jan | Feb | Mar | Apr | May | Jun | Jul | Aug | Sep | Oct | Nov | Dec 
2012: Jan | Feb | Mar | Apr | May | Jun | Jul | Aug | Sep | Oct | Nov | Dec 
2011: Jan | Feb | Mar | Apr | May | Jun | Jul | Aug | Sep | Oct | Nov | Dec 
2010: Jan | Feb | Mar | Apr | May | Jun | Jul | Aug | Sep | Oct | Nov | Dec 
2009: Jan | Feb | Mar | Apr | May | Jun | Jul | Aug | Sep | Oct | Nov | Dec 
2008: Jan | Feb | Mar | Apr | May | Jun | Jul | Aug | Sep | Oct | Nov | Dec 
2007: Jan | Feb | Mar | Apr | May | Jun | Jul | Aug | Sep | Oct | Nov | Dec 
2006: Jan | Feb | Mar | Apr | May | Jun | Jul | Aug | Sep | Oct | Nov | Dec 

Report for 2019 11
MONTHLY CLIMATOLOGICAL SUMMARY for NOV. 2019 NAME: Station #1 CITY: Rauma STATE: Finland ELEV: 16 m LAT: 61 08' 38" N LONG: 21 31' 26" E TEMPERATURE (C), RAIN (mm), WIND SPEED (m/s) HEAT COOL AVG MEAN DEG DEG WIND DOM DAY TEMP HIGH TIME LOW TIME DAYS DAYS RAIN SPEED HIGH TIME DIR ------------------------------------------------------------------------------------ 1 2.9 6.3 14:00 -0.1 19:00 15.4 0.0 0.0 0.0 2.7 0:30 W 2 3.2 5.4 14:00 0.6 2:00 15.1 0.0 3.8 0.1 4.9 13:30 SE 3 0.4 3.2 0:30 -4.7 00:00 17.8 0.0 0.2 0.0 1.3 13:00 SSE 4 -3.1 0.2 13:30 -5.1 0:30 21.4 0.0 0.2 0.1 6.3 22:00 NE 5 -5.3 -3.4 14:00 -7.3 00:00 23.6 0.0 0.0 0.0 4.9 0:30 NE 6 -6.3 -2.9 14:30 -9.2 8:00 24.6 0.0 0.0 0.0 4.0 2:30 NE 7 -5.1 -2.7 20:30 -8.5 3:30 23.3 0.0 0.0 0.1 4.5 5:30 NE 8 -1.0 3.4 00:00 -2.8 0:30 19.3 0.0 5.4 0.1 4.9 22:00 SE 9 5.2 6.2 4:30 3.4 0:30 13.1 0.0 5.8 0.2 4.9 1:30 SSE 10 1.9 3.8 1:30 -0.7 22:30 16.3 0.0 3.6 0.0 2.7 5:30 NE 11 -0.5 0.2 14:30 -1.0 5:00 18.8 0.0 0.0 0.0 0.9 20:30 W 12 2.4 4.7 00:00 -0.7 2:30 15.9 0.0 2.4 0.5 8.0 19:00 SE 13 5.9 7.0 00:00 4.7 0:30 12.3 0.0 6.8 0.2 5.8 0:30 SSE 14 4.4 7.4 1:30 3.2 00:00 13.9 0.0 15.4 0.1 4.0 17:00 NNW 15 2.6 3.4 8:00 0.9 00:00 15.7 0.0 0.0 0.1 4.9 10:30 SSE 16 0.2 1.3 00:00 -1.2 10:00 18.1 0.0 0.2 0.4 6.3 6:00 SE 17 5.5 7.4 19:00 1.2 0:30 12.8 0.0 4.2 1.1 8.0 15:30 SE 18 4.8 5.9 23:30 3.7 9:30 13.4 0.0 0.0 0.3 7.2 19:00 SE 19 6.6 7.6 17:00 5.7 1:00 11.7 0.0 0.4 1.0 8.5 22:00 SE 20 7.1 7.6 9:30 6.3 00:00 11.3 0.0 4.2 1.1 8.5 0:30 SSE 21 4.1 6.3 0:30 2.3 18:00 14.2 0.0 0.2 0.3 6.3 12:30 SE 22 2.4 3.6 6:00 0.3 00:00 15.9 0.0 0.4 0.4 5.8 17:30 SE 23 -0.1 1.3 14:00 -2.4 22:30 18.3 0.0 0.0 0.1 4.9 2:00 SE 24 -2.3 -0.9 20:00 -4.9 9:30 20.6 0.0 0.0 0.0 2.7 23:30 SE 25 -0.2 1.7 00:00 -1.4 2:30 18.5 0.0 0.6 0.0 4.0 11:30 SSE 26 2.3 4.3 00:00 1.4 10:00 16.0 0.0 3.6 0.3 4.9 9:00 SSE 27 3.7 4.7 2:30 2.3 18:30 14.6 0.0 16.0 0.2 6.7 17:30 SE 28 5.1 6.4 23:00 3.7 12:30 13.2 0.0 11.0 0.5 6.3 17:30 SSE 29 0.2 6.3 3:00 -3.1 20:30 18.1 0.0 6.8 0.1 4.0 0:30 NW 30 -0.7 0.5 14:00 -2.4 8:00 19.0 0.0 0.0 0.0 4.5 17:30 NW ------------------------------------------------------------------------------------- 1.6 7.6 19 -9.2 6 502.5 0.0 91.2 0.2 8.5 19 SE Max >= 32.0: 0 Max <= 0.0: 4 Min <= 0.0: 16 Min <= -18.0: 0 Max Rain: 16.00 ON 27.11.19 Days of Rain: 20 (> .2 mm) 13 (> 2 mm) 0 (> 20 mm) Heat Base: 18.3 Cool Base: 18.3 Method: Integration