NOAA-style Climate Reports

2019: Jan | Feb | Mar | Apr | May | Jun | Jul | Aug | Sep | Oct | Nov | Dec 
2018: Jan | Feb | Mar | Apr | May | Jun | Jul | Aug | Sep | Oct | Nov | Dec 
2017: Jan | Feb | Mar | Apr | May | Jun | Jul | Aug | Sep | Oct | Nov | Dec 
2016: Jan | Feb | Mar | Apr | May | Jun | Jul | Aug | Sep | Oct | Nov | Dec 
2015: Jan | Feb | Mar | Apr | May | Jun | Jul | Aug | Sep | Oct | Nov | Dec 
2014: Jan | Feb | Mar | Apr | May | Jun | Jul | Aug | Sep | Oct | Nov | Dec 
2013: Jan | Feb | Mar | Apr | May | Jun | Jul | Aug | Sep | Oct | Nov | Dec 
2012: Jan | Feb | Mar | Apr | May | Jun | Jul | Aug | Sep | Oct | Nov | Dec 
2011: Jan | Feb | Mar | Apr | May | Jun | Jul | Aug | Sep | Oct | Nov | Dec 
2010: Jan | Feb | Mar | Apr | May | Jun | Jul | Aug | Sep | Oct | Nov | Dec 
2009: Jan | Feb | Mar | Apr | May | Jun | Jul | Aug | Sep | Oct | Nov | Dec 
2008: Jan | Feb | Mar | Apr | May | Jun | Jul | Aug | Sep | Oct | Nov | Dec 
2007: Jan | Feb | Mar | Apr | May | Jun | Jul | Aug | Sep | Oct | Nov | Dec 
2006: Jan | Feb | Mar | Apr | May | Jun | Jul | Aug | Sep | Oct | Nov | Dec 

Report for 2019 09
MONTHLY CLIMATOLOGICAL SUMMARY for SEP. 2019 NAME: Station #1 CITY: Rauma STATE: Finland ELEV: 16 m LAT: 61 08' 38" N LONG: 21 31' 26" E TEMPERATURE (C), RAIN (mm), WIND SPEED (m/s) HEAT COOL AVG MEAN DEG DEG WIND DOM DAY TEMP HIGH TIME LOW TIME DAYS DAYS RAIN SPEED HIGH TIME DIR ------------------------------------------------------------------------------------ 1 19.9 25.4 15:00 15.0 1:30 0.9 2.5 0.0 1.7 10.3 16:30 SSE 2 16.1 19.3 0:30 11.2 00:00 2.3 0.1 12.0 0.4 7.2 4:00 SSE 3 14.9 19.5 16:30 10.8 7:30 3.4 0.0 0.0 0.7 6.7 18:30 SW 4 13.1 16.7 17:30 6.3 00:00 5.2 0.0 6.0 0.2 7.2 10:00 SE 5 14.0 19.4 16:30 6.3 0:30 4.4 0.1 26.8 1.2 10.3 18:00 SE 6 12.9 15.9 16:30 9.0 22:30 5.3 0.0 1.4 0.2 6.7 16:00 S 7 12.5 15.7 17:00 9.4 5:00 5.8 0.0 8.0 0.6 8.0 23:30 SSE 8 14.9 19.8 13:30 11.0 7:00 3.6 0.2 9.0 0.1 6.7 5:00 SE 9 15.2 18.1 16:30 12.5 3:00 3.1 0.0 1.0 0.2 5.8 11:00 SE 10 17.9 24.9 16:00 13.0 2:30 2.0 1.6 0.0 0.4 7.2 12:00 SE 11 15.4 17.7 0:30 13.0 7:00 2.9 0.0 5.0 0.8 8.9 22:00 SE 12 14.9 16.6 17:30 13.4 4:00 3.4 0.0 6.0 1.4 9.4 5:30 SSW 13 13.8 16.1 0:30 12.5 00:00 4.5 0.0 0.2 0.4 8.0 1:00 NNW 14 11.6 14.0 16:30 6.9 00:00 6.7 0.0 0.0 0.2 6.3 14:00 WNW 15 11.4 14.1 16:30 6.1 1:00 6.9 0.0 17.0 0.7 11.2 8:30 SSE 16 10.4 12.1 12:30 5.9 00:00 7.8 0.0 0.2 0.0 4.9 9:30 NNW 17 7.2 12.6 17:00 1.3 4:30 11.1 0.0 2.0 0.0 2.2 15:00 SSW 18 8.1 12.7 15:30 4.2 8:30 10.2 0.0 0.0 0.0 4.0 11:00 NW 19 5.8 9.6 16:30 1.9 6:30 12.5 0.0 4.8 0.0 4.5 14:00 NNW 20 6.3 11.2 15:00 0.6 6:30 11.9 0.0 8.4 0.0 4.0 4:00 SSE 21 9.5 11.7 11:30 6.6 23:30 8.8 0.0 4.4 0.0 4.9 14:00 NNW 22 6.9 11.2 16:00 2.9 00:00 11.3 0.0 0.0 0.0 4.9 11:30 NE 23 4.3 11.8 14:30 -2.6 8:00 14.0 0.0 0.0 0.0 4.5 13:30 SW 24 7.3 11.1 17:00 2.2 0:30 11.0 0.0 3.8 0.0 4.9 18:00 SSE 25 6.6 8.1 0:30 3.4 00:00 11.7 0.0 0.8 0.0 4.0 10:00 NE 26 5.9 12.1 12:30 -1.3 7:30 12.4 0.0 0.2 0.0 1.8 12:00 SW 27 7.6 15.0 15:30 1.4 8:00 10.7 0.0 0.0 0.0 3.1 16:00 SE 28 9.2 15.3 15:30 3.4 8:00 9.1 0.0 0.0 0.2 5.8 13:30 SE 29 10.0 13.4 17:30 8.4 5:00 8.3 0.0 6.8 0.0 3.1 15:00 NE 30 10.9 13.5 16:30 8.2 8:00 7.3 0.0 21.0 0.0 3.1 3:00 S ------------------------------------------------------------------------------------- 11.2 25.4 1 -2.6 23 218.9 4.6 144.8 0.3 11.2 15 SSE Max >= 32.0: 0 Max <= 0.0: 0 Min <= 0.0: 2 Min <= -18.0: 0 Max Rain: 26.80 ON 05.09.19 Days of Rain: 21 (> .2 mm) 15 (> 2 mm) 2 (> 20 mm) Heat Base: 18.3 Cool Base: 18.3 Method: Integration