NOAA-style Climate Reports

2019: Jan | Feb | Mar | Apr | May | Jun | Jul | Aug | Sep | Oct | Nov | Dec 
2018: Jan | Feb | Mar | Apr | May | Jun | Jul | Aug | Sep | Oct | Nov | Dec 
2017: Jan | Feb | Mar | Apr | May | Jun | Jul | Aug | Sep | Oct | Nov | Dec 
2016: Jan | Feb | Mar | Apr | May | Jun | Jul | Aug | Sep | Oct | Nov | Dec 
2015: Jan | Feb | Mar | Apr | May | Jun | Jul | Aug | Sep | Oct | Nov | Dec 
2014: Jan | Feb | Mar | Apr | May | Jun | Jul | Aug | Sep | Oct | Nov | Dec 
2013: Jan | Feb | Mar | Apr | May | Jun | Jul | Aug | Sep | Oct | Nov | Dec 
2012: Jan | Feb | Mar | Apr | May | Jun | Jul | Aug | Sep | Oct | Nov | Dec 
2011: Jan | Feb | Mar | Apr | May | Jun | Jul | Aug | Sep | Oct | Nov | Dec 
2010: Jan | Feb | Mar | Apr | May | Jun | Jul | Aug | Sep | Oct | Nov | Dec 
2009: Jan | Feb | Mar | Apr | May | Jun | Jul | Aug | Sep | Oct | Nov | Dec 
2008: Jan | Feb | Mar | Apr | May | Jun | Jul | Aug | Sep | Oct | Nov | Dec 
2007: Jan | Feb | Mar | Apr | May | Jun | Jul | Aug | Sep | Oct | Nov | Dec 
2006: Jan | Feb | Mar | Apr | May | Jun | Jul | Aug | Sep | Oct | Nov | Dec 

Report for 2019 08
MONTHLY CLIMATOLOGICAL SUMMARY for AUG. 2019 NAME: Station #1 CITY: Rauma STATE: Finland ELEV: 16 m LAT: 61 08' 38" N LONG: 21 31' 26" E TEMPERATURE (C), RAIN (mm), WIND SPEED (m/s) HEAT COOL AVG MEAN DEG DEG WIND DOM DAY TEMP HIGH TIME LOW TIME DAYS DAYS RAIN SPEED HIGH TIME DIR ------------------------------------------------------------------------------------ 1 12.1 18.6 14:00 6.2 6:30 6.3 0.0 0.0 0.0 3.1 11:00 NE 2 13.2 18.7 15:30 7.4 2:30 5.1 0.0 0.0 0.0 4.0 18:00 NNE 3 11.4 16.2 14:30 5.4 5:30 6.9 0.0 0.0 0.0 2.2 8:30 N 4 10.5 15.0 12:30 5.0 4:00 7.8 0.0 0.0 0.0 2.2 11:00 NNW 5 13.4 20.1 18:00 4.4 6:00 5.0 0.2 0.0 0.0 4.0 11:30 SW 6 16.6 23.6 17:30 11.4 6:00 2.7 1.0 11.6 0.0 4.0 15:00 SE 7 16.7 21.7 18:30 12.4 3:30 2.3 0.6 3.0 0.2 6.7 14:30 SE 8 16.6 20.8 13:00 13.6 3:00 2.0 0.3 3.4 0.2 6.3 14:30 SE 9 16.9 22.6 13:00 12.4 6:00 2.4 1.0 0.0 0.0 2.7 15:00 WNW 10 16.9 24.1 12:30 8.3 6:30 3.0 1.6 0.0 0.2 6.7 20:00 SSE 11 17.8 21.0 18:00 16.1 8:00 0.8 0.3 5.2 0.6 6.7 10:00 SE 12 18.5 21.9 16:30 16.1 7:00 0.7 0.9 0.0 1.8 11.6 15:00 SSW 13 18.0 21.7 15:30 15.1 6:00 0.8 0.6 0.0 0.8 9.4 15:00 S 14 15.1 17.3 15:30 12.6 00:00 3.2 0.0 1.0 0.7 8.5 15:00 S 15 14.6 18.3 18:00 10.6 00:00 3.7 0.0 0.8 0.4 7.6 13:30 SW 16 15.1 20.4 14:00 7.9 6:30 3.5 0.4 0.0 0.7 7.6 18:30 S 17 17.9 21.9 17:30 15.9 00:00 1.0 0.6 1.0 1.5 9.8 17:30 SSE 18 16.7 18.8 18:00 15.4 1:30 1.6 0.0 1.6 1.2 10.7 13:00 SSE 19 16.9 19.7 18:30 14.9 9:30 1.5 0.1 22.4 1.2 26.8 7:00 SW 20 16.9 21.2 16:00 12.4 4:00 1.9 0.5 0.0 1.2 10.3 14:30 S 21 16.3 19.7 15:00 12.2 7:00 2.2 0.2 0.0 0.4 7.6 12:00 S 22 15.6 20.7 17:30 10.8 6:30 2.9 0.2 0.8 0.2 5.8 18:30 SW 23 15.5 18.4 12:30 13.4 5:30 2.4 0.0 1.4 1.2 10.3 10:00 SW 24 15.6 19.5 18:30 10.3 00:00 2.8 0.1 0.0 0.0 4.0 1:00 WSW 25 14.8 22.2 15:00 6.8 5:00 4.1 0.7 0.0 1.2 9.4 14:30 S 26 17.9 21.7 16:30 13.6 00:00 1.2 0.8 0.0 0.4 6.3 3:00 SW 27 19.4 27.2 16:00 11.1 6:30 2.2 3.3 0.0 0.2 6.3 14:00 SSW 28 20.9 28.1 16:00 14.1 3:30 0.9 3.6 0.0 0.8 10.3 14:30 SSE 29 21.2 27.3 15:30 16.2 4:00 0.5 3.4 0.0 1.1 9.4 13:30 SSE 30 18.3 20.0 17:00 15.9 00:00 0.3 0.3 0.2 0.6 6.7 14:30 SW 31 18.3 22.3 16:30 13.7 6:30 1.1 1.1 0.0 1.3 11.2 12:30 S ------------------------------------------------------------------------------------- 16.3 28.1 28 4.4 5 82.8 21.8 52.4 0.6 26.8 19 S Max >= 32.0: 0 Max <= 0.0: 0 Min <= 0.0: 0 Min <= -18.0: 0 Max Rain: 22.40 ON 19.08.19 Days of Rain: 12 (> .2 mm) 5 (> 2 mm) 1 (> 20 mm) Heat Base: 18.3 Cool Base: 18.3 Method: Integration