NOAA-style Climate Reports

2019: Jan | Feb | Mar | Apr | May | Jun | Jul | Aug | Sep | Oct | Nov | Dec 
2018: Jan | Feb | Mar | Apr | May | Jun | Jul | Aug | Sep | Oct | Nov | Dec 
2017: Jan | Feb | Mar | Apr | May | Jun | Jul | Aug | Sep | Oct | Nov | Dec 
2016: Jan | Feb | Mar | Apr | May | Jun | Jul | Aug | Sep | Oct | Nov | Dec 
2015: Jan | Feb | Mar | Apr | May | Jun | Jul | Aug | Sep | Oct | Nov | Dec 
2014: Jan | Feb | Mar | Apr | May | Jun | Jul | Aug | Sep | Oct | Nov | Dec 
2013: Jan | Feb | Mar | Apr | May | Jun | Jul | Aug | Sep | Oct | Nov | Dec 
2012: Jan | Feb | Mar | Apr | May | Jun | Jul | Aug | Sep | Oct | Nov | Dec 
2011: Jan | Feb | Mar | Apr | May | Jun | Jul | Aug | Sep | Oct | Nov | Dec 
2010: Jan | Feb | Mar | Apr | May | Jun | Jul | Aug | Sep | Oct | Nov | Dec 
2009: Jan | Feb | Mar | Apr | May | Jun | Jul | Aug | Sep | Oct | Nov | Dec 
2008: Jan | Feb | Mar | Apr | May | Jun | Jul | Aug | Sep | Oct | Nov | Dec 
2007: Jan | Feb | Mar | Apr | May | Jun | Jul | Aug | Sep | Oct | Nov | Dec 
2006: Jan | Feb | Mar | Apr | May | Jun | Jul | Aug | Sep | Oct | Nov | Dec 

Report for 2019 07
MONTHLY CLIMATOLOGICAL SUMMARY for JUL. 2019 NAME: Station #1 CITY: Rauma STATE: Finland ELEV: 16 m LAT: 61 08' 38" N LONG: 21 31' 26" E TEMPERATURE (C), RAIN (mm), WIND SPEED (m/s) HEAT COOL AVG MEAN DEG DEG WIND DOM DAY TEMP HIGH TIME LOW TIME DAYS DAYS RAIN SPEED HIGH TIME DIR ------------------------------------------------------------------------------------ 1 17.1 21.8 19:00 14.1 8:00 1.5 0.4 0.0 0.3 10.3 20:30 SW 2 13.9 15.7 16:00 11.9 00:00 4.4 0.0 0.4 0.4 8.5 18:00 NW 3 13.1 15.1 17:30 10.7 00:00 5.2 0.0 0.0 0.2 5.8 8:30 NNW 4 12.9 19.1 14:00 9.3 00:00 5.4 0.0 1.4 0.2 7.6 17:00 SW 5 10.8 14.1 14:30 8.4 3:30 7.5 0.0 12.2 0.2 20.6 10:00 NE 6 13.9 18.8 17:00 10.3 00:00 7.7 0.0 0.0 0.0 4.5 16:00 WNW 7 13.4 19.2 16:30 7.1 5:00 4.9 0.0 6.0 0.0 6.3 18:30 ENE 8 14.5 18.8 13:00 11.8 5:30 3.8 0.0 10.4 0.0 7.2 21:30 NE 9 12.8 17.0 19:00 10.3 5:00 5.5 0.0 0.0 0.0 4.9 14:00 NE 10 15.1 20.6 17:00 9.1 4:00 3.5 0.3 0.0 0.1 4.9 18:30 NNW 11 14.4 19.5 15:00 10.2 00:00 3.9 0.0 0.0 0.1 5.8 10:30 SE 12 12.7 18.4 17:00 5.9 4:30 5.6 0.0 0.0 0.1 4.0 18:30 NNW 13 13.8 19.3 16:00 5.7 6:00 4.6 0.1 0.0 0.1 5.8 16:00 WNW 14 13.4 19.3 15:00 8.2 6:30 4.8 0.0 0.0 0.1 4.0 13:30 SW 15 12.2 19.7 13:00 9.0 1:30 6.1 0.0 9.2 0.0 2.7 12:30 NE 16 14.4 18.7 18:00 11.1 3:30 3.9 0.0 1.0 0.1 4.9 18:00 SE 17 16.4 23.6 13:30 9.0 5:30 3.0 1.2 0.0 0.0 7.2 12:00 ENE 18 16.4 21.7 15:00 8.9 5:30 2.5 0.8 0.0 0.0 4.5 17:30 N 19 15.9 21.7 16:30 8.0 5:30 3.3 0.9 0.0 0.0 4.0 18:30 N 20 18.0 25.1 17:00 8.9 5:30 2.7 2.4 0.0 0.0 2.2 9:00 W 21 19.5 28.2 14:00 9.2 5:30 2.4 3.6 0.0 0.0 2.2 9:30 ESE 22 19.7 26.3 12:30 14.1 5:00 1.0 2.4 0.0 0.0 4.5 9:00 NE 23 19.2 24.1 11:30 14.1 5:00 1.1 2.0 0.0 0.0 2.7 16:30 SW 24 18.8 25.1 16:30 10.8 5:30 2.0 2.5 0.0 0.0 1.3 15:00 W 25 21.4 28.4 16:00 13.6 6:00 1.1 4.2 0.0 0.0 1.3 11:30 N 26 22.9 30.1 16:00 14.3 5:30 0.7 5.3 0.0 0.0 3.1 10:00 SE 27 23.4 29.7 12:30 15.3 5:30 0.4 5.6 0.0 0.0 2.7 17:30 N 28 25.4 32.7 14:00 16.4 6:00 0.2 7.3 0.0 0.0 2.2 8:30 NE 29 19.6 23.9 14:00 14.6 00:00 0.5 1.7 0.0 0.0 1.8 16:00 NE 30 13.2 17.3 16:00 9.3 7:00 5.1 0.0 0.0 0.0 5.8 10:00 NE 31 12.7 16.4 15:30 9.4 00:00 5.6 0.0 0.0 0.0 4.0 15:00 NW ------------------------------------------------------------------------------------- 16.2 32.7 28 5.7 13 110.2 40.8 40.6 0.1 20.6 5 NE Max >= 32.0: 1 Max <= 0.0: 0 Min <= 0.0: 0 Min <= -18.0: 0 Max Rain: 12.19 ON 05.07.19 Days of Rain: 7 (> .2 mm) 4 (> 2 mm) 0 (> 20 mm) Heat Base: 18.3 Cool Base: 18.3 Method: Integration