NOAA-style Climate Reports

2019: Jan | Feb | Mar | Apr | May | Jun | Jul | Aug | Sep | Oct | Nov | Dec 
2018: Jan | Feb | Mar | Apr | May | Jun | Jul | Aug | Sep | Oct | Nov | Dec 
2017: Jan | Feb | Mar | Apr | May | Jun | Jul | Aug | Sep | Oct | Nov | Dec 
2016: Jan | Feb | Mar | Apr | May | Jun | Jul | Aug | Sep | Oct | Nov | Dec 
2015: Jan | Feb | Mar | Apr | May | Jun | Jul | Aug | Sep | Oct | Nov | Dec 
2014: Jan | Feb | Mar | Apr | May | Jun | Jul | Aug | Sep | Oct | Nov | Dec 
2013: Jan | Feb | Mar | Apr | May | Jun | Jul | Aug | Sep | Oct | Nov | Dec 
2012: Jan | Feb | Mar | Apr | May | Jun | Jul | Aug | Sep | Oct | Nov | Dec 
2011: Jan | Feb | Mar | Apr | May | Jun | Jul | Aug | Sep | Oct | Nov | Dec 
2010: Jan | Feb | Mar | Apr | May | Jun | Jul | Aug | Sep | Oct | Nov | Dec 
2009: Jan | Feb | Mar | Apr | May | Jun | Jul | Aug | Sep | Oct | Nov | Dec 
2008: Jan | Feb | Mar | Apr | May | Jun | Jul | Aug | Sep | Oct | Nov | Dec 
2007: Jan | Feb | Mar | Apr | May | Jun | Jul | Aug | Sep | Oct | Nov | Dec 
2006: Jan | Feb | Mar | Apr | May | Jun | Jul | Aug | Sep | Oct | Nov | Dec 

Report for 2019 06
MONTHLY CLIMATOLOGICAL SUMMARY for JUN. 2019 NAME: Station #1 CITY: Rauma STATE: Finland ELEV: 16 m LAT: 61 08' 38" N LONG: 21 31' 26" E TEMPERATURE (C), RAIN (mm), WIND SPEED (m/s) HEAT COOL AVG MEAN DEG DEG WIND DOM DAY TEMP HIGH TIME LOW TIME DAYS DAYS RAIN SPEED HIGH TIME DIR ------------------------------------------------------------------------------------ 1 10.9 16.6 12:00 7.4 5:00 7.3 0.0 6.8 0.9 18.3 16:30 SSW 2 10.3 14.5 19:00 7.1 00:00 8.0 0.0 1.8 0.1 6.7 1:30 SW 3 12.6 18.8 15:30 4.1 3:00 5.7 0.0 1.0 1.9 17.4 14:30 SSE 4 16.4 20.9 17:00 12.9 4:30 2.3 0.4 0.2 1.3 10.3 13:00 SSW 5 19.4 26.6 16:30 10.8 2:00 2.1 3.3 0.0 0.4 5.8 12:30 SSE 6 23.5 30.9 15:00 15.4 5:30 0.5 5.7 0.0 0.3 6.7 14:30 SSE 7 24.4 30.3 13:00 17.9 5:30 0.0 6.1 0.0 1.0 10.3 14:30 SSE 8 23.3 28.3 18:00 18.2 5:30 0.0 5.0 0.0 0.7 7.2 11:00 SSE 9 17.9 21.3 0:30 15.1 7:00 1.0 0.6 0.4 1.9 12.5 15:30 SSW 10 15.7 19.6 19:00 12.5 7:30 2.7 0.1 0.0 2.1 11.6 13:00 SW 11 15.9 20.1 11:30 8.9 5:30 2.7 0.3 0.0 0.2 6.7 21:30 S 12 13.5 19.2 17:30 8.1 6:30 4.9 0.0 0.0 0.4 7.2 10:00 NE 13 16.7 23.4 15:00 12.2 6:30 2.4 0.8 0.4 1.1 11.6 10:30 SE 14 13.9 17.7 12:30 9.8 00:00 4.4 0.0 0.4 0.1 4.0 1:30 NE 15 14.1 20.3 15:30 9.8 0:30 4.3 0.2 0.0 0.0 3.1 2:30 WNW 16 15.2 20.6 16:30 10.6 5:00 3.3 0.2 0.0 0.1 4.0 12:30 SW 17 17.0 22.4 19:30 9.9 4:30 2.2 0.9 0.0 0.4 10.3 15:00 SW 18 17.9 23.1 19:00 13.8 5:00 1.4 1.1 0.0 0.7 8.0 14:00 SW 19 20.1 24.9 16:00 16.1 8:30 0.3 2.1 1.2 0.5 9.8 1:00 SW 20 21.6 27.6 17:00 13.3 5:00 1.0 4.4 0.0 1.2 9.8 18:00 SSE 21 19.6 22.0 18:30 17.4 5:30 0.1 1.4 0.0 0.7 6.7 5:30 SW 22 15.6 18.1 18:30 12.7 00:00 2.7 0.0 0.0 1.2 14.8 9:00 SW 23 16.3 21.9 16:00 10.2 6:00 2.7 0.7 0.0 0.1 7.6 19:00 WSW 24 13.7 17.8 18:00 7.7 5:00 4.6 0.0 0.0 0.1 4.9 13:00 W 25 13.8 20.8 14:00 5.4 4:30 4.6 0.1 0.6 0.3 6.7 9:30 SW 26 13.8 16.3 14:00 11.8 5:30 4.4 0.0 5.0 0.2 4.9 8:00 S 27 14.2 17.2 17:00 11.6 00:00 4.1 0.0 0.0 0.4 7.6 16:30 NNW 28 13.8 16.7 12:30 10.8 2:30 4.5 0.0 0.0 0.1 5.8 16:30 NW 29 15.7 19.9 18:30 11.3 1:30 2.7 0.1 0.0 0.1 6.7 9:00 SW 30 17.4 24.0 19:00 13.5 3:30 2.0 1.2 0.0 0.4 10.3 22:00 SSE ------------------------------------------------------------------------------------- 16.5 30.9 6 4.1 3 89.3 34.6 17.8 0.6 18.3 1 SW Max >= 32.0: 0 Max <= 0.0: 0 Min <= 0.0: 0 Min <= -18.0: 0 Max Rain: 6.81 ON 01.06.19 Days of Rain: 10 (> .2 mm) 2 (> 2 mm) 0 (> 20 mm) Heat Base: 18.3 Cool Base: 18.3 Method: Integration