NOAA-style Climate Reports

2019: Jan | Feb | Mar | Apr | May | Jun | Jul | Aug | Sep | Oct | Nov | Dec 
2018: Jan | Feb | Mar | Apr | May | Jun | Jul | Aug | Sep | Oct | Nov | Dec 
2017: Jan | Feb | Mar | Apr | May | Jun | Jul | Aug | Sep | Oct | Nov | Dec 
2016: Jan | Feb | Mar | Apr | May | Jun | Jul | Aug | Sep | Oct | Nov | Dec 
2015: Jan | Feb | Mar | Apr | May | Jun | Jul | Aug | Sep | Oct | Nov | Dec 
2014: Jan | Feb | Mar | Apr | May | Jun | Jul | Aug | Sep | Oct | Nov | Dec 
2013: Jan | Feb | Mar | Apr | May | Jun | Jul | Aug | Sep | Oct | Nov | Dec 
2012: Jan | Feb | Mar | Apr | May | Jun | Jul | Aug | Sep | Oct | Nov | Dec 
2011: Jan | Feb | Mar | Apr | May | Jun | Jul | Aug | Sep | Oct | Nov | Dec 
2010: Jan | Feb | Mar | Apr | May | Jun | Jul | Aug | Sep | Oct | Nov | Dec 
2009: Jan | Feb | Mar | Apr | May | Jun | Jul | Aug | Sep | Oct | Nov | Dec 
2008: Jan | Feb | Mar | Apr | May | Jun | Jul | Aug | Sep | Oct | Nov | Dec 
2007: Jan | Feb | Mar | Apr | May | Jun | Jul | Aug | Sep | Oct | Nov | Dec 
2006: Jan | Feb | Mar | Apr | May | Jun | Jul | Aug | Sep | Oct | Nov | Dec 

Report for 2019 05
MONTHLY CLIMATOLOGICAL SUMMARY for MAY. 2019 NAME: Station #1 CITY: Rauma STATE: Finland ELEV: 16 m LAT: 61 08' 38" N LONG: 21 31' 26" E TEMPERATURE (C), RAIN (mm), WIND SPEED (m/s) HEAT COOL AVG MEAN DEG DEG WIND DOM DAY TEMP HIGH TIME LOW TIME DAYS DAYS RAIN SPEED HIGH TIME DIR ------------------------------------------------------------------------------------ 1 4.8 10.7 11:30 -0.1 1:30 13.5 0.0 0.2 0.2 6.7 10:00 S 2 3.3 6.1 14:30 1.2 7:00 15.0 0.0 0.0 0.1 6.3 14:00 NNW 3 0.8 2.8 13:30 -1.1 23:00 17.5 0.0 0.0 0.9 6.7 15:00 NW 4 1.6 5.1 17:30 -1.3 00:00 16.7 0.0 0.0 0.1 5.8 2:00 WSW 5 3.3 8.1 19:00 -3.2 3:30 15.0 0.0 0.0 0.4 7.2 13:00 SW 6 6.5 11.3 13:30 1.6 7:00 11.8 0.0 0.0 0.9 10.7 18:00 SE 7 6.7 11.3 15:00 2.8 3:30 11.6 0.0 0.0 1.6 10.3 16:00 SSW 8 7.0 11.4 16:30 3.9 6:00 11.3 0.0 0.0 1.8 9.4 8:00 SW 9 10.4 16.3 17:00 4.0 0:30 7.9 0.0 0.0 1.0 10.7 13:00 SE 10 11.4 18.3 14:00 6.4 5:00 6.9 0.0 0.0 0.3 6.3 13:00 SE 11 10.3 13.7 15:00 7.0 1:30 8.0 0.0 0.0 0.1 4.5 5:30 SE 12 5.8 8.6 0:30 4.0 00:00 12.5 0.0 0.0 0.4 7.2 18:30 SW 13 5.1 8.4 18:30 0.4 4:00 13.3 0.0 0.0 0.1 4.9 17:30 NW 14 5.4 10.8 15:00 -2.2 5:30 12.9 0.0 0.0 0.2 4.9 14:00 NW 15 7.4 15.1 16:30 -2.4 5:30 10.3 0.0 0.0 0.1 4.0 12:30 SW 16 8.5 15.4 13:00 -1.2 5:30 9.8 0.0 0.0 0.1 3.1 13:30 WNW 17 12.5 21.7 15:00 0.8 5:30 6.1 0.3 0.0 0.3 4.9 13:00 NE 18 16.1 25.4 14:30 5.4 5:30 4.0 1.8 0.0 0.2 6.3 11:30 SE 19 17.1 27.1 16:00 8.3 4:00 3.3 2.1 0.0 0.3 8.5 14:00 ESE 20 19.7 27.7 13:00 14.0 5:30 1.3 2.7 0.0 0.2 5.8 20:00 NE 21 20.7 28.3 14:00 13.8 6:00 1.1 3.5 0.0 0.1 4.0 9:30 SE 22 16.1 23.2 12:30 10.9 6:00 3.0 0.7 0.0 0.1 4.9 15:30 WNW 23 13.9 17.1 13:00 10.1 00:00 4.4 0.0 0.4 0.3 5.8 17:00 SE 24 11.5 16.2 17:30 8.6 7:00 6.8 0.0 2.4 0.4 5.4 1:30 SE 25 9.2 10.7 13:30 6.4 00:00 9.1 0.0 2.6 0.1 5.4 0:30 SE 26 7.7 10.7 17:30 4.4 3:30 10.6 0.0 21.4 0.1 5.8 12:30 SE 27 10.5 15.4 16:00 7.0 6:00 7.8 0.0 0.0 0.0 5.8 10:30 W 28 12.6 17.3 17:00 8.3 5:30 5.8 0.0 0.2 1.1 13.4 20:00 SSE 29 10.6 14.0 10:00 6.6 00:00 7.7 0.0 0.0 0.7 12.5 13:00 SW 30 10.9 15.4 15:30 5.6 2:00 7.4 0.0 3.2 2.2 18.8 13:00 S 31 10.1 14.5 17:30 5.9 7:00 8.0 0.0 6.4 1.3 18.8 4:00 SW ------------------------------------------------------------------------------------- 9.6 28.3 21 -3.2 5 280.4 11.2 36.8 0.5 18.8 30 SE Max >= 32.0: 0 Max <= 0.0: 0 Min <= 0.0: 7 Min <= -18.0: 0 Max Rain: 21.41 ON 26.05.19 Days of Rain: 8 (> .2 mm) 5 (> 2 mm) 1 (> 20 mm) Heat Base: 18.3 Cool Base: 18.3 Method: Integration