NOAA-style Climate Reports

2019: Jan | Feb | Mar | Apr | May | Jun | Jul | Aug | Sep | Oct | Nov | Dec 
2018: Jan | Feb | Mar | Apr | May | Jun | Jul | Aug | Sep | Oct | Nov | Dec 
2017: Jan | Feb | Mar | Apr | May | Jun | Jul | Aug | Sep | Oct | Nov | Dec 
2016: Jan | Feb | Mar | Apr | May | Jun | Jul | Aug | Sep | Oct | Nov | Dec 
2015: Jan | Feb | Mar | Apr | May | Jun | Jul | Aug | Sep | Oct | Nov | Dec 
2014: Jan | Feb | Mar | Apr | May | Jun | Jul | Aug | Sep | Oct | Nov | Dec 
2013: Jan | Feb | Mar | Apr | May | Jun | Jul | Aug | Sep | Oct | Nov | Dec 
2012: Jan | Feb | Mar | Apr | May | Jun | Jul | Aug | Sep | Oct | Nov | Dec 
2011: Jan | Feb | Mar | Apr | May | Jun | Jul | Aug | Sep | Oct | Nov | Dec 
2010: Jan | Feb | Mar | Apr | May | Jun | Jul | Aug | Sep | Oct | Nov | Dec 
2009: Jan | Feb | Mar | Apr | May | Jun | Jul | Aug | Sep | Oct | Nov | Dec 
2008: Jan | Feb | Mar | Apr | May | Jun | Jul | Aug | Sep | Oct | Nov | Dec 
2007: Jan | Feb | Mar | Apr | May | Jun | Jul | Aug | Sep | Oct | Nov | Dec 
2006: Jan | Feb | Mar | Apr | May | Jun | Jul | Aug | Sep | Oct | Nov | Dec 

Report for 2019 02
MONTHLY CLIMATOLOGICAL SUMMARY for FEB. 2019 NAME: Station #1 CITY: Rauma STATE: Finland ELEV: 16 m LAT: 61 08' 38" N LONG: 21 31' 26" E TEMPERATURE (C), RAIN (mm), WIND SPEED (m/s) HEAT COOL AVG MEAN DEG DEG WIND DOM DAY TEMP HIGH TIME LOW TIME DAYS DAYS RAIN SPEED HIGH TIME DIR ------------------------------------------------------------------------------------ 1 -6.2 -4.3 15:00 -9.1 0:30 24.5 0.0 0.0 0.2 7.6 19:00 ESE 2 -5.9 -4.3 17:30 -7.9 7:00 24.2 0.0 0.0 0.3 6.3 4:30 ESE 3 -4.8 -1.9 21:00 -6.7 9:00 23.1 0.0 0.0 0.3 6.7 10:30 ENE 4 -5.5 -3.7 0:30 -6.8 12:00 23.8 0.0 0.0 0.3 7.2 23:30 WSW 5 -2.7 0.3 13:30 -8.6 00:00 21.0 0.0 0.0 0.1 4.5 1:30 SE 6 -8.8 -2.9 16:00 -15.8 9:30 27.1 0.0 0.0 0.0 3.1 23:30 SSE 7 -0.9 0.4 8:00 -4.7 0:30 19.2 0.0 0.0 0.9 7.2 10:30 SW 8 1.1 2.5 14:30 0.1 0:30 17.2 0.0 22.6 1.7 11.2 23:30 SSE 9 1.9 2.9 10:30 0.7 0:30 16.4 0.0 14.2 1.9 9.4 12:30 S 10 2.7 3.8 18:00 1.3 0:30 15.7 0.0 3.6 2.0 14.8 16:30 SSW 11 0.8 2.5 0:30 -1.1 00:00 17.5 0.0 0.2 0.2 8.9 2:30 NW 12 -1.1 1.1 13:00 -4.7 00:00 19.4 0.0 0.0 0.4 5.4 11:00 NW 13 0.2 4.2 21:00 -4.3 0:30 18.2 0.0 2.6 0.3 7.2 23:00 S 14 2.4 5.8 13:00 -0.9 8:00 15.9 0.0 0.0 0.9 10.3 13:30 SW 15 3.3 7.9 2:00 1.9 20:30 15.0 0.0 0.0 0.4 6.7 1:30 SW 16 3.2 4.5 19:30 1.2 18:30 15.1 0.0 0.0 1.2 9.8 7:30 SW 17 0.4 2.8 12:30 -4.5 22:00 17.8 0.0 0.0 0.6 7.2 1:00 NW 18 1.3 4.0 13:30 -4.9 1:30 17.0 0.0 0.0 1.9 17.0 15:30 SSW 19 3.4 4.3 7:30 1.8 00:00 14.9 0.0 2.6 1.6 11.6 16:30 SW 20 -2.3 2.4 5:00 -5.3 00:00 20.6 0.0 0.2 1.4 9.4 7:00 NW 21 -8.2 -3.7 14:00 -12.9 00:00 26.5 0.0 0.0 0.0 4.0 0:30 N 22 -8.3 -0.4 00:00 -17.5 8:30 26.6 0.0 0.0 0.8 10.7 22:00 SSW 23 1.5 5.2 14:30 -0.8 0:30 16.8 0.0 0.8 0.4 30.0 20:00 SW 24 2.9 5.4 16:30 0.8 0:30 15.4 0.0 0.0 0.6 11.6 2:00 SW 25 3.6 5.0 11:00 1.7 23:00 14.7 0.0 1.2 1.1 27.3 10:00 NW 26 2.2 4.8 14:00 -2.3 21:30 16.1 0.0 0.0 0.3 8.0 2:00 NW 27 3.3 5.2 14:30 0.3 0:30 15.0 0.0 0.0 0.4 19.7 12:30 SW 28 0.2 3.6 4:00 -5.7 00:00 18.1 0.0 0.0 0.9 8.5 6:00 NW ------------------------------------------------------------------------------------- -0.7 7.9 15 -17.5 22 532.8 0.0 48.0 0.8 30.0 23 NW Max >= 32.0: 0 Max <= 0.0: 7 Min <= 0.0: 19 Min <= -18.0: 0 Max Rain: 22.61 ON 08.02.19 Days of Rain: 9 (> .2 mm) 5 (> 2 mm) 1 (> 20 mm) Heat Base: 18.3 Cool Base: 18.3 Method: Integration