NOAA-style Climate Reports

2019: Jan | Feb | Mar | Apr | May | Jun | Jul | Aug | Sep | Oct | Nov | Dec 
2018: Jan | Feb | Mar | Apr | May | Jun | Jul | Aug | Sep | Oct | Nov | Dec 
2017: Jan | Feb | Mar | Apr | May | Jun | Jul | Aug | Sep | Oct | Nov | Dec 
2016: Jan | Feb | Mar | Apr | May | Jun | Jul | Aug | Sep | Oct | Nov | Dec 
2015: Jan | Feb | Mar | Apr | May | Jun | Jul | Aug | Sep | Oct | Nov | Dec 
2014: Jan | Feb | Mar | Apr | May | Jun | Jul | Aug | Sep | Oct | Nov | Dec 
2013: Jan | Feb | Mar | Apr | May | Jun | Jul | Aug | Sep | Oct | Nov | Dec 
2012: Jan | Feb | Mar | Apr | May | Jun | Jul | Aug | Sep | Oct | Nov | Dec 
2011: Jan | Feb | Mar | Apr | May | Jun | Jul | Aug | Sep | Oct | Nov | Dec 
2010: Jan | Feb | Mar | Apr | May | Jun | Jul | Aug | Sep | Oct | Nov | Dec 
2009: Jan | Feb | Mar | Apr | May | Jun | Jul | Aug | Sep | Oct | Nov | Dec 
2008: Jan | Feb | Mar | Apr | May | Jun | Jul | Aug | Sep | Oct | Nov | Dec 
2007: Jan | Feb | Mar | Apr | May | Jun | Jul | Aug | Sep | Oct | Nov | Dec 
2006: Jan | Feb | Mar | Apr | May | Jun | Jul | Aug | Sep | Oct | Nov | Dec 

Report for 2018 08
MONTHLY CLIMATOLOGICAL SUMMARY for AUG. 2018 NAME: Station #1 CITY: Rauma STATE: Finland ELEV: 16 m LAT: 61 08' 38" N LONG: 21 31' 26" E TEMPERATURE (C), RAIN (mm), WIND SPEED (m/s) HEAT COOL AVG MEAN DEG DEG WIND DOM DAY TEMP HIGH TIME LOW TIME DAYS DAYS RAIN SPEED HIGH TIME DIR ------------------------------------------------------------------------------------ 1 24.9 31.2 16:30 19.1 5:30 0.0 6.6 0.0 0.2 6.3 18:30 SE 2 25.6 30.8 14:00 20.1 6:30 0.0 7.2 0.0 0.8 8.5 15:00 S 3 22.1 24.4 15:00 18.2 00:00 0.0 3.8 0.0 0.3 6.7 12:00 S 4 19.4 24.9 11:00 15.3 5:30 0.8 1.9 0.6 0.1 5.4 14:00 SW 5 18.2 23.4 14:00 13.9 4:00 1.5 1.4 4.8 0.1 5.4 14:30 WNW 6 16.6 18.7 14:00 14.3 1:00 1.8 0.0 0.4 0.6 9.8 14:30 NW 7 18.0 23.1 19:00 12.7 6:30 1.6 1.2 0.0 0.1 5.8 11:30 NW 8 20.3 27.8 16:30 10.7 4:00 2.0 4.1 0.0 1.3 8.0 16:30 SSW 9 23.2 26.4 18:30 20.3 2:00 0.0 4.8 0.0 1.4 9.8 11:30 SSE 10 23.2 29.1 12:30 20.1 6:00 0.0 4.9 0.4 2.1 11.6 13:30 SSE 11 18.7 21.7 1:00 13.8 00:00 0.4 0.9 0.0 1.5 10.3 4:30 SW 12 12.9 15.5 16:30 10.1 4:00 5.1 0.0 3.6 0.0 6.7 9:00 SE 13 15.4 18.3 15:30 12.8 0:30 2.9 0.0 0.0 0.3 7.6 12:00 NW 14 15.9 21.3 16:30 8.3 6:00 2.9 0.5 0.0 0.0 3.1 0:30 W 15 15.3 20.8 14:30 10.2 00:00 3.2 0.4 0.0 0.0 3.1 15:00 WNW 16 15.8 23.0 16:30 6.1 6:30 3.9 1.4 0.0 1.1 8.5 14:30 SSW 17 20.9 25.7 16:30 16.9 3:30 0.3 2.9 0.4 2.4 13.0 15:00 SSE 18 18.9 22.1 16:00 15.8 7:30 0.4 1.0 0.6 1.6 8.9 14:30 SW 19 16.9 19.5 17:30 11.2 23:30 1.5 0.1 4.0 0.9 11.2 3:30 SW 20 14.5 19.9 11:30 9.1 6:30 3.9 0.1 0.0 0.0 2.7 11:30 NW 21 14.5 15.6 18:00 13.3 23:00 3.8 0.0 0.0 0.4 8.0 12:30 NW 22 15.8 20.7 15:00 7.2 7:00 2.9 0.4 0.0 1.3 11.2 18:00 SSW 23 18.7 21.8 18:00 16.4 22:30 0.4 0.7 4.0 1.5 13.9 3:30 SW 24 19.6 24.9 13:30 16.1 1:00 0.6 1.9 1.2 2.0 10.7 14:30 SSE 25 16.2 19.2 17:00 11.1 00:00 2.1 0.0 0.0 1.5 8.5 15:30 S 26 13.5 18.9 17:30 9.2 5:30 4.8 0.0 2.8 0.5 10.3 11:30 S 27 13.5 18.2 18:30 8.0 7:00 4.8 0.0 0.2 0.4 6.3 12:30 SW 28 14.8 20.1 18:00 7.3 2:00 3.9 0.4 0.0 0.4 5.8 13:30 SE 29 16.3 23.5 15:30 10.4 7:00 3.0 1.0 0.0 0.3 6.7 12:00 SE 30 15.2 21.9 15:30 7.6 7:30 4.0 0.9 0.0 0.0 3.1 12:00 WSW 31 15.7 21.4 14:00 10.9 6:30 3.1 0.5 0.0 0.0 2.7 11:30 W ------------------------------------------------------------------------------------- 17.8 31.2 1 6.1 16 65.5 49.2 23.0 0.7 13.9 23 S Max >= 32.0: 0 Max <= 0.0: 0 Min <= 0.0: 0 Min <= -18.0: 0 Max Rain: 4.80 ON 05.08.18 Days of Rain: 12 (> .2 mm) 5 (> 2 mm) 0 (> 20 mm) Heat Base: 18.3 Cool Base: 18.3 Method: Integration