NOAA-style Climate Reports

2019: Jan | Feb | Mar | Apr | May | Jun | Jul | Aug | Sep | Oct | Nov | Dec 
2018: Jan | Feb | Mar | Apr | May | Jun | Jul | Aug | Sep | Oct | Nov | Dec 
2017: Jan | Feb | Mar | Apr | May | Jun | Jul | Aug | Sep | Oct | Nov | Dec 
2016: Jan | Feb | Mar | Apr | May | Jun | Jul | Aug | Sep | Oct | Nov | Dec 
2015: Jan | Feb | Mar | Apr | May | Jun | Jul | Aug | Sep | Oct | Nov | Dec 
2014: Jan | Feb | Mar | Apr | May | Jun | Jul | Aug | Sep | Oct | Nov | Dec 
2013: Jan | Feb | Mar | Apr | May | Jun | Jul | Aug | Sep | Oct | Nov | Dec 
2012: Jan | Feb | Mar | Apr | May | Jun | Jul | Aug | Sep | Oct | Nov | Dec 
2011: Jan | Feb | Mar | Apr | May | Jun | Jul | Aug | Sep | Oct | Nov | Dec 
2010: Jan | Feb | Mar | Apr | May | Jun | Jul | Aug | Sep | Oct | Nov | Dec 
2009: Jan | Feb | Mar | Apr | May | Jun | Jul | Aug | Sep | Oct | Nov | Dec 
2008: Jan | Feb | Mar | Apr | May | Jun | Jul | Aug | Sep | Oct | Nov | Dec 
2007: Jan | Feb | Mar | Apr | May | Jun | Jul | Aug | Sep | Oct | Nov | Dec 
2006: Jan | Feb | Mar | Apr | May | Jun | Jul | Aug | Sep | Oct | Nov | Dec 

Report for 2018 07
MONTHLY CLIMATOLOGICAL SUMMARY for JUL. 2018 NAME: Station #1 CITY: Rauma STATE: Finland ELEV: 16 m LAT: 61 08' 38" N LONG: 21 31' 26" E TEMPERATURE (C), RAIN (mm), WIND SPEED (m/s) HEAT COOL AVG MEAN DEG DEG WIND DOM DAY TEMP HIGH TIME LOW TIME DAYS DAYS RAIN SPEED HIGH TIME DIR ------------------------------------------------------------------------------------ 1 15.9 22.8 18:00 8.4 5:00 3.5 1.1 0.0 0.2 5.8 17:00 WNW 2 16.3 22.9 13:00 9.9 6:00 2.7 0.7 0.0 0.2 6.3 18:00 SE 3 15.9 19.6 13:30 14.0 00:00 2.4 0.0 0.0 0.0 2.7 14:00 SE 4 14.9 18.7 12:30 11.6 5:30 3.4 0.0 0.0 0.2 4.5 13:00 NW 5 14.6 18.8 13:00 12.0 1:00 3.7 0.0 0.0 0.1 4.9 13:00 WNW 6 16.1 20.7 18:30 12.8 4:00 2.5 0.3 0.8 0.1 4.0 10:30 WNW 7 15.6 19.0 18:00 12.0 2:30 2.8 0.0 0.0 0.3 6.3 16:30 NW 8 14.9 17.7 18:00 12.4 00:00 3.4 0.0 0.0 0.3 5.4 19:00 NW 9 18.6 25.4 20:00 10.1 3:30 2.3 2.5 0.0 0.0 5.4 20:30 NW 10 20.6 26.6 12:30 10.9 5:00 1.7 3.9 0.0 0.1 5.4 22:30 WNW 11 18.3 23.2 13:30 12.7 6:00 1.4 1.5 0.0 0.0 2.7 11:30 SSE 12 19.1 25.7 18:00 14.2 1:00 1.2 2.0 0.0 0.0 4.0 17:00 WNW 13 18.8 24.7 15:30 11.3 5:30 1.8 2.3 0.0 0.0 3.1 16:30 NW 14 19.5 26.8 15:00 10.9 5:30 1.9 3.0 0.0 0.0 4.0 16:30 NW 15 21.5 29.7 15:30 10.9 5:30 1.7 4.9 0.0 0.0 4.9 16:30 WNW 16 23.7 32.3 15:00 13.1 5:00 1.0 6.5 0.0 0.1 5.8 13:30 NW 17 27.3 34.3 17:00 18.3 5:30 0.0 9.0 0.0 0.4 6.7 15:00 SE 18 26.9 33.7 17:30 18.3 5:30 0.0 8.6 0.0 0.3 7.6 19:00 SE 19 23.8 32.2 16:30 15.2 5:30 0.4 5.9 0.0 0.2 5.8 16:00 SE 20 19.4 24.2 10:30 17.4 23:00 0.2 1.2 8.0 0.0 4.9 11:00 SE 21 19.8 24.5 15:30 17.3 5:30 0.2 1.7 2.0 0.0 2.7 15:30 WSW 22 20.7 24.8 15:30 16.7 6:00 0.2 2.5 0.0 0.6 7.6 14:30 SW 23 21.2 27.5 18:00 14.3 5:30 0.8 3.7 0.0 0.3 6.3 17:30 S 24 21.3 28.2 16:00 12.5 4:30 1.4 4.4 0.0 0.4 6.3 12:00 SW 25 23.0 29.8 13:00 14.9 6:00 0.6 5.3 0.0 0.4 6.7 16:30 SSE 26 23.5 29.4 14:00 17.6 5:30 0.0 5.2 0.0 0.4 6.7 14:30 SSE 27 24.3 30.6 17:00 18.9 2:00 0.0 6.0 0.0 0.0 4.5 14:00 W 28 26.0 31.3 17:00 20.1 6:00 0.0 7.7 0.0 0.9 9.4 17:00 SE 29 23.7 29.3 18:30 19.1 23:30 0.0 5.4 25.0 0.8 8.9 20:30 SE 30 23.6 32.2 14:00 19.6 0:30 0.0 5.3 38.8 0.3 8.9 17:00 SE 31 22.9 29.9 12:30 18.6 6:00 0.0 4.6 0.0 0.2 5.8 11:30 SSE ------------------------------------------------------------------------------------- 20.4 34.3 17 8.4 1 41.1 105.3 74.6 0.2 9.4 28 SE Max >= 32.0: 5 Max <= 0.0: 0 Min <= 0.0: 0 Min <= -18.0: 0 Max Rain: 38.81 ON 30.07.18 Days of Rain: 5 (> .2 mm) 4 (> 2 mm) 2 (> 20 mm) Heat Base: 18.3 Cool Base: 18.3 Method: Integration