NOAA-style Climate Reports

2019: Jan | Feb | Mar | Apr | May | Jun | Jul | Aug | Sep | Oct | Nov | Dec 
2018: Jan | Feb | Mar | Apr | May | Jun | Jul | Aug | Sep | Oct | Nov | Dec 
2017: Jan | Feb | Mar | Apr | May | Jun | Jul | Aug | Sep | Oct | Nov | Dec 
2016: Jan | Feb | Mar | Apr | May | Jun | Jul | Aug | Sep | Oct | Nov | Dec 
2015: Jan | Feb | Mar | Apr | May | Jun | Jul | Aug | Sep | Oct | Nov | Dec 
2014: Jan | Feb | Mar | Apr | May | Jun | Jul | Aug | Sep | Oct | Nov | Dec 
2013: Jan | Feb | Mar | Apr | May | Jun | Jul | Aug | Sep | Oct | Nov | Dec 
2012: Jan | Feb | Mar | Apr | May | Jun | Jul | Aug | Sep | Oct | Nov | Dec 
2011: Jan | Feb | Mar | Apr | May | Jun | Jul | Aug | Sep | Oct | Nov | Dec 
2010: Jan | Feb | Mar | Apr | May | Jun | Jul | Aug | Sep | Oct | Nov | Dec 
2009: Jan | Feb | Mar | Apr | May | Jun | Jul | Aug | Sep | Oct | Nov | Dec 
2008: Jan | Feb | Mar | Apr | May | Jun | Jul | Aug | Sep | Oct | Nov | Dec 
2007: Jan | Feb | Mar | Apr | May | Jun | Jul | Aug | Sep | Oct | Nov | Dec 
2006: Jan | Feb | Mar | Apr | May | Jun | Jul | Aug | Sep | Oct | Nov | Dec 

Report for 2018 06
MONTHLY CLIMATOLOGICAL SUMMARY for JUN. 2018 NAME: Station #1 CITY: Rauma STATE: Finland ELEV: 16 m LAT: 61 08' 38" N LONG: 21 31' 26" E TEMPERATURE (C), RAIN (mm), WIND SPEED (m/s) HEAT COOL AVG MEAN DEG DEG WIND DOM DAY TEMP HIGH TIME LOW TIME DAYS DAYS RAIN SPEED HIGH TIME DIR ------------------------------------------------------------------------------------ 1 14.9 21.9 17:00 5.7 4:00 4.1 0.7 0.0 1.0 8.9 12:00 SW 2 14.6 18.9 19:00 9.3 4:30 3.8 0.0 0.0 0.1 4.9 14:00 NW 3 14.7 20.3 15:30 6.2 5:30 3.9 0.3 0.0 0.1 5.8 13:00 WSW 4 12.9 16.0 3:30 9.9 00:00 5.4 0.0 0.0 0.8 7.6 13:00 NW 5 8.9 11.8 17:00 6.8 8:00 9.3 0.0 0.0 0.9 9.8 13:00 NW 6 8.9 11.8 13:30 5.1 5:00 9.4 0.0 0.0 0.2 5.8 11:30 NW 7 10.7 16.3 15:00 1.7 3:30 7.6 0.0 0.0 0.7 10.7 9:00 SW 8 11.0 14.7 17:00 6.0 00:00 7.3 0.0 0.0 0.1 4.9 14:00 WNW 9 11.8 18.8 13:30 2.5 5:00 6.6 0.0 0.0 0.2 4.5 12:00 S 10 15.4 24.4 18:00 5.0 4:30 4.0 1.1 0.0 0.2 4.9 18:30 SE 11 15.4 23.0 13:00 10.8 4:00 3.4 0.5 0.6 0.1 4.0 14:00 SW 12 14.5 20.1 12:30 10.4 00:00 3.9 0.0 0.2 0.3 6.7 16:30 NW 13 12.4 18.0 16:00 5.8 5:30 5.8 0.0 0.0 0.1 4.5 16:30 W 14 14.8 22.3 15:30 4.8 4:00 4.5 0.9 0.0 1.1 9.4 16:00 S 15 17.9 22.1 16:30 14.4 4:30 1.4 1.0 0.0 1.7 9.4 13:00 S 16 16.5 21.7 19:00 9.3 5:00 2.6 0.8 0.0 0.3 6.3 10:30 SW 17 18.0 25.5 16:30 7.0 4:30 2.9 2.6 0.0 0.2 5.4 15:30 SE 18 16.7 19.7 0:30 14.0 8:00 1.7 0.1 0.2 1.6 10.7 14:00 SW 19 14.6 17.0 19:30 12.8 16:30 3.7 0.0 7.4 1.3 10.3 13:00 SW 20 15.1 18.1 17:30 10.4 00:00 3.3 0.0 0.0 0.5 6.7 13:00 SW 21 12.8 18.6 12:00 7.3 5:00 5.4 0.0 2.0 0.4 8.9 13:30 SE 22 11.6 14.0 12:30 8.8 15:30 6.7 0.0 8.8 0.9 10.3 21:30 S 23 12.4 15.2 16:00 10.2 4:30 5.9 0.0 0.4 0.5 6.3 12:00 SW 24 12.8 16.7 13:30 7.1 5:30 5.5 0.0 0.0 0.1 3.1 11:00 NW 25 15.2 18.9 19:30 11.7 00:00 3.1 0.0 0.0 0.0 2.2 19:30 NW 26 13.3 16.6 13:00 8.0 4:30 5.0 0.0 0.0 0.0 3.1 14:00 WNW 27 14.2 20.2 16:00 5.4 5:00 4.3 0.2 0.0 0.2 4.5 11:00 NW 28 18.3 28.1 13:30 6.3 5:00 3.4 3.4 4.8 1.5 11.6 17:30 SSW 29 12.8 15.5 17:30 10.4 11:00 5.5 0.0 0.8 0.7 7.2 14:00 NW 30 13.3 16.8 17:00 9.0 4:30 5.0 0.0 0.0 0.3 5.4 14:30 NW ------------------------------------------------------------------------------------- 13.9 28.1 28 1.7 7 144.3 11.6 25.2 0.5 11.6 28 NW Max >= 32.0: 0 Max <= 0.0: 0 Min <= 0.0: 0 Min <= -18.0: 0 Max Rain: 8.79 ON 22.06.18 Days of Rain: 9 (> .2 mm) 4 (> 2 mm) 0 (> 20 mm) Heat Base: 18.3 Cool Base: 18.3 Method: Integration