NOAA-style Climate Reports

2019: Jan | Feb | Mar | Apr | May | Jun | Jul | Aug | Sep | Oct | Nov | Dec 
2018: Jan | Feb | Mar | Apr | May | Jun | Jul | Aug | Sep | Oct | Nov | Dec 
2017: Jan | Feb | Mar | Apr | May | Jun | Jul | Aug | Sep | Oct | Nov | Dec 
2016: Jan | Feb | Mar | Apr | May | Jun | Jul | Aug | Sep | Oct | Nov | Dec 
2015: Jan | Feb | Mar | Apr | May | Jun | Jul | Aug | Sep | Oct | Nov | Dec 
2014: Jan | Feb | Mar | Apr | May | Jun | Jul | Aug | Sep | Oct | Nov | Dec 
2013: Jan | Feb | Mar | Apr | May | Jun | Jul | Aug | Sep | Oct | Nov | Dec 
2012: Jan | Feb | Mar | Apr | May | Jun | Jul | Aug | Sep | Oct | Nov | Dec 
2011: Jan | Feb | Mar | Apr | May | Jun | Jul | Aug | Sep | Oct | Nov | Dec 
2010: Jan | Feb | Mar | Apr | May | Jun | Jul | Aug | Sep | Oct | Nov | Dec 
2009: Jan | Feb | Mar | Apr | May | Jun | Jul | Aug | Sep | Oct | Nov | Dec 
2008: Jan | Feb | Mar | Apr | May | Jun | Jul | Aug | Sep | Oct | Nov | Dec 
2007: Jan | Feb | Mar | Apr | May | Jun | Jul | Aug | Sep | Oct | Nov | Dec 
2006: Jan | Feb | Mar | Apr | May | Jun | Jul | Aug | Sep | Oct | Nov | Dec 

Report for 2018 05
MONTHLY CLIMATOLOGICAL SUMMARY for MAY. 2018 NAME: Station #1 CITY: Rauma STATE: Finland ELEV: 16 m LAT: 61 08' 38" N LONG: 21 31' 26" E TEMPERATURE (C), RAIN (mm), WIND SPEED (m/s) HEAT COOL AVG MEAN DEG DEG WIND DOM DAY TEMP HIGH TIME LOW TIME DAYS DAYS RAIN SPEED HIGH TIME DIR ------------------------------------------------------------------------------------ 1 7.0 8.1 19:00 6.3 6:00 11.3 0.0 2.4 0.3 5.8 20:00 SE 2 6.4 7.6 18:30 3.4 14:00 11.9 0.0 2.2 0.7 7.2 8:30 SW 3 9.7 16.1 15:30 3.7 4:30 8.6 0.0 3.6 0.4 6.7 17:00 S 4 5.0 8.3 2:00 3.6 9:30 13.3 0.0 1.0 0.8 9.4 2:00 SW 5 9.4 16.0 17:30 1.6 7:00 8.8 0.0 0.0 0.2 5.4 17:30 WSW 6 12.1 18.7 13:30 5.7 2:00 6.2 0.0 0.0 0.9 8.5 12:00 SW 7 12.6 20.6 14:30 2.8 5:30 6.1 0.4 0.0 0.8 8.5 13:00 SW 8 13.1 23.0 16:30 3.3 5:00 5.8 0.7 0.0 0.2 5.8 9:30 SE 9 14.1 23.3 17:00 5.8 4:30 5.0 0.8 0.0 0.6 8.9 9:00 SE 10 15.9 24.1 17:30 6.3 6:00 3.9 1.5 0.0 0.9 8.5 14:30 SE 11 18.2 25.3 15:30 10.7 6:00 2.6 2.4 0.0 1.1 8.5 11:30 SE 12 17.4 26.0 15:00 9.2 5:30 3.1 2.2 0.0 0.4 6.3 11:00 SE 13 16.1 25.0 12:30 5.1 6:00 4.1 1.9 0.0 0.2 3.1 11:30 NW 14 17.8 26.6 14:30 8.1 6:00 3.2 2.7 0.0 0.0 2.7 12:30 NW 15 17.5 26.8 15:00 7.2 5:30 3.3 2.5 0.0 0.1 3.1 15:30 NW 16 19.7 29.4 12:00 10.3 5:30 2.2 3.6 0.0 0.0 3.1 12:30 NW 17 14.2 18.4 16:30 11.0 23:00 4.1 0.0 0.0 0.0 3.1 18:30 NW 18 11.0 13.9 13:00 7.9 00:00 7.3 0.0 0.0 0.4 5.4 17:30 NW 19 10.8 17.2 16:00 2.3 6:00 7.5 0.0 0.0 0.1 4.0 13:00 SW 20 14.1 22.7 14:30 1.8 5:30 5.5 1.2 0.0 0.8 8.5 19:30 SSW 21 17.3 23.8 17:00 9.9 5:30 2.4 1.5 0.0 0.8 7.6 17:30 SW 22 17.3 23.8 16:30 8.3 5:00 2.6 1.7 0.0 0.1 4.5 18:00 S 23 14.6 21.3 11:30 8.6 5:30 3.9 0.2 0.0 0.1 4.5 13:00 NW 24 13.0 20.3 18:30 4.4 5:30 5.4 0.1 0.0 0.0 3.1 14:30 NW 25 15.6 23.1 16:30 4.7 5:30 4.1 1.5 0.0 0.5 6.7 11:30 SW 26 15.6 23.8 14:30 6.4 5:30 4.1 1.4 0.0 0.0 4.9 14:00 WNW 27 13.7 18.9 12:00 8.3 6:30 4.6 0.0 0.0 0.1 3.1 15:00 NW 28 16.0 22.8 13:00 6.8 5:30 3.8 1.5 0.0 0.1 4.0 12:00 WSW 29 15.4 22.9 17:00 6.3 4:30 3.8 1.0 0.0 0.5 7.6 13:30 SW 30 14.4 18.2 12:00 9.3 4:30 3.9 0.0 0.0 0.2 4.9 13:00 NW 31 14.4 20.3 15:30 7.2 5:00 4.2 0.3 0.0 0.0 4.5 15:30 NW ------------------------------------------------------------------------------------- 13.9 29.4 16 1.6 5 166.6 28.8 9.2 0.4 9.4 4 NW Max >= 32.0: 0 Max <= 0.0: 0 Min <= 0.0: 0 Min <= -18.0: 0 Max Rain: 3.61 ON 03.05.18 Days of Rain: 4 (> .2 mm) 3 (> 2 mm) 0 (> 20 mm) Heat Base: 18.3 Cool Base: 18.3 Method: Integration