NOAA-style Climate Reports

2019: Jan | Feb | Mar | Apr | May | Jun | Jul | Aug | Sep | Oct | Nov | Dec 
2018: Jan | Feb | Mar | Apr | May | Jun | Jul | Aug | Sep | Oct | Nov | Dec 
2017: Jan | Feb | Mar | Apr | May | Jun | Jul | Aug | Sep | Oct | Nov | Dec 
2016: Jan | Feb | Mar | Apr | May | Jun | Jul | Aug | Sep | Oct | Nov | Dec 
2015: Jan | Feb | Mar | Apr | May | Jun | Jul | Aug | Sep | Oct | Nov | Dec 
2014: Jan | Feb | Mar | Apr | May | Jun | Jul | Aug | Sep | Oct | Nov | Dec 
2013: Jan | Feb | Mar | Apr | May | Jun | Jul | Aug | Sep | Oct | Nov | Dec 
2012: Jan | Feb | Mar | Apr | May | Jun | Jul | Aug | Sep | Oct | Nov | Dec 
2011: Jan | Feb | Mar | Apr | May | Jun | Jul | Aug | Sep | Oct | Nov | Dec 
2010: Jan | Feb | Mar | Apr | May | Jun | Jul | Aug | Sep | Oct | Nov | Dec 
2009: Jan | Feb | Mar | Apr | May | Jun | Jul | Aug | Sep | Oct | Nov | Dec 
2008: Jan | Feb | Mar | Apr | May | Jun | Jul | Aug | Sep | Oct | Nov | Dec 
2007: Jan | Feb | Mar | Apr | May | Jun | Jul | Aug | Sep | Oct | Nov | Dec 
2006: Jan | Feb | Mar | Apr | May | Jun | Jul | Aug | Sep | Oct | Nov | Dec 

Report for 2018 04
MONTHLY CLIMATOLOGICAL SUMMARY for APR. 2018 NAME: Station #1 CITY: Rauma STATE: Finland ELEV: 16 m LAT: 61 08' 38" N LONG: 21 31' 26" E TEMPERATURE (C), RAIN (mm), WIND SPEED (m/s) HEAT COOL AVG MEAN DEG DEG WIND DOM DAY TEMP HIGH TIME LOW TIME DAYS DAYS RAIN SPEED HIGH TIME DIR ------------------------------------------------------------------------------------ 1 -1.1 5.7 16:30 -8.9 5:30 19.4 0.0 0.0 0.2 5.4 17:30 SE 2 0.4 2.7 15:00 -1.6 00:00 17.9 0.0 0.0 0.2 4.5 16:30 NW 3 0.2 3.4 15:30 -4.4 00:00 18.1 0.0 0.0 0.2 4.5 10:00 NW 4 1.2 5.9 12:30 -5.9 3:30 17.1 0.0 4.2 1.3 10.3 13:30 SE 5 2.7 3.4 0:30 2.2 7:30 5.5 0.0 3.4 0.4 8.0 23:00 SE 6 --- --- --- --- --- 0.0 0.0 5.6 0.8 7.2 11:00 SE 7 --- --- --- --- --- 0.0 0.0 0.0 1.0 9.4 15:30 SW 8 --- --- --- --- --- 0.0 0.0 0.6 0.3 5.8 0:30 S 9 --- --- --- --- --- 0.0 0.0 4.2 0.0 2.2 0:30 S 10 --- --- --- --- --- 0.0 0.0 0.0 0.2 4.5 15:00 NNW 11 --- --- --- --- --- 0.0 0.0 0.0 0.1 4.5 11:00 WNW 12 4.4 18.9 17:00 -1.3 00:00 4.0 0.0 0.2 0.1 3.1 12:30 NW 13 5.4 14.6 14:30 -3.3 4:30 12.9 0.0 0.0 0.1 4.5 11:00 WNW 14 6.4 15.4 13:30 -2.6 6:00 11.9 0.0 0.0 0.1 4.0 12:30 SW 15 5.2 15.4 14:30 -1.7 5:00 13.1 0.0 2.8 0.2 6.3 20:00 SE 16 5.2 8.7 15:30 1.9 00:00 13.1 0.0 0.6 0.0 4.0 2:00 SE 17 2.0 3.6 14:30 0.8 4:00 16.3 0.0 0.2 0.0 3.1 14:00 SW 18 4.1 9.3 14:30 -1.0 7:00 14.2 0.0 1.0 0.1 4.5 17:00 WSW 19 5.0 10.1 17:30 1.3 23:30 13.3 0.0 0.0 0.3 5.8 16:30 WNW 20 7.0 10.8 17:30 1.1 1:00 11.3 0.0 0.2 0.3 4.5 10:00 SW 21 6.8 10.1 16:00 4.5 4:30 9.1 0.0 2.4 0.9 8.0 20:00 NW 22 4.9 7.2 14:30 0.1 00:00 13.4 0.0 0.0 0.5 7.2 2:30 NW 23 5.7 9.6 11:30 -1.3 1:30 12.6 0.0 0.0 1.6 10.7 15:30 SSE 24 6.8 11.4 18:30 3.6 3:00 11.5 0.0 1.4 1.5 8.5 14:00 S 25 5.6 10.6 16:30 2.1 00:00 12.7 0.0 0.2 0.5 6.7 14:30 SW 26 3.7 8.7 18:00 -2.5 6:00 14.6 0.0 0.0 0.3 5.4 18:00 SW 27 5.9 12.2 12:30 0.2 7:00 12.3 0.0 0.0 0.2 4.5 13:30 W 28 6.1 12.4 18:30 -0.6 7:00 12.2 0.0 0.0 0.1 5.4 16:00 W 29 6.1 11.4 14:30 1.1 1:00 12.0 0.0 0.2 0.2 5.4 14:00 SSE 30 5.7 11.7 12:30 0.7 4:30 12.6 0.0 0.0 0.1 2.7 13:00 NW ------------------------------------------------------------------------------------- 4.4 18.9 12 -8.9 1 311.4 0.0 27.2 0.4 10.7 23 NW Max >= 32.0: 0 Max <= 0.0: 0 Min <= 0.0: 12 Min <= -18.0: 0 Max Rain: 5.59 ON 06.04.18 Days of Rain: 15 (> .2 mm) 6 (> 2 mm) 0 (> 20 mm) Heat Base: 18.3 Cool Base: 18.3 Method: Integration