NOAA-style Climate Reports

2019: Jan | Feb | Mar | Apr | May | Jun | Jul | Aug | Sep | Oct | Nov | Dec 
2018: Jan | Feb | Mar | Apr | May | Jun | Jul | Aug | Sep | Oct | Nov | Dec 
2017: Jan | Feb | Mar | Apr | May | Jun | Jul | Aug | Sep | Oct | Nov | Dec 
2016: Jan | Feb | Mar | Apr | May | Jun | Jul | Aug | Sep | Oct | Nov | Dec 
2015: Jan | Feb | Mar | Apr | May | Jun | Jul | Aug | Sep | Oct | Nov | Dec 
2014: Jan | Feb | Mar | Apr | May | Jun | Jul | Aug | Sep | Oct | Nov | Dec 
2013: Jan | Feb | Mar | Apr | May | Jun | Jul | Aug | Sep | Oct | Nov | Dec 
2012: Jan | Feb | Mar | Apr | May | Jun | Jul | Aug | Sep | Oct | Nov | Dec 
2011: Jan | Feb | Mar | Apr | May | Jun | Jul | Aug | Sep | Oct | Nov | Dec 
2010: Jan | Feb | Mar | Apr | May | Jun | Jul | Aug | Sep | Oct | Nov | Dec 
2009: Jan | Feb | Mar | Apr | May | Jun | Jul | Aug | Sep | Oct | Nov | Dec 
2008: Jan | Feb | Mar | Apr | May | Jun | Jul | Aug | Sep | Oct | Nov | Dec 
2007: Jan | Feb | Mar | Apr | May | Jun | Jul | Aug | Sep | Oct | Nov | Dec 
2006: Jan | Feb | Mar | Apr | May | Jun | Jul | Aug | Sep | Oct | Nov | Dec 

Report for 2018
ANNUAL CLIMATOLOGICAL SUMMARY NAME: Station #1 CITY: Rauma STATE: Finland ELEV: 16 m LAT: 61 08' 38" N LONG: 21 31' 26" E TEMPERATURE (C), HEAT BASE 18.3, COOL BASE 18.3 DEP. HEAT COOL MEAN MEAN FROM DEG DEG MAX MAX MIN MIN YR MO MAX MIN MEAN NORM DAYS DAYS HI DATE LOW DATE >=32 <=0 <=0 <=-18 ------------------------------------------------------------------------------------ 18 1 -0.5 -4.3 -2.3 1.8 638 0 5.6 25 -14.5 21 0 17 25 0 18 2 -3.8 -9.9 -6.9 -1.9 707 0 1.9 14 -20.1 28 0 25 28 1 18 3 0.2 -9.0 -4.0 -2.2 692 0 4.7 25 -19.9 1 0 15 30 1 18 4 9.7 -0.6 4.4 2.0 311 0 18.9 12 -8.9 1 0 0 12 0 18 5 20.5 6.3 13.9 5.4 167 29 29.4 16 1.6 5 0 0 0 0 18 6 18.8 8.1 13.9 0.8 144 12 28.1 28 1.7 7 0 0 0 0 18 7 26.3 14.4 20.4 4.5 41 105 34.3 17 8.4 1 5 0 0 0 18 8 22.4 12.8 17.8 2.7 66 49 31.2 1 6.1 16 0 0 0 0 18 9 17.4 9.0 13.3 2.6 160 9 26.3 8 0.8 29 0 0 0 0 18 10 10.2 2.8 6.7 0.5 361 0 19.2 14 -6.8 29 0 0 9 0 18 11 5.8 0.9 3.5 1.9 441 0 10.3 2 -7.6 28 0 2 12 0 18 12 0.6 -3.5 -1.2 0.7 605 0 5.9 9 -17.2 24 0 11 26 0 ------------------------------------------------------------------------------------ 10.7 2.4 6.7 1.5 4333 204 34.3 JUL -20.1 FEB 5 70 142 2 PRECIPITATION (mm) DEP. MAX DAYS OF RAIN FROM OBS. OVER YR MO TOTAL NORM DAY DATE .2 2 20 --------------------------------------------- 18 1 41.6 0.6 15.2 24 13 6 0 18 2 3.4 -23.6 2.4 13 3 1 0 18 3 15.2 -18.8 6.8 12 11 3 0 18 4 27.2 -7.8 5.6 6 15 6 0 18 5 9.2 -19.8 3.6 3 4 3 0 18 6 25.2 -21.8 8.8 22 9 4 0 18 7 74.6 19.6 38.8 30 5 4 2 18 8 23.0 -49.0 4.8 5 12 5 0 18 9 93.6 35.6 17.2 12 15 9 0 18 10 39.6 -17.4 9.4 24 18 6 0 18 11 31.0 -26.0 14.4 30 18 3 0 18 12 37.4 -10.6 11.8 9 11 6 0 --------------------------------------------- 421.0-139.0 38.8 JUL 134 56 2 WIND SPEED (m/s) DOM YR MO AVG. HI DATE DIR --------------------------------- 18 1 0.5 14.8 25 SE 18 2 0.3 10.7 1 SE 18 3 0.3 12.5 24 SE 18 4 0.4 10.7 23 NW 18 5 0.4 9.4 4 NW 18 6 0.5 11.6 28 NW 18 7 0.2 9.4 28 SE 18 8 0.7 13.9 23 S 18 9 0.8 15.2 22 SW 18 10 0.6 14.8 8 S 18 11 0.6 16.1 29 SSW 18 12 0.5 14.8 1 SE --------------------------------- 0.5 16.1 NOV SE