NOAA-style Climate Reports

2019: Jan | Feb | Mar | Apr | May | Jun | Jul | Aug | Sep | Oct | Nov | Dec 
2018: Jan | Feb | Mar | Apr | May | Jun | Jul | Aug | Sep | Oct | Nov | Dec 
2017: Jan | Feb | Mar | Apr | May | Jun | Jul | Aug | Sep | Oct | Nov | Dec 
2016: Jan | Feb | Mar | Apr | May | Jun | Jul | Aug | Sep | Oct | Nov | Dec 
2015: Jan | Feb | Mar | Apr | May | Jun | Jul | Aug | Sep | Oct | Nov | Dec 
2014: Jan | Feb | Mar | Apr | May | Jun | Jul | Aug | Sep | Oct | Nov | Dec 
2013: Jan | Feb | Mar | Apr | May | Jun | Jul | Aug | Sep | Oct | Nov | Dec 
2012: Jan | Feb | Mar | Apr | May | Jun | Jul | Aug | Sep | Oct | Nov | Dec 
2011: Jan | Feb | Mar | Apr | May | Jun | Jul | Aug | Sep | Oct | Nov | Dec 
2010: Jan | Feb | Mar | Apr | May | Jun | Jul | Aug | Sep | Oct | Nov | Dec 
2009: Jan | Feb | Mar | Apr | May | Jun | Jul | Aug | Sep | Oct | Nov | Dec 
2008: Jan | Feb | Mar | Apr | May | Jun | Jul | Aug | Sep | Oct | Nov | Dec 
2007: Jan | Feb | Mar | Apr | May | Jun | Jul | Aug | Sep | Oct | Nov | Dec 
2006: Jan | Feb | Mar | Apr | May | Jun | Jul | Aug | Sep | Oct | Nov | Dec 

Report for 2017 09
MONTHLY CLIMATOLOGICAL SUMMARY for SEP. 2017 NAME: Station #1 CITY: Rauma STATE: Finland ELEV: 16 m LAT: 61 08' 38" N LONG: 21 31' 26" E TEMPERATURE (C), RAIN (mm), WIND SPEED (m/s) HEAT COOL AVG MEAN DEG DEG WIND DOM DAY TEMP HIGH TIME LOW TIME DAYS DAYS RAIN SPEED HIGH TIME DIR ------------------------------------------------------------------------------------ 1 13.8 17.1 17:00 8.7 00:00 4.5 0.0 1.0 0.5 8.0 4:00 NW 2 11.3 17.7 12:30 5.2 7:30 6.9 0.0 0.0 0.0 2.2 11:30 NNW 3 12.8 19.3 16:00 8.2 6:30 5.5 0.0 0.0 0.1 5.8 17:00 SE 4 11.6 17.3 17:00 6.7 7:00 6.8 0.0 0.0 0.6 8.9 12:00 SE 5 11.4 17.0 16:30 6.6 7:30 6.8 0.0 0.0 0.4 7.2 12:30 SE 6 9.9 16.6 16:00 3.5 6:30 8.4 0.0 0.0 0.2 5.8 12:00 SE 7 9.6 15.2 14:00 5.1 4:00 8.8 0.0 1.4 0.0 4.5 13:00 ESE 8 9.6 11.9 17:00 8.2 5:30 8.7 0.0 4.2 0.0 3.1 15:00 S 9 11.7 15.5 18:00 8.6 1:00 6.6 0.0 4.2 0.1 4.9 13:30 SE 10 14.6 16.4 17:30 11.6 00:00 3.8 0.0 10.0 1.7 11.6 11:00 SE 11 13.9 18.7 16:00 10.3 4:00 4.4 0.0 0.2 0.8 8.0 12:30 SSE 12 14.3 17.9 18:00 12.2 2:30 3.8 0.0 0.2 0.8 7.2 8:00 SE 13 13.9 17.3 18:00 10.4 23:30 4.4 0.0 0.0 0.6 7.2 12:30 SSE 14 11.7 17.2 15:00 9.7 3:30 6.6 0.0 0.6 0.0 4.9 13:00 SSE 15 11.7 14.1 16:00 10.4 7:30 6.6 0.0 0.4 0.1 5.4 23:00 WNW 16 11.0 12.6 9:00 6.7 00:00 7.3 0.0 0.4 0.0 5.8 0:30 W 17 8.2 15.3 17:00 2.4 7:30 10.1 0.0 0.0 0.0 2.7 15:00 WNW 18 7.1 12.2 16:00 0.4 6:30 11.3 0.0 2.0 0.0 1.3 10:00 SSE 19 7.4 8.4 1:30 6.1 23:30 10.6 0.0 1.0 0.0 1.8 13:00 WSW 20 8.3 11.6 14:30 5.5 4:30 10.0 0.0 0.8 0.0 2.7 12:00 SE 21 10.7 15.9 17:00 5.4 3:00 7.6 0.0 0.2 0.3 6.7 17:30 SE 22 11.2 12.4 17:30 9.9 6:30 7.1 0.0 0.0 0.4 7.2 10:00 SE 23 12.8 17.1 16:30 10.3 7:00 5.2 0.0 0.0 0.3 6.3 9:30 SE 24 12.6 20.1 16:30 7.0 8:00 5.8 0.1 0.0 0.1 4.5 13:30 SE 25 12.1 20.1 16:00 5.9 8:00 6.4 0.2 0.2 0.2 5.4 12:30 SE 26 11.3 19.0 17:00 6.6 7:30 7.0 0.0 0.2 0.1 3.1 14:30 SE 27 10.1 12.6 18:30 7.4 2:00 8.2 0.0 0.0 0.1 3.1 11:30 SE 28 8.3 9.5 16:00 7.2 00:00 10.0 0.0 0.2 0.0 3.1 10:00 SE 29 7.7 10.4 17:30 6.5 9:30 10.6 0.0 0.0 0.0 1.8 0:30 SE 30 8.1 9.4 16:00 6.3 4:30 10.0 0.0 0.0 0.1 4.5 15:30 SE ------------------------------------------------------------------------------------- 11.0 20.1 25 0.4 18 219.7 0.4 27.2 0.3 11.6 10 SE Max >= 32.0: 0 Max <= 0.0: 0 Min <= 0.0: 0 Min <= -18.0: 0 Max Rain: 10.01 ON 10.09.17 Days of Rain: 17 (> .2 mm) 4 (> 2 mm) 0 (> 20 mm) Heat Base: 18.3 Cool Base: 18.3 Method: Integration