NOAA-style Climate Reports

2019: Jan | Feb | Mar | Apr | May | Jun | Jul | Aug | Sep | Oct | Nov | Dec 
2018: Jan | Feb | Mar | Apr | May | Jun | Jul | Aug | Sep | Oct | Nov | Dec 
2017: Jan | Feb | Mar | Apr | May | Jun | Jul | Aug | Sep | Oct | Nov | Dec 
2016: Jan | Feb | Mar | Apr | May | Jun | Jul | Aug | Sep | Oct | Nov | Dec 
2015: Jan | Feb | Mar | Apr | May | Jun | Jul | Aug | Sep | Oct | Nov | Dec 
2014: Jan | Feb | Mar | Apr | May | Jun | Jul | Aug | Sep | Oct | Nov | Dec 
2013: Jan | Feb | Mar | Apr | May | Jun | Jul | Aug | Sep | Oct | Nov | Dec 
2012: Jan | Feb | Mar | Apr | May | Jun | Jul | Aug | Sep | Oct | Nov | Dec 
2011: Jan | Feb | Mar | Apr | May | Jun | Jul | Aug | Sep | Oct | Nov | Dec 
2010: Jan | Feb | Mar | Apr | May | Jun | Jul | Aug | Sep | Oct | Nov | Dec 
2009: Jan | Feb | Mar | Apr | May | Jun | Jul | Aug | Sep | Oct | Nov | Dec 
2008: Jan | Feb | Mar | Apr | May | Jun | Jul | Aug | Sep | Oct | Nov | Dec 
2007: Jan | Feb | Mar | Apr | May | Jun | Jul | Aug | Sep | Oct | Nov | Dec 
2006: Jan | Feb | Mar | Apr | May | Jun | Jul | Aug | Sep | Oct | Nov | Dec 

Report for 2017 08
MONTHLY CLIMATOLOGICAL SUMMARY for AUG. 2017 NAME: Station #1 CITY: Rauma STATE: Finland ELEV: 16 m LAT: 61 08' 38" N LONG: 21 31' 26" E TEMPERATURE (C), RAIN (mm), WIND SPEED (m/s) HEAT COOL AVG MEAN DEG DEG WIND DOM DAY TEMP HIGH TIME LOW TIME DAYS DAYS RAIN SPEED HIGH TIME DIR ------------------------------------------------------------------------------------ 1 18.8 22.8 15:30 15.9 1:30 0.7 1.2 0.0 1.3 9.4 14:00 SW 2 17.2 21.1 18:30 12.7 00:00 1.7 0.6 0.4 0.3 6.7 14:30 SE 3 16.3 20.8 19:00 11.6 5:00 2.4 0.4 0.0 0.5 6.7 8:00 SW 4 15.1 18.6 19:00 13.4 0:30 3.2 0.0 15.0 0.3 5.8 19:30 SE 5 15.7 18.0 17:00 14.3 3:00 2.6 0.0 3.2 1.3 10.3 17:30 S 6 15.7 17.5 14:00 14.7 5:00 2.6 0.0 1.0 0.4 7.6 16:00 SW 7 15.3 18.9 16:00 10.3 00:00 3.1 0.0 3.4 0.0 3.1 14:30 SW 8 16.1 21.7 15:00 9.2 2:00 3.1 0.9 0.0 0.8 8.0 15:30 S 9 18.5 22.9 15:00 14.1 4:00 1.4 1.6 0.0 0.7 7.2 12:00 SSE 10 17.2 20.3 16:30 13.8 00:00 1.4 0.3 2.6 0.8 7.6 11:00 SW 11 17.6 23.8 16:30 10.1 6:00 2.5 1.8 0.0 1.0 9.8 19:00 S 12 18.6 23.3 16:00 14.8 3:30 0.9 1.2 0.0 0.6 7.2 14:00 S 13 15.4 17.7 0:30 11.0 00:00 2.9 0.0 6.4 0.4 8.5 10:30 NW 14 15.6 19.5 17:00 9.9 00:00 2.8 0.1 0.0 0.2 5.4 13:30 NW 15 15.4 21.2 14:30 8.7 2:00 3.5 0.7 0.0 1.0 8.9 18:00 S 16 16.5 21.7 15:00 10.9 5:30 2.5 0.7 0.0 1.2 10.3 18:30 S 17 18.7 23.6 14:30 13.6 7:30 1.1 1.5 0.0 0.2 4.5 14:00 SE 18 16.6 20.3 16:00 13.2 4:00 2.1 0.4 0.2 0.6 7.2 14:00 SSE 19 16.5 19.3 19:00 14.9 0:30 1.9 0.1 2.6 0.9 10.3 18:30 SE 20 16.5 19.7 15:00 13.1 00:00 2.0 0.2 0.0 1.8 11.6 13:00 SSW 21 15.5 19.8 12:30 10.7 00:00 3.1 0.3 0.0 0.4 6.3 11:30 SSE 22 13.3 17.6 18:00 8.7 3:00 5.0 0.0 1.8 0.0 2.2 11:30 SW 23 13.1 16.1 14:30 8.6 00:00 5.2 0.0 0.0 0.1 4.5 14:00 W 24 11.2 16.1 17:30 5.4 7:00 7.1 0.0 0.0 0.1 4.0 12:30 NW 25 11.7 16.9 15:30 7.5 23:00 6.6 0.0 0.0 0.0 4.5 16:30 W 26 12.0 14.3 16:00 9.4 3:00 6.3 0.0 2.2 0.3 8.0 13:00 NW 27 10.6 14.1 14:00 7.4 7:00 7.7 0.0 1.2 0.0 2.7 13:30 SSE 28 10.6 16.7 18:00 2.3 7:30 7.7 0.0 0.0 0.1 4.5 23:30 SSE 29 15.1 18.6 17:00 11.1 2:30 3.3 0.0 0.0 1.7 10.7 19:30 S 30 16.1 19.2 17:00 13.3 00:00 2.2 0.0 9.8 1.1 9.4 0:30 SW 31 14.4 16.0 19:30 13.2 7:30 3.9 0.0 16.4 0.2 4.5 15:30 SE ------------------------------------------------------------------------------------- 15.4 23.8 11 2.3 28 102.4 11.9 66.2 0.6 11.6 20 S Max >= 32.0: 0 Max <= 0.0: 0 Min <= 0.0: 0 Min <= -18.0: 0 Max Rain: 16.41 ON 31.08.17 Days of Rain: 14 (> .2 mm) 9 (> 2 mm) 0 (> 20 mm) Heat Base: 18.3 Cool Base: 18.3 Method: Integration