NOAA-style Climate Reports

2019: Jan | Feb | Mar | Apr | May | Jun | Jul | Aug | Sep | Oct | Nov | Dec 
2018: Jan | Feb | Mar | Apr | May | Jun | Jul | Aug | Sep | Oct | Nov | Dec 
2017: Jan | Feb | Mar | Apr | May | Jun | Jul | Aug | Sep | Oct | Nov | Dec 
2016: Jan | Feb | Mar | Apr | May | Jun | Jul | Aug | Sep | Oct | Nov | Dec 
2015: Jan | Feb | Mar | Apr | May | Jun | Jul | Aug | Sep | Oct | Nov | Dec 
2014: Jan | Feb | Mar | Apr | May | Jun | Jul | Aug | Sep | Oct | Nov | Dec 
2013: Jan | Feb | Mar | Apr | May | Jun | Jul | Aug | Sep | Oct | Nov | Dec 
2012: Jan | Feb | Mar | Apr | May | Jun | Jul | Aug | Sep | Oct | Nov | Dec 
2011: Jan | Feb | Mar | Apr | May | Jun | Jul | Aug | Sep | Oct | Nov | Dec 
2010: Jan | Feb | Mar | Apr | May | Jun | Jul | Aug | Sep | Oct | Nov | Dec 
2009: Jan | Feb | Mar | Apr | May | Jun | Jul | Aug | Sep | Oct | Nov | Dec 
2008: Jan | Feb | Mar | Apr | May | Jun | Jul | Aug | Sep | Oct | Nov | Dec 
2007: Jan | Feb | Mar | Apr | May | Jun | Jul | Aug | Sep | Oct | Nov | Dec 
2006: Jan | Feb | Mar | Apr | May | Jun | Jul | Aug | Sep | Oct | Nov | Dec 

Report for 2017 07
MONTHLY CLIMATOLOGICAL SUMMARY for JUL. 2017 NAME: Station #1 CITY: Rauma STATE: Finland ELEV: 16 m LAT: 61 08' 38" N LONG: 21 31' 26" E TEMPERATURE (C), RAIN (mm), WIND SPEED (m/s) HEAT COOL AVG MEAN DEG DEG WIND DOM DAY TEMP HIGH TIME LOW TIME DAYS DAYS RAIN SPEED HIGH TIME DIR ------------------------------------------------------------------------------------ 1 19.2 25.1 18:00 12.3 5:30 1.5 2.4 0.0 0.4 7.2 9:00 SE 2 16.1 19.8 10:30 11.8 5:00 2.3 0.1 0.0 0.3 7.6 9:30 SE 3 15.8 20.1 16:00 13.2 6:00 2.7 0.1 4.0 0.4 5.8 16:00 S 4 13.4 15.4 15:30 12.4 8:00 4.9 0.0 3.4 0.3 4.5 16:30 NW 5 12.9 14.6 18:00 10.6 5:00 5.4 0.0 0.0 0.4 6.7 14:30 NW 6 12.1 15.0 19:30 9.1 6:00 6.2 0.0 0.0 0.2 6.7 14:30 NW 7 14.8 21.9 18:30 6.8 6:00 4.0 0.5 0.0 0.1 3.1 9:00 SW 8 15.6 21.9 15:30 6.9 4:30 3.7 0.9 0.0 0.3 4.5 10:00 SW 9 16.1 22.7 18:30 7.3 5:30 3.3 1.2 0.0 0.1 4.0 15:30 NW 10 17.8 22.9 17:30 12.8 5:30 1.8 1.3 0.0 1.3 8.5 13:30 S 11 16.1 19.2 11:00 13.1 5:30 2.3 0.1 1.6 0.4 6.7 11:00 SE 12 17.6 22.3 18:30 15.0 0:30 1.6 0.8 0.8 0.4 5.8 18:00 SW 13 14.2 16.8 0:30 11.9 22:30 4.1 0.0 0.0 0.5 6.7 15:30 SW 14 13.9 18.5 19:00 10.1 00:00 4.4 0.0 0.0 0.6 7.6 10:30 SW 15 13.9 20.6 18:00 4.8 5:30 4.8 0.4 0.0 0.0 4.0 13:00 WNW 16 16.6 23.7 15:00 6.7 4:30 3.3 1.7 0.0 1.3 9.8 18:30 S 17 15.0 16.5 19:00 12.4 00:00 3.3 0.0 4.0 0.6 6.3 17:00 SSE 18 14.5 17.2 17:30 12.3 2:00 3.8 0.0 0.0 0.4 8.9 12:30 WNW 19 13.9 15.8 16:30 11.0 6:30 4.4 0.0 0.0 0.3 7.2 11:30 NW 20 15.3 19.3 11:30 11.5 6:00 3.0 0.0 0.0 0.1 2.7 9:30 WNW 21 13.3 18.2 16:30 6.9 6:00 5.0 0.0 0.0 0.1 4.5 14:00 W 22 15.2 20.2 15:00 7.8 6:00 3.5 0.4 0.0 0.0 3.1 16:30 W 23 15.3 20.8 14:00 7.6 5:30 3.5 0.5 0.0 0.0 4.0 10:30 WNW 24 14.3 19.4 12:30 8.5 6:00 4.0 0.0 0.0 0.0 3.1 11:30 WNW 25 16.5 20.0 18:00 13.0 5:00 2.0 0.2 0.0 0.1 2.7 14:00 NW 26 16.9 21.1 17:00 13.2 00:00 1.8 0.4 0.0 0.1 4.0 13:30 SE 27 17.3 23.7 13:30 10.6 5:00 2.5 1.5 0.0 0.0 4.5 15:00 SE 28 17.2 24.8 15:30 14.7 6:30 1.9 0.8 18.6 0.4 7.2 16:30 SE 29 18.4 24.1 18:00 13.6 5:30 1.6 1.7 0.2 0.8 7.6 11:30 S 30 17.9 22.7 16:30 11.8 6:30 1.7 1.3 0.0 0.8 6.3 13:30 S 31 17.8 21.9 16:30 14.8 2:00 1.3 0.8 1.2 0.5 8.0 14:30 S ------------------------------------------------------------------------------------- 15.6 25.1 1 4.8 15 99.4 17.1 33.8 0.4 9.8 16 S Max >= 32.0: 0 Max <= 0.0: 0 Min <= 0.0: 0 Min <= -18.0: 0 Max Rain: 18.59 ON 28.07.17 Days of Rain: 8 (> .2 mm) 4 (> 2 mm) 0 (> 20 mm) Heat Base: 18.3 Cool Base: 18.3 Method: Integration