NOAA-style Climate Reports

2019: Jan | Feb | Mar | Apr | May | Jun | Jul | Aug | Sep | Oct | Nov | Dec 
2018: Jan | Feb | Mar | Apr | May | Jun | Jul | Aug | Sep | Oct | Nov | Dec 
2017: Jan | Feb | Mar | Apr | May | Jun | Jul | Aug | Sep | Oct | Nov | Dec 
2016: Jan | Feb | Mar | Apr | May | Jun | Jul | Aug | Sep | Oct | Nov | Dec 
2015: Jan | Feb | Mar | Apr | May | Jun | Jul | Aug | Sep | Oct | Nov | Dec 
2014: Jan | Feb | Mar | Apr | May | Jun | Jul | Aug | Sep | Oct | Nov | Dec 
2013: Jan | Feb | Mar | Apr | May | Jun | Jul | Aug | Sep | Oct | Nov | Dec 
2012: Jan | Feb | Mar | Apr | May | Jun | Jul | Aug | Sep | Oct | Nov | Dec 
2011: Jan | Feb | Mar | Apr | May | Jun | Jul | Aug | Sep | Oct | Nov | Dec 
2010: Jan | Feb | Mar | Apr | May | Jun | Jul | Aug | Sep | Oct | Nov | Dec 
2009: Jan | Feb | Mar | Apr | May | Jun | Jul | Aug | Sep | Oct | Nov | Dec 
2008: Jan | Feb | Mar | Apr | May | Jun | Jul | Aug | Sep | Oct | Nov | Dec 
2007: Jan | Feb | Mar | Apr | May | Jun | Jul | Aug | Sep | Oct | Nov | Dec 
2006: Jan | Feb | Mar | Apr | May | Jun | Jul | Aug | Sep | Oct | Nov | Dec 

Report for 2017 06
MONTHLY CLIMATOLOGICAL SUMMARY for JUN. 2017 NAME: Station #1 CITY: Rauma STATE: Finland ELEV: 16 m LAT: 61 08' 38" N LONG: 21 31' 26" E TEMPERATURE (C), RAIN (mm), WIND SPEED (m/s) HEAT COOL AVG MEAN DEG DEG WIND DOM DAY TEMP HIGH TIME LOW TIME DAYS DAYS RAIN SPEED HIGH TIME DIR ------------------------------------------------------------------------------------ 1 7.3 9.6 17:30 5.2 00:00 11.0 0.0 0.0 0.9 8.5 11:00 NW 2 6.6 9.7 17:30 4.9 3:00 11.8 0.0 0.0 1.0 7.6 8:30 NW 3 7.2 11.9 18:30 -0.4 5:30 11.1 0.0 0.0 0.2 4.5 12:00 NW 4 10.6 16.1 18:00 2.1 5:00 7.7 0.0 0.0 0.7 7.2 19:30 S 5 10.7 11.8 22:30 9.4 00:00 7.6 0.0 5.0 0.7 6.7 19:30 SSE 6 13.6 20.6 18:30 4.7 4:30 4.9 0.3 0.0 0.5 6.3 17:30 S 7 17.7 24.6 17:00 7.8 5:30 2.9 2.3 0.0 1.3 10.3 16:00 SE 8 13.9 17.7 17:00 11.2 8:00 4.4 0.0 14.8 0.2 4.0 16:00 SE 9 13.2 17.3 14:30 8.2 4:30 5.2 0.0 0.2 0.3 5.4 9:30 SSE 10 13.9 20.0 14:30 6.3 5:00 4.4 0.1 0.0 0.1 4.0 11:30 W 11 14.9 20.2 16:30 9.5 5:00 3.7 0.3 0.0 0.6 7.2 17:00 S 12 13.4 14.8 0:30 12.5 00:00 4.9 0.0 9.2 0.3 4.9 8:00 SSE 13 12.6 16.8 20:00 10.1 00:00 5.7 0.0 1.8 0.1 4.9 17:00 WNW 14 14.1 19.8 16:30 7.7 3:30 4.3 0.1 0.0 0.1 5.8 16:00 NW 15 14.2 21.1 13:30 5.8 5:00 4.5 0.4 0.0 0.1 4.5 13:30 SW 16 16.5 23.2 17:00 10.1 2:00 2.9 1.1 0.0 0.4 6.3 16:00 SW 17 16.7 22.0 19:30 7.9 5:00 2.9 1.3 0.0 0.1 4.5 15:30 SW 18 16.2 18.9 18:00 13.2 1:30 2.1 0.0 0.0 0.3 6.3 10:00 SW 19 14.9 18.2 16:00 12.6 4:30 3.4 0.0 0.0 0.2 5.8 17:30 W 20 11.9 15.3 19:00 9.9 13:30 6.3 0.0 10.6 0.5 6.7 15:30 NW 21 12.2 15.6 17:00 10.3 4:30 6.1 0.0 0.0 0.5 8.0 2:30 NW 22 11.8 14.8 15:00 7.8 00:00 6.5 0.0 0.0 0.4 6.7 13:00 NW 23 11.1 16.7 18:00 3.1 5:00 7.3 0.0 0.0 0.1 4.5 16:00 W 24 10.9 13.6 9:00 7.7 1:00 7.4 0.0 4.2 1.3 11.2 14:30 SE 25 12.8 17.2 16:30 10.6 6:00 5.5 0.0 2.4 1.1 8.9 16:30 SW 26 12.8 15.8 18:00 10.9 2:00 5.5 0.0 0.0 0.9 8.9 8:00 SW 27 12.3 15.5 17:30 9.8 3:30 6.0 0.0 0.0 0.3 6.7 16:30 NW 28 12.4 15.2 15:00 7.9 00:00 5.9 0.0 0.0 0.2 6.3 15:00 WNW 29 14.8 22.9 18:30 3.3 4:30 4.7 1.2 0.0 0.3 6.3 19:00 SE 30 18.7 24.1 17:30 12.3 4:00 1.6 2.1 0.0 0.6 8.5 11:30 ENE ------------------------------------------------------------------------------------- 13.0 24.6 7 -0.4 3 168.5 9.1 48.2 0.5 11.2 24 NW Max >= 32.0: 0 Max <= 0.0: 0 Min <= 0.0: 1 Min <= -18.0: 0 Max Rain: 14.81 ON 08.06.17 Days of Rain: 8 (> .2 mm) 6 (> 2 mm) 0 (> 20 mm) Heat Base: 18.3 Cool Base: 18.3 Method: Integration