NOAA-style Climate Reports

2019: Jan | Feb | Mar | Apr | May | Jun | Jul | Aug | Sep | Oct | Nov | Dec 
2018: Jan | Feb | Mar | Apr | May | Jun | Jul | Aug | Sep | Oct | Nov | Dec 
2017: Jan | Feb | Mar | Apr | May | Jun | Jul | Aug | Sep | Oct | Nov | Dec 
2016: Jan | Feb | Mar | Apr | May | Jun | Jul | Aug | Sep | Oct | Nov | Dec 
2015: Jan | Feb | Mar | Apr | May | Jun | Jul | Aug | Sep | Oct | Nov | Dec 
2014: Jan | Feb | Mar | Apr | May | Jun | Jul | Aug | Sep | Oct | Nov | Dec 
2013: Jan | Feb | Mar | Apr | May | Jun | Jul | Aug | Sep | Oct | Nov | Dec 
2012: Jan | Feb | Mar | Apr | May | Jun | Jul | Aug | Sep | Oct | Nov | Dec 
2011: Jan | Feb | Mar | Apr | May | Jun | Jul | Aug | Sep | Oct | Nov | Dec 
2010: Jan | Feb | Mar | Apr | May | Jun | Jul | Aug | Sep | Oct | Nov | Dec 
2009: Jan | Feb | Mar | Apr | May | Jun | Jul | Aug | Sep | Oct | Nov | Dec 
2008: Jan | Feb | Mar | Apr | May | Jun | Jul | Aug | Sep | Oct | Nov | Dec 
2007: Jan | Feb | Mar | Apr | May | Jun | Jul | Aug | Sep | Oct | Nov | Dec 
2006: Jan | Feb | Mar | Apr | May | Jun | Jul | Aug | Sep | Oct | Nov | Dec 

Report for 2017 05
MONTHLY CLIMATOLOGICAL SUMMARY for MAY. 2017 NAME: Station #1 CITY: Rauma STATE: Finland ELEV: 16 m LAT: 61 08' 38" N LONG: 21 31' 26" E TEMPERATURE (C), RAIN (mm), WIND SPEED (m/s) HEAT COOL AVG MEAN DEG DEG WIND DOM DAY TEMP HIGH TIME LOW TIME DAYS DAYS RAIN SPEED HIGH TIME DIR ------------------------------------------------------------------------------------ 1 5.6 11.4 17:30 -1.3 6:30 12.7 0.0 0.0 0.2 5.4 0:30 S 2 4.8 9.5 14:30 -2.1 5:30 13.5 0.0 0.0 0.4 5.4 13:30 NW 3 6.4 11.7 13:00 -1.7 6:00 11.9 0.0 0.0 0.3 5.8 14:30 NW 4 5.8 9.8 12:30 0.3 00:00 12.5 0.0 0.0 0.2 4.0 10:00 NW 5 5.8 10.9 17:30 -1.3 3:00 12.5 0.0 0.0 0.3 5.4 7:00 W 6 9.4 14.8 12:00 4.4 00:00 8.9 0.0 0.0 0.6 6.3 14:30 NW 7 4.9 10.7 13:00 -1.0 6:00 13.4 0.0 0.0 0.4 5.4 15:00 NW 8 2.2 5.3 14:00 -0.6 00:00 16.1 0.0 1.8 0.6 7.2 16:00 NW 9 1.1 4.4 13:30 -1.3 3:00 17.2 0.0 0.8 0.1 4.5 13:30 NW 10 1.9 5.9 11:30 -3.1 4:00 16.4 0.0 0.2 0.2 4.0 17:30 NW 11 1.9 6.5 14:30 -4.3 6:00 16.3 0.0 0.0 0.3 4.5 15:30 NW 12 3.6 9.6 18:30 -4.6 6:00 14.7 0.0 0.0 0.2 4.5 16:00 SW 13 5.9 12.4 17:00 -1.5 5:30 12.3 0.0 0.0 0.4 5.8 13:30 SW 14 6.9 15.0 13:30 -2.2 5:30 11.4 0.0 0.8 0.4 7.2 16:30 SW 15 6.8 9.7 16:30 4.2 8:30 11.4 0.0 2.8 0.4 4.9 16:00 NW 16 6.0 11.7 11:30 -1.6 5:30 12.3 0.0 0.0 0.3 4.5 12:00 SE 17 8.3 11.4 14:30 5.1 5:00 10.0 0.0 0.0 1.3 9.8 17:30 S 18 11.3 16.1 17:30 7.6 5:30 7.0 0.0 0.0 0.6 7.6 19:30 SSE 19 15.0 19.1 12:00 11.8 4:30 3.4 0.0 0.0 0.9 8.5 2:30 S 20 13.5 18.6 11:30 7.2 5:30 4.8 0.0 0.0 0.4 4.5 13:30 NW 21 12.4 18.3 14:00 5.5 5:30 5.9 0.0 0.0 0.2 4.5 12:30 SW 22 11.1 13.8 19:30 8.8 00:00 7.2 0.0 0.0 0.4 4.9 20:30 SW 23 10.3 13.9 12:30 5.2 5:00 8.0 0.0 0.0 0.3 4.5 13:00 SW 24 12.9 19.6 14:00 7.1 6:00 5.4 0.0 0.0 0.2 4.5 19:30 NW 25 9.5 12.8 18:30 5.3 3:30 8.8 0.0 0.0 0.3 4.9 13:30 NW 26 10.6 14.9 12:30 6.7 2:30 7.7 0.0 0.0 0.4 5.4 15:00 NW 27 10.6 14.5 18:30 5.6 1:30 7.7 0.0 0.0 0.5 6.7 13:00 S 28 14.2 21.8 14:00 7.3 4:00 4.5 0.4 0.0 0.7 8.9 13:30 SE 29 10.4 13.3 0:30 5.7 00:00 7.9 0.0 0.6 0.5 4.9 14:00 NW 30 8.6 15.5 11:30 1.1 4:30 9.8 0.0 14.6 0.8 8.5 13:30 SSE 31 8.1 10.1 18:00 6.6 23:00 10.2 0.0 1.8 0.4 8.5 0:30 NW ------------------------------------------------------------------------------------- 7.9 21.8 28 -4.6 12 321.7 0.4 23.4 0.4 9.8 17 NW Max >= 32.0: 0 Max <= 0.0: 0 Min <= 0.0: 13 Min <= -18.0: 0 Max Rain: 14.60 ON 30.05.17 Days of Rain: 8 (> .2 mm) 2 (> 2 mm) 0 (> 20 mm) Heat Base: 18.3 Cool Base: 18.3 Method: Integration