NOAA-style Climate Reports

2019: Jan | Feb | Mar | Apr | May | Jun | Jul | Aug | Sep | Oct | Nov | Dec 
2018: Jan | Feb | Mar | Apr | May | Jun | Jul | Aug | Sep | Oct | Nov | Dec 
2017: Jan | Feb | Mar | Apr | May | Jun | Jul | Aug | Sep | Oct | Nov | Dec 
2016: Jan | Feb | Mar | Apr | May | Jun | Jul | Aug | Sep | Oct | Nov | Dec 
2015: Jan | Feb | Mar | Apr | May | Jun | Jul | Aug | Sep | Oct | Nov | Dec 
2014: Jan | Feb | Mar | Apr | May | Jun | Jul | Aug | Sep | Oct | Nov | Dec 
2013: Jan | Feb | Mar | Apr | May | Jun | Jul | Aug | Sep | Oct | Nov | Dec 
2012: Jan | Feb | Mar | Apr | May | Jun | Jul | Aug | Sep | Oct | Nov | Dec 
2011: Jan | Feb | Mar | Apr | May | Jun | Jul | Aug | Sep | Oct | Nov | Dec 
2010: Jan | Feb | Mar | Apr | May | Jun | Jul | Aug | Sep | Oct | Nov | Dec 
2009: Jan | Feb | Mar | Apr | May | Jun | Jul | Aug | Sep | Oct | Nov | Dec 
2008: Jan | Feb | Mar | Apr | May | Jun | Jul | Aug | Sep | Oct | Nov | Dec 
2007: Jan | Feb | Mar | Apr | May | Jun | Jul | Aug | Sep | Oct | Nov | Dec 
2006: Jan | Feb | Mar | Apr | May | Jun | Jul | Aug | Sep | Oct | Nov | Dec 

Report for 2017 02
MONTHLY CLIMATOLOGICAL SUMMARY for FEB. 2017 NAME: Station #1 CITY: Rauma STATE: Finland ELEV: 16 m LAT: 61 08' 38" N LONG: 21 31' 26" E TEMPERATURE (C), RAIN (mm), WIND SPEED (m/s) HEAT COOL AVG MEAN DEG DEG WIND DOM DAY TEMP HIGH TIME LOW TIME DAYS DAYS RAIN SPEED HIGH TIME DIR ------------------------------------------------------------------------------------ 1 -0.9 -0.4 15:00 -1.4 22:00 19.3 0.0 0.0 0.0 5.4 0:30 SW 2 -0.1 0.5 21:30 -1.4 0:30 18.4 0.0 0.0 1.0 7.2 8:00 S 3 0.6 0.9 15:00 0.2 19:30 17.8 0.0 0.0 0.8 7.2 6:00 S 4 0.7 1.3 13:30 0.4 0:30 17.6 0.0 1.8 0.0 2.2 0:30 S 5 -0.8 0.7 9:00 -3.7 21:00 19.1 0.0 0.2 0.3 6.3 12:30 SE 6 -6.3 -3.3 0:30 -11.7 00:00 24.6 0.0 0.0 0.3 6.7 0:30 SE 7 -12.3 -7.9 14:30 -15.3 8:30 30.6 0.0 0.0 0.0 4.0 13:30 SE 8 -11.3 -4.0 14:30 -15.2 00:00 29.6 0.0 0.0 0.0 2.2 13:30 SE 9 -12.9 -6.8 14:00 -16.6 4:00 31.2 0.0 0.0 0.0 4.0 14:30 SE 10 -8.9 -6.2 00:00 -13.1 0:30 27.2 0.0 0.0 0.0 2.7 3:00 SSE 11 -4.3 -1.7 00:00 -6.4 1:00 22.6 0.0 0.0 0.1 5.8 23:30 SW 12 -1.0 0.1 23:30 -2.2 6:00 19.3 0.0 0.0 0.6 6.3 22:30 SW 13 2.9 5.1 15:00 0.1 0:30 15.4 0.0 0.0 0.7 7.6 23:00 NW 14 2.5 5.3 14:00 -2.8 00:00 15.8 0.0 0.0 0.3 5.4 6:30 NW 15 -1.1 3.5 14:30 -4.9 6:00 19.4 0.0 0.2 0.4 5.8 16:30 SSE 16 -1.3 0.7 00:00 -4.6 4:30 19.6 0.0 0.8 0.0 3.1 12:30 S 17 1.8 3.9 14:30 0.5 8:30 16.5 0.0 1.4 0.1 7.2 23:30 WNW 18 2.4 3.4 14:00 1.4 00:00 15.9 0.0 0.0 0.7 8.9 00:00 NW 19 2.7 4.3 19:30 1.2 3:00 15.6 0.0 4.4 1.2 8.0 0:30 SW 20 0.2 2.6 0:30 -0.8 00:00 18.1 0.0 1.8 0.0 4.5 0:30 SE 21 -3.7 -0.8 0:30 -10.4 00:00 22.0 0.0 0.2 0.0 1.8 15:30 WNW 22 -4.8 -1.7 13:30 -10.9 2:00 23.1 0.0 0.0 1.5 14.3 19:30 SW 23 -1.8 0.3 2:00 -3.6 21:30 20.1 0.0 0.0 0.6 8.5 13:00 NW 24 -4.7 -2.8 0:30 -6.9 00:00 23.0 0.0 0.0 0.4 4.9 3:00 NW 25 -3.2 0.2 15:30 -7.9 6:00 21.5 0.0 0.0 0.2 7.2 13:00 NW 26 -1.8 -0.3 0:30 -6.3 00:00 20.1 0.0 0.0 0.0 3.1 11:30 SE 27 -5.7 1.0 00:00 -12.8 7:00 24.0 0.0 0.0 0.8 8.9 22:00 SE 28 2.6 3.4 10:00 0.9 0:30 15.7 0.0 2.6 1.4 8.9 14:00 SE ------------------------------------------------------------------------------------- -2.5 5.3 14 -16.6 9 583.0 0.0 13.4 0.4 14.3 22 SE Max >= 32.0: 0 Max <= 0.0: 11 Min <= 0.0: 21 Min <= -18.0: 0 Max Rain: 4.39 ON 19.02.17 Days of Rain: 9 (> .2 mm) 2 (> 2 mm) 0 (> 20 mm) Heat Base: 18.3 Cool Base: 18.3 Method: Integration