NOAA-style Climate Reports

2019: Jan | Feb | Mar | Apr | May | Jun | Jul | Aug | Sep | Oct | Nov | Dec 
2018: Jan | Feb | Mar | Apr | May | Jun | Jul | Aug | Sep | Oct | Nov | Dec 
2017: Jan | Feb | Mar | Apr | May | Jun | Jul | Aug | Sep | Oct | Nov | Dec 
2016: Jan | Feb | Mar | Apr | May | Jun | Jul | Aug | Sep | Oct | Nov | Dec 
2015: Jan | Feb | Mar | Apr | May | Jun | Jul | Aug | Sep | Oct | Nov | Dec 
2014: Jan | Feb | Mar | Apr | May | Jun | Jul | Aug | Sep | Oct | Nov | Dec 
2013: Jan | Feb | Mar | Apr | May | Jun | Jul | Aug | Sep | Oct | Nov | Dec 
2012: Jan | Feb | Mar | Apr | May | Jun | Jul | Aug | Sep | Oct | Nov | Dec 
2011: Jan | Feb | Mar | Apr | May | Jun | Jul | Aug | Sep | Oct | Nov | Dec 
2010: Jan | Feb | Mar | Apr | May | Jun | Jul | Aug | Sep | Oct | Nov | Dec 
2009: Jan | Feb | Mar | Apr | May | Jun | Jul | Aug | Sep | Oct | Nov | Dec 
2008: Jan | Feb | Mar | Apr | May | Jun | Jul | Aug | Sep | Oct | Nov | Dec 
2007: Jan | Feb | Mar | Apr | May | Jun | Jul | Aug | Sep | Oct | Nov | Dec 
2006: Jan | Feb | Mar | Apr | May | Jun | Jul | Aug | Sep | Oct | Nov | Dec 

Report for 2017 01
MONTHLY CLIMATOLOGICAL SUMMARY for JAN. 2017 NAME: Station #1 CITY: Rauma STATE: Finland ELEV: 16 m LAT: 61 08' 38" N LONG: 21 31' 26" E TEMPERATURE (C), RAIN (mm), WIND SPEED (m/s) HEAT COOL AVG MEAN DEG DEG WIND DOM DAY TEMP HIGH TIME LOW TIME DAYS DAYS RAIN SPEED HIGH TIME DIR ------------------------------------------------------------------------------------ 1 -0.2 3.9 1:30 -5.2 00:00 18.5 0.0 1.2 0.0 3.1 1:30 W 2 -4.4 -3.2 12:30 -6.8 00:00 22.8 0.0 0.0 0.0 0.4 4:30 W 3 -7.3 -5.3 4:30 -9.0 9:30 25.6 0.0 0.0 0.1 4.9 21:30 ESE 4 -11.2 -5.6 4:00 -16.2 22:00 29.5 0.0 0.0 0.2 6.3 5:30 ENE 5 -15.6 -12.4 13:30 -18.7 00:00 33.9 0.0 0.0 0.0 0.9 4:00 WNW 6 -11.1 -1.6 00:00 -19.3 4:30 29.4 0.0 0.0 0.9 11.2 23:30 SSE 7 -2.7 -0.2 14:00 -8.2 00:00 21.0 0.0 0.0 1.3 13.9 0:30 S 8 -3.9 0.3 23:30 -9.0 7:00 22.2 0.0 0.0 0.4 7.2 18:30 S 9 -0.1 1.3 00:00 -1.5 5:00 18.4 0.0 0.2 0.6 7.6 21:30 S 10 1.9 3.0 5:30 1.3 18:00 16.3 0.0 3.2 2.1 14.8 22:30 S 11 1.4 2.3 6:30 -0.6 00:00 16.9 0.0 0.0 4.2 16.1 17:30 S 12 -0.5 0.3 22:30 -1.5 1:30 18.8 0.0 0.0 3.4 16.5 4:30 SE 13 0.1 0.9 11:30 -0.9 23:00 18.2 0.0 0.2 0.2 4.9 16:30 S 14 -1.4 -0.7 13:30 -2.6 19:30 19.8 0.0 0.0 0.0 3.1 2:00 S 15 -6.8 -2.1 0:30 -9.8 9:30 25.1 0.0 0.0 0.0 0.4 15:00 S 16 -3.9 -2.9 7:30 -5.4 10:00 22.2 0.0 0.0 0.0 2.2 13:30 S 17 -1.4 0.4 22:00 -3.6 0:30 19.7 0.0 0.0 0.8 8.5 16:30 S 18 0.6 1.7 00:00 -0.3 14:30 17.7 0.0 0.0 0.9 8.0 14:30 S 19 1.9 5.2 19:00 -0.8 8:30 16.4 0.0 0.0 0.6 6.3 13:30 SW 20 0.8 2.7 0:30 -1.1 7:00 17.5 0.0 0.6 0.1 4.9 8:30 WNW 21 1.2 3.4 14:30 -1.8 19:00 17.1 0.0 0.2 0.2 4.5 22:30 WNW 22 1.8 3.2 1:30 -0.3 20:00 16.5 0.0 0.0 0.1 4.5 0:30 SW 23 1.7 3.8 21:00 0.2 4:00 16.6 0.0 0.0 0.6 6.3 2:30 SW 24 -1.9 2.4 0:30 -5.7 19:30 20.3 0.0 0.0 0.1 3.1 5:00 NW 25 -1.3 2.3 00:00 -4.6 3:30 19.7 0.0 0.2 1.9 13.0 18:30 S 26 2.8 4.3 14:00 1.1 23:30 15.5 0.0 0.0 0.7 8.9 1:00 WSW 27 1.2 5.1 14:30 -2.1 10:00 17.1 0.0 0.2 0.0 2.7 21:00 SW 28 1.1 2.6 14:00 -0.3 17:30 17.2 0.0 0.0 1.0 6.7 23:00 S 29 1.2 2.2 13:30 -0.1 1:00 17.1 0.0 0.0 2.0 11.6 20:30 S 30 1.4 2.6 14:00 -1.0 00:00 16.9 0.0 0.2 1.1 8.9 7:00 SW 31 -1.4 2.2 14:30 -5.1 9:30 19.7 0.0 0.2 0.1 5.8 00:00 WSW ------------------------------------------------------------------------------------- -1.8 5.2 19 -19.3 6 623.4 0.0 6.4 0.8 16.5 12 S Max >= 32.0: 0 Max <= 0.0: 9 Min <= 0.0: 28 Min <= -18.0: 2 Max Rain: 3.20 ON 10.01.17 Days of Rain: 10 (> .2 mm) 1 (> 2 mm) 0 (> 20 mm) Heat Base: 18.3 Cool Base: 18.3 Method: Integration