NOAA-style Climate Reports

2019: Jan | Feb | Mar | Apr | May | Jun | Jul | Aug | Sep | Oct | Nov | Dec 
2018: Jan | Feb | Mar | Apr | May | Jun | Jul | Aug | Sep | Oct | Nov | Dec 
2017: Jan | Feb | Mar | Apr | May | Jun | Jul | Aug | Sep | Oct | Nov | Dec 
2016: Jan | Feb | Mar | Apr | May | Jun | Jul | Aug | Sep | Oct | Nov | Dec 
2015: Jan | Feb | Mar | Apr | May | Jun | Jul | Aug | Sep | Oct | Nov | Dec 
2014: Jan | Feb | Mar | Apr | May | Jun | Jul | Aug | Sep | Oct | Nov | Dec 
2013: Jan | Feb | Mar | Apr | May | Jun | Jul | Aug | Sep | Oct | Nov | Dec 
2012: Jan | Feb | Mar | Apr | May | Jun | Jul | Aug | Sep | Oct | Nov | Dec 
2011: Jan | Feb | Mar | Apr | May | Jun | Jul | Aug | Sep | Oct | Nov | Dec 
2010: Jan | Feb | Mar | Apr | May | Jun | Jul | Aug | Sep | Oct | Nov | Dec 
2009: Jan | Feb | Mar | Apr | May | Jun | Jul | Aug | Sep | Oct | Nov | Dec 
2008: Jan | Feb | Mar | Apr | May | Jun | Jul | Aug | Sep | Oct | Nov | Dec 
2007: Jan | Feb | Mar | Apr | May | Jun | Jul | Aug | Sep | Oct | Nov | Dec 
2006: Jan | Feb | Mar | Apr | May | Jun | Jul | Aug | Sep | Oct | Nov | Dec 

Report for 2016 11
MONTHLY CLIMATOLOGICAL SUMMARY for NOV. 2016 NAME: Station #1 CITY: Rauma STATE: Finland ELEV: 16 m LAT: 61 08' 38" N LONG: 21 31' 26" E TEMPERATURE (C), RAIN (mm), WIND SPEED (m/s) HEAT COOL AVG MEAN DEG DEG WIND DOM DAY TEMP HIGH TIME LOW TIME DAYS DAYS RAIN SPEED HIGH TIME DIR ------------------------------------------------------------------------------------ 1 1.1 2.7 13:00 -0.3 0:30 17.2 0.0 0.0 0.2 5.4 22:30 SE 2 0.8 2.2 13:00 -1.7 21:30 17.5 0.0 0.0 0.2 7.2 1:30 ENE 3 -1.5 1.2 14:00 -4.2 00:00 19.8 0.0 0.0 0.0 1.3 1:30 WNW 4 -4.6 0.3 14:00 -8.1 8:00 22.9 0.0 0.0 0.0 1.3 12:30 SW 5 -5.7 -2.9 13:30 -8.4 21:00 24.0 0.0 0.0 0.0 3.1 13:00 SE 6 -6.7 -4.3 16:00 -9.1 7:30 25.0 0.0 0.0 0.0 4.0 12:30 ENE 7 -7.3 -5.6 15:00 -8.9 8:30 25.6 0.0 0.0 0.0 6.7 19:30 ENE 8 -6.2 -4.7 00:00 -7.1 0:30 24.5 0.0 0.0 0.0 4.9 6:00 ENE 9 -3.8 -3.2 13:30 -4.7 0:30 22.1 0.0 0.0 0.1 5.8 15:00 SE 10 -4.2 -2.1 15:00 -7.2 7:30 22.5 0.0 0.0 0.0 3.1 11:00 SE 11 -4.3 -2.2 15:00 -9.1 9:00 22.6 0.0 0.2 0.0 1.8 0:30 S 12 -0.4 1.5 13:00 -5.7 0:30 18.7 0.0 0.2 0.2 4.5 14:00 S 13 0.6 1.4 14:30 -0.8 6:30 17.7 0.0 0.4 0.0 4.5 0:30 SSE 14 -1.4 0.3 0:30 -3.4 18:30 19.8 0.0 0.0 0.3 5.4 23:30 SE 15 0.1 1.1 23:00 -1.3 8:30 18.2 0.0 1.6 1.6 9.4 9:30 SE 16 1.7 2.4 13:30 0.9 7:30 16.7 0.0 3.0 0.3 5.4 18:00 SE 17 4.1 5.1 8:30 2.3 0:30 14.2 0.0 1.6 1.4 8.5 8:30 S 18 4.4 7.1 21:30 2.4 0:30 13.8 0.0 19.4 1.7 13.9 20:00 SE 19 4.9 6.1 14:00 2.5 00:00 13.4 0.0 0.4 2.1 11.6 9:30 S 20 3.6 4.5 15:30 2.3 0:30 14.7 0.0 0.8 0.4 5.8 00:00 SE 21 6.5 8.4 12:00 3.8 0:30 11.8 0.0 1.4 1.9 16.5 12:30 S 22 6.2 6.9 1:30 5.1 17:00 12.2 0.0 1.4 2.1 13.0 22:30 SSE 23 6.5 6.9 18:30 6.2 0:30 11.8 0.0 0.8 1.9 11.2 9:00 S 24 3.8 6.3 0:30 1.6 10:00 14.6 0.0 8.2 0.8 6.7 11:00 NW 25 0.7 4.0 00:00 -1.1 15:30 17.6 0.0 2.2 0.5 10.3 00:00 SSE 26 4.3 6.1 13:30 2.2 00:00 14.0 0.0 8.0 0.9 8.0 14:30 NW 27 -0.8 2.3 1:30 -2.7 15:30 19.1 0.0 0.0 1.0 7.2 10:30 NW 28 -1.1 1.7 14:30 -4.3 00:00 19.3 0.0 0.0 0.0 4.9 2:00 NW 29 -3.8 2.7 21:00 -10.9 7:30 22.1 0.0 0.8 0.5 7.2 20:30 S 30 3.0 4.1 13:30 1.9 2:00 15.3 0.0 0.0 0.6 7.2 20:00 NW ------------------------------------------------------------------------------------- 0.0 8.4 21 -10.9 29 548.7 0.0 50.4 0.6 16.5 21 SE Max >= 32.0: 0 Max <= 0.0: 7 Min <= 0.0: 19 Min <= -18.0: 0 Max Rain: 19.41 ON 18.11.16 Days of Rain: 16 (> .2 mm) 5 (> 2 mm) 0 (> 20 mm) Heat Base: 18.3 Cool Base: 18.3 Method: Integration