NOAA-style Climate Reports

2019: Jan | Feb | Mar | Apr | May | Jun | Jul | Aug | Sep | Oct | Nov | Dec 
2018: Jan | Feb | Mar | Apr | May | Jun | Jul | Aug | Sep | Oct | Nov | Dec 
2017: Jan | Feb | Mar | Apr | May | Jun | Jul | Aug | Sep | Oct | Nov | Dec 
2016: Jan | Feb | Mar | Apr | May | Jun | Jul | Aug | Sep | Oct | Nov | Dec 
2015: Jan | Feb | Mar | Apr | May | Jun | Jul | Aug | Sep | Oct | Nov | Dec 
2014: Jan | Feb | Mar | Apr | May | Jun | Jul | Aug | Sep | Oct | Nov | Dec 
2013: Jan | Feb | Mar | Apr | May | Jun | Jul | Aug | Sep | Oct | Nov | Dec 
2012: Jan | Feb | Mar | Apr | May | Jun | Jul | Aug | Sep | Oct | Nov | Dec 
2011: Jan | Feb | Mar | Apr | May | Jun | Jul | Aug | Sep | Oct | Nov | Dec 
2010: Jan | Feb | Mar | Apr | May | Jun | Jul | Aug | Sep | Oct | Nov | Dec 
2009: Jan | Feb | Mar | Apr | May | Jun | Jul | Aug | Sep | Oct | Nov | Dec 
2008: Jan | Feb | Mar | Apr | May | Jun | Jul | Aug | Sep | Oct | Nov | Dec 
2007: Jan | Feb | Mar | Apr | May | Jun | Jul | Aug | Sep | Oct | Nov | Dec 
2006: Jan | Feb | Mar | Apr | May | Jun | Jul | Aug | Sep | Oct | Nov | Dec 

Report for 2016 09
MONTHLY CLIMATOLOGICAL SUMMARY for SEP. 2016 NAME: Station #1 CITY: Rauma STATE: Finland ELEV: 16 m LAT: 61 08' 38" N LONG: 21 31' 26" E TEMPERATURE (C), RAIN (mm), WIND SPEED (m/s) HEAT COOL AVG MEAN DEG DEG WIND DOM DAY TEMP HIGH TIME LOW TIME DAYS DAYS RAIN SPEED HIGH TIME DIR ------------------------------------------------------------------------------------ 1 16.9 18.9 17:00 14.7 0:30 1.4 0.0 0.0 1.3 9.4 10:30 SW 2 14.2 16.8 16:00 8.8 00:00 4.1 0.0 0.0 0.3 7.2 12:00 SW 3 12.8 15.9 12:00 7.6 2:00 5.5 0.0 3.0 0.2 5.8 13:00 SSE 4 14.1 17.3 15:00 12.5 6:00 4.2 0.0 4.6 0.0 4.9 8:30 W 5 12.9 17.7 14:00 6.7 00:00 5.3 0.0 0.2 0.1 2.7 12:30 W 6 11.8 18.8 17:30 1.9 7:30 6.5 0.0 0.0 1.1 9.8 16:30 SW 7 16.7 20.0 15:30 12.8 23:00 1.8 0.2 0.0 0.6 9.4 2:30 SW 8 13.6 16.1 14:30 6.7 00:00 4.7 0.0 0.0 0.1 4.9 2:00 WNW 9 11.3 18.3 17:30 3.4 6:30 6.9 0.0 0.0 0.1 4.5 16:30 SSE 10 15.8 18.7 18:30 12.8 0:30 2.5 0.0 0.0 0.5 5.8 15:00 SW 11 16.7 22.1 14:30 11.4 5:00 2.4 0.7 0.0 1.0 9.4 16:30 S 12 13.4 18.3 17:00 7.9 00:00 4.9 0.0 0.0 0.0 4.5 12:30 WNW 13 12.2 20.9 15:00 4.4 7:30 6.4 0.3 0.0 0.0 2.7 14:00 SSE 14 12.9 19.5 14:00 7.6 6:00 5.5 0.1 0.0 0.1 3.1 11:00 NW 15 13.7 17.6 15:00 9.8 2:30 4.6 0.0 0.0 0.1 3.1 18:00 NW 16 10.3 16.9 17:00 4.4 8:00 8.0 0.0 0.0 0.0 2.2 12:00 NNW 17 7.8 14.7 14:30 0.9 7:00 10.5 0.0 0.0 0.0 2.7 13:30 SE 18 8.3 14.4 15:00 1.9 3:30 10.0 0.0 0.0 0.0 4.5 16:30 WNW 19 10.9 16.4 17:30 4.1 3:00 7.3 0.0 0.0 0.0 4.0 13:00 SW 20 11.3 16.9 15:30 7.8 5:00 7.0 0.0 0.0 0.0 2.7 14:30 SE 21 10.7 17.4 17:00 5.6 8:00 7.6 0.0 0.0 0.0 3.1 14:00 SE 22 9.5 13.3 16:00 6.9 8:30 8.8 0.0 0.0 0.1 4.5 12:30 SE 23 8.6 11.1 13:30 7.5 7:30 9.7 0.0 0.0 0.0 1.8 12:30 WNW 24 9.5 13.0 17:30 6.2 3:30 8.8 0.0 0.0 0.0 4.0 21:30 SW 25 13.8 17.2 17:30 10.9 0:30 4.5 0.0 0.0 1.1 8.5 12:00 S 26 13.2 18.9 16:00 9.2 00:00 5.1 0.0 0.0 0.3 5.4 16:00 SSE 27 13.6 17.5 17:00 9.2 0:30 4.7 0.0 0.0 0.8 6.7 18:00 S 28 13.1 14.5 9:00 11.6 0:30 5.3 0.0 7.2 1.4 10.3 9:00 S 29 11.2 15.0 18:30 5.2 8:30 7.1 0.0 6.8 1.5 12.5 15:30 SW 30 13.1 14.2 16:00 11.3 7:00 5.3 0.0 2.0 2.0 12.5 7:00 SW ------------------------------------------------------------------------------------- 12.5 22.1 11 0.9 17 176.4 1.4 23.8 0.4 12.5 29 S Max >= 32.0: 0 Max <= 0.0: 0 Min <= 0.0: 0 Min <= -18.0: 0 Max Rain: 7.19 ON 28.09.16 Days of Rain: 6 (> .2 mm) 5 (> 2 mm) 0 (> 20 mm) Heat Base: 18.3 Cool Base: 18.3 Method: Integration