NOAA-style Climate Reports

2019: Jan | Feb | Mar | Apr | May | Jun | Jul | Aug | Sep | Oct | Nov | Dec 
2018: Jan | Feb | Mar | Apr | May | Jun | Jul | Aug | Sep | Oct | Nov | Dec 
2017: Jan | Feb | Mar | Apr | May | Jun | Jul | Aug | Sep | Oct | Nov | Dec 
2016: Jan | Feb | Mar | Apr | May | Jun | Jul | Aug | Sep | Oct | Nov | Dec 
2015: Jan | Feb | Mar | Apr | May | Jun | Jul | Aug | Sep | Oct | Nov | Dec 
2014: Jan | Feb | Mar | Apr | May | Jun | Jul | Aug | Sep | Oct | Nov | Dec 
2013: Jan | Feb | Mar | Apr | May | Jun | Jul | Aug | Sep | Oct | Nov | Dec 
2012: Jan | Feb | Mar | Apr | May | Jun | Jul | Aug | Sep | Oct | Nov | Dec 
2011: Jan | Feb | Mar | Apr | May | Jun | Jul | Aug | Sep | Oct | Nov | Dec 
2010: Jan | Feb | Mar | Apr | May | Jun | Jul | Aug | Sep | Oct | Nov | Dec 
2009: Jan | Feb | Mar | Apr | May | Jun | Jul | Aug | Sep | Oct | Nov | Dec 
2008: Jan | Feb | Mar | Apr | May | Jun | Jul | Aug | Sep | Oct | Nov | Dec 
2007: Jan | Feb | Mar | Apr | May | Jun | Jul | Aug | Sep | Oct | Nov | Dec 
2006: Jan | Feb | Mar | Apr | May | Jun | Jul | Aug | Sep | Oct | Nov | Dec 

Report for 2016 08
MONTHLY CLIMATOLOGICAL SUMMARY for AUG. 2016 NAME: Station #1 CITY: Rauma STATE: Finland ELEV: 16 m LAT: 61 08' 38" N LONG: 21 31' 26" E TEMPERATURE (C), RAIN (mm), WIND SPEED (m/s) HEAT COOL AVG MEAN DEG DEG WIND DOM DAY TEMP HIGH TIME LOW TIME DAYS DAYS RAIN SPEED HIGH TIME DIR ------------------------------------------------------------------------------------ 1 18.3 21.8 17:00 13.9 6:30 1.0 1.0 0.0 0.6 6.7 11:00 SW 2 17.4 20.8 16:30 13.2 6:00 1.4 0.5 0.0 0.8 8.9 11:00 SW 3 17.2 21.3 16:30 11.2 6:30 1.9 0.8 0.0 0.7 7.2 9:30 S 4 15.8 17.6 19:00 13.6 4:30 2.5 0.0 5.4 0.8 10.7 19:00 SE 5 17.8 22.9 15:00 12.2 6:00 1.8 1.4 0.0 0.4 5.8 13:30 SW 6 18.3 22.7 15:30 13.8 7:00 1.3 1.3 0.0 0.2 4.9 15:00 SSE 7 18.2 22.9 15:00 13.8 5:30 1.4 1.2 0.0 0.1 7.2 16:00 S 8 18.0 21.5 15:00 13.8 2:30 1.2 0.9 0.0 1.7 13.4 15:30 S 9 16.5 18.4 1:30 13.6 23:30 1.8 0.0 2.4 2.5 12.5 11:30 SW 10 15.4 17.9 13:30 11.9 00:00 2.9 0.0 1.8 1.9 13.4 13:30 S 11 12.4 16.8 14:00 9.2 7:00 5.9 0.0 1.4 0.4 10.7 13:00 SE 12 13.8 17.7 16:30 8.6 6:30 4.5 0.0 0.6 0.8 8.5 16:00 SW 13 14.4 17.0 18:00 10.0 00:00 3.9 0.0 11.0 0.9 8.0 5:30 SSE 14 12.9 15.8 12:00 9.3 1:30 5.4 0.0 4.4 0.1 5.4 17:00 NW 15 13.9 17.6 18:30 11.2 5:30 4.4 0.0 14.4 0.1 5.4 8:30 WNW 16 14.0 15.6 16:00 12.6 7:00 4.3 0.0 0.6 0.4 6.3 10:30 NW 17 15.9 20.4 18:00 12.8 6:30 2.7 0.3 0.0 0.2 9.8 17:30 WNW 18 15.0 16.9 11:30 12.7 7:00 3.3 0.0 3.0 0.2 6.7 11:00 SE 19 15.9 19.6 14:30 13.5 4:30 2.4 0.1 5.2 0.4 8.0 17:00 SE 20 16.1 20.4 18:00 12.9 6:30 2.4 0.2 0.0 0.4 6.3 19:00 SE 21 16.2 23.4 15:30 12.9 7:30 2.8 0.6 0.6 0.2 4.9 3:00 SE 22 15.3 16.4 9:00 13.2 23:00 3.0 0.0 10.2 0.2 4.9 16:30 WSW 23 15.6 19.9 15:00 13.3 0:30 2.8 0.1 0.0 0.4 4.9 4:00 S 24 14.9 20.0 16:30 10.4 3:30 3.6 0.2 0.0 0.0 4.0 14:30 WNW 25 15.7 19.8 17:30 11.4 1:30 2.8 0.1 0.0 0.4 6.3 10:30 SW 26 16.1 17.8 10:30 14.4 0:30 2.2 0.0 2.8 0.4 7.6 23:00 SE 27 16.8 19.1 3:00 13.8 00:00 1.5 0.0 0.2 1.6 13.4 12:30 SW 28 12.7 15.2 15:00 10.2 7:00 5.6 0.0 0.0 0.0 4.0 10:00 WNW 29 11.7 13.7 13:00 10.0 4:00 6.6 0.0 2.6 0.0 4.0 19:00 SE 30 13.1 16.7 16:00 9.2 00:00 5.3 0.0 0.2 0.1 4.9 18:00 WSW 31 13.5 20.3 17:30 5.6 6:30 5.0 0.2 0.0 0.5 8.9 21:30 S ------------------------------------------------------------------------------------- 15.4 23.4 21 5.6 31 97.5 8.8 66.8 0.6 13.4 8 S Max >= 32.0: 0 Max <= 0.0: 0 Min <= 0.0: 0 Min <= -18.0: 0 Max Rain: 14.40 ON 15.08.16 Days of Rain: 17 (> .2 mm) 10 (> 2 mm) 0 (> 20 mm) Heat Base: 18.3 Cool Base: 18.3 Method: Integration