NOAA-style Climate Reports

2019: Jan | Feb | Mar | Apr | May | Jun | Jul | Aug | Sep | Oct | Nov | Dec 
2018: Jan | Feb | Mar | Apr | May | Jun | Jul | Aug | Sep | Oct | Nov | Dec 
2017: Jan | Feb | Mar | Apr | May | Jun | Jul | Aug | Sep | Oct | Nov | Dec 
2016: Jan | Feb | Mar | Apr | May | Jun | Jul | Aug | Sep | Oct | Nov | Dec 
2015: Jan | Feb | Mar | Apr | May | Jun | Jul | Aug | Sep | Oct | Nov | Dec 
2014: Jan | Feb | Mar | Apr | May | Jun | Jul | Aug | Sep | Oct | Nov | Dec 
2013: Jan | Feb | Mar | Apr | May | Jun | Jul | Aug | Sep | Oct | Nov | Dec 
2012: Jan | Feb | Mar | Apr | May | Jun | Jul | Aug | Sep | Oct | Nov | Dec 
2011: Jan | Feb | Mar | Apr | May | Jun | Jul | Aug | Sep | Oct | Nov | Dec 
2010: Jan | Feb | Mar | Apr | May | Jun | Jul | Aug | Sep | Oct | Nov | Dec 
2009: Jan | Feb | Mar | Apr | May | Jun | Jul | Aug | Sep | Oct | Nov | Dec 
2008: Jan | Feb | Mar | Apr | May | Jun | Jul | Aug | Sep | Oct | Nov | Dec 
2007: Jan | Feb | Mar | Apr | May | Jun | Jul | Aug | Sep | Oct | Nov | Dec 
2006: Jan | Feb | Mar | Apr | May | Jun | Jul | Aug | Sep | Oct | Nov | Dec 

Report for 2016 07
MONTHLY CLIMATOLOGICAL SUMMARY for JUL. 2016 NAME: Station #1 CITY: Rauma STATE: Finland ELEV: 16 m LAT: 61 08' 38" N LONG: 21 31' 26" E TEMPERATURE (C), RAIN (mm), WIND SPEED (m/s) HEAT COOL AVG MEAN DEG DEG WIND DOM DAY TEMP HIGH TIME LOW TIME DAYS DAYS RAIN SPEED HIGH TIME DIR ------------------------------------------------------------------------------------ 1 18.8 23.4 16:00 15.5 6:00 0.8 1.3 0.8 1.5 10.3 18:00 S 2 20.9 26.4 17:30 15.7 4:30 0.5 3.1 0.0 2.1 12.5 18:30 SSE 3 16.1 20.3 0:30 13.2 00:00 2.3 0.1 11.0 0.4 6.3 3:00 SW 4 15.6 20.3 15:30 11.1 4:30 3.0 0.2 0.0 0.1 4.5 14:00 NW 5 16.0 19.2 18:30 12.3 1:30 2.3 0.0 0.0 0.4 6.3 12:30 NW 6 15.8 17.7 18:00 14.7 5:30 2.5 0.0 0.0 0.6 8.5 17:00 NW 7 13.1 15.3 0:30 11.3 14:00 5.2 0.0 6.2 0.4 7.2 8:00 NW 8 14.6 17.4 18:00 11.1 00:00 3.7 0.0 0.0 0.2 5.8 11:30 WNW 9 15.3 21.9 15:30 6.7 6:00 3.8 0.8 0.0 0.1 4.5 10:00 WNW 10 15.8 20.2 13:30 10.3 3:30 2.9 0.4 0.0 0.3 5.8 12:00 SW 11 16.0 22.3 16:00 8.8 4:30 3.0 0.7 0.2 0.9 8.9 16:00 SE 12 17.4 21.5 18:30 15.4 9:00 1.3 0.5 0.4 1.0 8.5 16:30 SW 13 17.5 20.5 18:30 15.7 6:00 1.0 0.3 0.0 0.8 8.0 14:30 SW 14 17.7 21.3 17:30 14.2 00:00 1.1 0.5 0.0 0.8 7.6 12:00 SW 15 14.5 17.6 11:30 10.4 5:00 3.8 0.0 5.2 0.0 2.2 21:00 ESE 16 17.4 21.8 16:30 13.9 0:30 1.5 0.6 0.0 0.8 9.4 17:00 S 17 18.0 20.9 17:30 14.5 00:00 0.7 0.4 0.0 1.2 8.9 13:30 S 18 15.7 20.8 15:30 9.2 5:30 3.1 0.4 0.0 0.2 4.9 15:00 W 19 15.8 20.7 14:00 10.0 4:30 3.0 0.5 0.0 0.2 4.5 10:30 NW 20 15.4 22.1 12:00 6.6 5:30 3.7 0.8 0.0 0.1 3.1 15:30 NW 21 17.7 22.4 20:00 10.6 6:00 2.0 1.4 0.0 0.0 4.9 11:30 W 22 17.2 19.7 16:00 13.2 4:30 1.4 0.4 0.0 0.0 3.1 15:30 SE 23 18.9 22.4 17:30 16.6 5:30 0.5 1.2 0.0 0.0 3.1 15:30 WNW 24 19.5 23.9 17:00 16.3 6:00 0.6 1.9 0.0 0.1 4.0 15:30 SW 25 20.2 25.9 15:00 13.1 6:00 1.3 3.2 0.0 0.3 5.8 15:00 S 26 20.6 25.7 13:30 13.4 5:30 1.0 3.3 0.0 0.3 6.3 19:00 S 27 19.8 23.1 17:00 14.7 00:00 0.2 1.7 0.0 0.4 6.7 14:00 SW 28 18.4 22.7 16:30 13.2 2:30 1.5 1.6 0.0 0.5 5.8 13:30 S 29 19.0 24.8 17:30 12.6 5:00 1.4 2.1 0.0 0.4 5.8 15:00 SW 30 18.7 24.5 13:00 13.7 5:30 1.1 1.5 3.2 0.2 6.3 13:30 SE 31 18.6 22.2 18:30 14.7 6:00 0.9 1.1 0.0 0.6 7.2 15:30 SW ------------------------------------------------------------------------------------- 17.3 26.4 2 6.6 20 61.4 30.1 27.0 0.5 12.5 2 SW Max >= 32.0: 0 Max <= 0.0: 0 Min <= 0.0: 0 Min <= -18.0: 0 Max Rain: 11.00 ON 03.07.16 Days of Rain: 7 (> .2 mm) 4 (> 2 mm) 0 (> 20 mm) Heat Base: 18.3 Cool Base: 18.3 Method: Integration