NOAA-style Climate Reports

2019: Jan | Feb | Mar | Apr | May | Jun | Jul | Aug | Sep | Oct | Nov | Dec 
2018: Jan | Feb | Mar | Apr | May | Jun | Jul | Aug | Sep | Oct | Nov | Dec 
2017: Jan | Feb | Mar | Apr | May | Jun | Jul | Aug | Sep | Oct | Nov | Dec 
2016: Jan | Feb | Mar | Apr | May | Jun | Jul | Aug | Sep | Oct | Nov | Dec 
2015: Jan | Feb | Mar | Apr | May | Jun | Jul | Aug | Sep | Oct | Nov | Dec 
2014: Jan | Feb | Mar | Apr | May | Jun | Jul | Aug | Sep | Oct | Nov | Dec 
2013: Jan | Feb | Mar | Apr | May | Jun | Jul | Aug | Sep | Oct | Nov | Dec 
2012: Jan | Feb | Mar | Apr | May | Jun | Jul | Aug | Sep | Oct | Nov | Dec 
2011: Jan | Feb | Mar | Apr | May | Jun | Jul | Aug | Sep | Oct | Nov | Dec 
2010: Jan | Feb | Mar | Apr | May | Jun | Jul | Aug | Sep | Oct | Nov | Dec 
2009: Jan | Feb | Mar | Apr | May | Jun | Jul | Aug | Sep | Oct | Nov | Dec 
2008: Jan | Feb | Mar | Apr | May | Jun | Jul | Aug | Sep | Oct | Nov | Dec 
2007: Jan | Feb | Mar | Apr | May | Jun | Jul | Aug | Sep | Oct | Nov | Dec 
2006: Jan | Feb | Mar | Apr | May | Jun | Jul | Aug | Sep | Oct | Nov | Dec 

Report for 2016 05
MONTHLY CLIMATOLOGICAL SUMMARY for MAY. 2016 NAME: Station #1 CITY: Rauma STATE: Finland ELEV: 16 m LAT: 61 08' 38" N LONG: 21 31' 26" E TEMPERATURE (C), RAIN (mm), WIND SPEED (m/s) HEAT COOL AVG MEAN DEG DEG WIND DOM DAY TEMP HIGH TIME LOW TIME DAYS DAYS RAIN SPEED HIGH TIME DIR ------------------------------------------------------------------------------------ 1 7.9 15.8 18:30 -1.3 6:00 10.4 0.0 0.0 0.0 4.0 14:00 WNW 2 9.3 15.2 16:30 1.8 4:00 9.0 0.0 0.0 0.5 7.2 21:00 S 3 11.3 17.7 15:00 4.1 6:00 7.0 0.0 0.0 0.5 5.8 16:00 S 4 10.0 16.4 18:30 1.3 5:30 8.3 0.0 0.0 0.2 4.5 14:00 SW 5 9.9 18.8 11:30 0.7 6:00 8.4 0.0 0.0 0.2 4.0 11:00 NW 6 9.8 15.7 18:30 2.0 6:00 8.5 0.0 0.0 0.3 5.8 13:30 SW 7 12.5 19.5 16:30 2.9 6:00 5.9 0.1 0.0 0.4 5.4 16:30 SW 8 14.2 20.0 15:30 7.0 6:00 4.2 0.2 0.0 0.7 7.6 16:30 SW 9 14.2 21.3 11:30 4.6 6:00 4.6 0.5 0.0 0.1 4.0 10:00 SSW 10 11.9 19.3 12:00 5.7 5:30 6.4 0.0 0.0 0.4 5.8 13:30 NW 11 9.1 13.1 15:00 3.6 6:00 9.2 0.0 0.0 0.4 5.4 16:30 NW 12 9.3 16.2 16:30 0.1 5:00 9.0 0.0 0.0 0.7 8.9 15:30 S 13 9.2 14.7 14:00 2.7 5:00 9.1 0.0 0.0 0.1 4.5 9:00 SSE 14 10.0 13.3 15:00 6.7 5:00 8.3 0.0 2.0 0.1 4.5 11:30 SE 15 8.9 10.3 10:30 7.7 22:00 9.4 0.0 14.4 0.0 3.1 19:30 NW 16 9.0 11.3 18:30 4.3 00:00 9.3 0.0 0.4 0.0 4.0 13:00 SW 17 7.9 11.6 13:30 1.7 4:30 10.4 0.0 0.0 0.6 6.7 18:30 S 18 9.6 14.8 13:30 4.6 4:00 8.7 0.0 0.0 1.2 8.5 10:30 S 19 10.8 15.6 15:00 6.7 4:00 7.5 0.0 0.0 1.3 8.0 15:00 S 20 12.7 18.4 12:30 5.8 5:30 5.6 0.0 0.0 0.4 5.4 15:30 S 21 11.0 15.5 11:00 5.1 4:30 7.3 0.0 0.0 0.2 5.4 16:30 SW 22 13.1 19.8 16:30 5.1 4:00 5.4 0.1 0.0 0.4 6.3 18:30 SW 23 17.2 23.7 16:00 10.3 5:00 2.6 1.6 0.0 1.2 8.0 16:00 SSE 24 16.1 22.4 13:30 10.3 00:00 2.9 0.7 0.0 0.2 4.9 14:30 WNW 25 12.8 17.3 13:30 9.1 2:00 5.5 0.0 0.0 0.3 4.5 17:00 NW 26 13.2 21.1 14:00 10.0 5:30 5.3 0.1 27.4 0.0 6.3 14:30 WNW 27 12.9 17.8 16:30 9.3 7:30 5.4 0.0 7.4 0.2 5.8 16:00 SE 28 15.3 20.7 15:30 9.9 5:00 3.3 0.3 0.0 0.4 7.6 12:00 SE 29 13.0 15.9 18:30 9.1 3:30 5.3 0.0 0.0 0.1 4.5 14:00 SE 30 17.1 23.4 13:30 12.4 3:30 2.2 1.0 0.0 0.1 4.5 13:00 NW 31 20.0 28.1 13:30 11.6 2:30 1.9 3.6 0.0 0.1 4.0 13:00 NW ------------------------------------------------------------------------------------- 11.9 28.1 31 -1.3 1 206.2 8.3 51.6 0.4 8.9 12 S Max >= 32.0: 0 Max <= 0.0: 0 Min <= 0.0: 1 Min <= -18.0: 0 Max Rain: 27.41 ON 26.05.16 Days of Rain: 5 (> .2 mm) 4 (> 2 mm) 1 (> 20 mm) Heat Base: 18.3 Cool Base: 18.3 Method: Integration