NOAA-style Climate Reports

2019: Jan | Feb | Mar | Apr | May | Jun | Jul | Aug | Sep | Oct | Nov | Dec 
2018: Jan | Feb | Mar | Apr | May | Jun | Jul | Aug | Sep | Oct | Nov | Dec 
2017: Jan | Feb | Mar | Apr | May | Jun | Jul | Aug | Sep | Oct | Nov | Dec 
2016: Jan | Feb | Mar | Apr | May | Jun | Jul | Aug | Sep | Oct | Nov | Dec 
2015: Jan | Feb | Mar | Apr | May | Jun | Jul | Aug | Sep | Oct | Nov | Dec 
2014: Jan | Feb | Mar | Apr | May | Jun | Jul | Aug | Sep | Oct | Nov | Dec 
2013: Jan | Feb | Mar | Apr | May | Jun | Jul | Aug | Sep | Oct | Nov | Dec 
2012: Jan | Feb | Mar | Apr | May | Jun | Jul | Aug | Sep | Oct | Nov | Dec 
2011: Jan | Feb | Mar | Apr | May | Jun | Jul | Aug | Sep | Oct | Nov | Dec 
2010: Jan | Feb | Mar | Apr | May | Jun | Jul | Aug | Sep | Oct | Nov | Dec 
2009: Jan | Feb | Mar | Apr | May | Jun | Jul | Aug | Sep | Oct | Nov | Dec 
2008: Jan | Feb | Mar | Apr | May | Jun | Jul | Aug | Sep | Oct | Nov | Dec 
2007: Jan | Feb | Mar | Apr | May | Jun | Jul | Aug | Sep | Oct | Nov | Dec 
2006: Jan | Feb | Mar | Apr | May | Jun | Jul | Aug | Sep | Oct | Nov | Dec 

Report for 2016 04
MONTHLY CLIMATOLOGICAL SUMMARY for APR. 2016 NAME: Station #1 CITY: Rauma STATE: Finland ELEV: 16 m LAT: 61 08' 38" N LONG: 21 31' 26" E TEMPERATURE (C), RAIN (mm), WIND SPEED (m/s) HEAT COOL AVG MEAN DEG DEG WIND DOM DAY TEMP HIGH TIME LOW TIME DAYS DAYS RAIN SPEED HIGH TIME DIR ------------------------------------------------------------------------------------ 1 1.2 3.9 16:00 -2.3 00:00 17.1 0.0 0.2 0.1 4.5 17:00 WSW 2 2.3 9.1 13:30 -4.2 6:00 16.0 0.0 0.6 0.4 5.8 14:00 SW 3 5.2 10.1 16:30 2.9 00:00 13.1 0.0 1.4 0.0 3.1 1:00 S 4 4.5 11.0 16:00 0.4 4:30 13.8 0.0 0.2 0.4 6.3 13:30 SE 5 4.7 7.2 14:30 2.7 7:00 13.6 0.0 1.6 0.5 5.8 15:30 SE 6 6.7 13.2 13:30 4.6 1:30 11.6 0.0 2.4 1.8 14.3 14:00 SE 7 6.2 7.4 11:30 4.2 00:00 12.1 0.0 3.4 2.5 11.6 18:00 S 8 5.0 6.9 15:00 2.6 00:00 13.3 0.0 2.6 1.3 9.4 2:00 S 9 3.4 7.3 15:30 0.5 4:30 14.9 0.0 2.0 0.1 4.5 11:30 SSE 10 3.1 8.1 15:00 -2.0 7:00 15.3 0.0 0.2 0.1 4.5 16:00 W 11 4.6 11.7 18:30 -2.8 7:00 13.8 0.0 0.2 0.0 2.7 14:00 SW 12 4.8 9.8 16:30 -0.7 00:00 13.5 0.0 0.0 0.4 6.3 14:30 SW 13 3.4 10.3 13:30 -3.1 7:00 14.9 0.0 0.0 0.2 3.1 13:30 NW 14 1.3 6.7 14:30 -2.9 00:00 17.0 0.0 0.0 0.4 6.7 18:00 NW 15 2.6 10.8 17:00 -5.4 4:30 15.7 0.0 0.0 0.8 9.4 17:00 S 16 7.7 13.7 16:00 2.3 3:00 10.7 0.0 0.0 1.7 12.1 14:00 SE 17 7.3 9.6 14:00 4.5 00:00 11.0 0.0 2.6 1.0 7.6 2:30 SSE 18 5.3 8.9 19:00 3.7 13:00 13.0 0.0 1.0 0.6 5.8 15:00 S 19 4.7 6.2 15:00 1.9 00:00 13.6 0.0 2.6 0.8 7.2 8:30 SW 20 2.8 4.2 14:30 -0.5 00:00 15.5 0.0 0.4 1.3 7.6 13:30 NW 21 4.3 10.2 18:00 -2.4 6:30 13.9 0.0 0.2 0.3 6.7 13:00 NW 22 3.2 7.7 16:30 -2.4 6:30 15.1 0.0 0.2 0.2 4.0 17:00 NW 23 2.6 8.4 13:30 -2.1 6:30 15.7 0.0 0.0 0.4 4.9 16:00 NW 24 2.7 7.9 15:30 -3.0 6:30 15.6 0.0 0.8 0.1 4.0 12:00 NW 25 1.7 3.2 20:30 0.4 00:00 16.6 0.0 18.2 0.9 11.6 13:00 SW 26 1.7 4.6 13:00 -1.2 6:00 16.6 0.0 3.2 0.1 4.5 17:30 NW 27 3.8 8.1 16:30 1.7 0:30 14.5 0.0 0.8 0.9 9.4 17:00 SSE 28 8.0 13.6 12:30 0.4 1:00 10.3 0.0 4.8 0.9 9.4 12:30 ESE 29 8.1 13.0 16:00 3.1 00:00 10.2 0.0 0.0 1.7 11.2 2:00 SE 30 6.1 13.7 12:00 -1.6 6:00 12.2 0.0 0.0 0.2 4.0 15:00 NW ------------------------------------------------------------------------------------- 4.3 13.7 30 -5.4 15 420.1 0.0 49.6 0.7 14.3 6 NW Max >= 32.0: 0 Max <= 0.0: 0 Min <= 0.0: 15 Min <= -18.0: 0 Max Rain: 18.21 ON 25.04.16 Days of Rain: 22 (> .2 mm) 9 (> 2 mm) 0 (> 20 mm) Heat Base: 18.3 Cool Base: 18.3 Method: Integration