NOAA-style Climate Reports

2019: Jan | Feb | Mar | Apr | May | Jun | Jul | Aug | Sep | Oct | Nov | Dec 
2018: Jan | Feb | Mar | Apr | May | Jun | Jul | Aug | Sep | Oct | Nov | Dec 
2017: Jan | Feb | Mar | Apr | May | Jun | Jul | Aug | Sep | Oct | Nov | Dec 
2016: Jan | Feb | Mar | Apr | May | Jun | Jul | Aug | Sep | Oct | Nov | Dec 
2015: Jan | Feb | Mar | Apr | May | Jun | Jul | Aug | Sep | Oct | Nov | Dec 
2014: Jan | Feb | Mar | Apr | May | Jun | Jul | Aug | Sep | Oct | Nov | Dec 
2013: Jan | Feb | Mar | Apr | May | Jun | Jul | Aug | Sep | Oct | Nov | Dec 
2012: Jan | Feb | Mar | Apr | May | Jun | Jul | Aug | Sep | Oct | Nov | Dec 
2011: Jan | Feb | Mar | Apr | May | Jun | Jul | Aug | Sep | Oct | Nov | Dec 
2010: Jan | Feb | Mar | Apr | May | Jun | Jul | Aug | Sep | Oct | Nov | Dec 
2009: Jan | Feb | Mar | Apr | May | Jun | Jul | Aug | Sep | Oct | Nov | Dec 
2008: Jan | Feb | Mar | Apr | May | Jun | Jul | Aug | Sep | Oct | Nov | Dec 
2007: Jan | Feb | Mar | Apr | May | Jun | Jul | Aug | Sep | Oct | Nov | Dec 
2006: Jan | Feb | Mar | Apr | May | Jun | Jul | Aug | Sep | Oct | Nov | Dec 

Report for 2016 03
MONTHLY CLIMATOLOGICAL SUMMARY for MAR. 2016 NAME: Station #1 CITY: Rauma STATE: Finland ELEV: 16 m LAT: 61 08' 38" N LONG: 21 31' 26" E TEMPERATURE (C), RAIN (mm), WIND SPEED (m/s) HEAT COOL AVG MEAN DEG DEG WIND DOM DAY TEMP HIGH TIME LOW TIME DAYS DAYS RAIN SPEED HIGH TIME DIR ------------------------------------------------------------------------------------ 1 -1.8 3.1 14:00 -5.4 4:30 20.1 0.0 0.2 0.6 8.5 12:30 S 2 -3.6 -0.3 14:30 -5.8 3:00 21.9 0.0 0.0 0.6 7.2 10:30 SE 3 -2.4 -0.1 15:30 -5.7 1:00 20.8 0.0 0.0 0.4 5.4 12:00 SE 4 -0.1 1.5 14:00 -1.3 0:30 18.4 0.0 0.0 0.7 7.6 12:00 SE 5 0.1 1.2 16:30 -0.6 4:00 18.2 0.0 0.0 0.0 4.0 2:30 SE 6 0.8 2.3 15:30 -0.6 7:00 17.5 0.0 0.0 0.0 3.1 12:00 SE 7 1.4 2.6 19:30 0.5 7:00 16.9 0.0 1.6 0.6 5.8 6:30 SE 8 2.1 3.4 13:30 0.9 00:00 16.2 0.0 0.0 0.7 5.8 1:30 SSE 9 1.1 3.2 16:30 -0.2 6:00 17.2 0.0 0.6 0.4 5.4 11:00 S 10 1.5 4.3 13:30 -0.6 00:00 16.8 0.0 0.0 0.5 5.8 14:00 S 11 -0.1 2.7 14:00 -1.8 21:00 18.4 0.0 0.2 0.0 3.1 0:30 S 12 -0.7 3.3 17:00 -2.6 8:00 19.0 0.0 0.0 0.1 2.7 1:00 SSE 13 0.1 1.9 15:00 -1.8 2:00 18.2 0.0 0.0 0.5 5.8 12:00 S 14 2.6 4.6 14:30 -0.3 1:30 15.7 0.0 0.0 0.2 3.1 11:30 NW 15 2.3 6.5 14:00 -0.7 4:00 16.0 0.0 0.0 0.2 5.4 16:00 SW 16 3.0 5.9 14:30 -0.9 3:00 15.3 0.0 0.0 0.4 8.0 16:30 NW 17 3.9 5.3 16:00 1.8 00:00 14.4 0.0 0.0 1.0 8.0 16:30 NW 18 -1.3 1.8 0:30 -5.9 00:00 19.6 0.0 0.2 0.8 7.2 14:00 NW 19 -2.2 1.3 16:00 -6.0 0:30 20.6 0.0 0.0 0.2 3.1 12:00 NW 20 -2.1 3.3 14:30 -7.3 2:00 20.4 0.0 0.2 0.0 4.0 15:00 NW 21 -1.7 3.1 13:30 -5.6 00:00 19.9 0.0 0.6 0.0 4.0 15:30 SE 22 -2.9 2.3 15:00 -9.3 6:00 21.2 0.0 0.0 0.4 6.3 16:30 S 23 -0.7 0.3 17:00 -2.2 6:30 19.0 0.0 1.6 1.3 9.8 13:30 SSE 24 0.4 3.8 16:00 -3.6 6:30 17.9 0.0 0.8 0.6 7.2 18:00 S 25 2.3 3.8 16:00 0.8 3:30 16.0 0.0 2.8 1.2 7.2 2:00 S 26 4.2 8.0 17:00 1.9 23:30 14.2 0.0 1.0 0.8 7.6 21:30 S 27 4.8 9.6 14:00 1.9 7:00 12.9 0.0 0.0 3.0 14.8 14:00 S 28 6.0 11.1 16:30 3.6 6:30 12.3 0.0 0.0 1.2 12.1 1:00 SSE 29 7.0 12.2 15:00 3.5 7:00 11.3 0.0 0.4 1.7 12.5 16:30 SE 30 4.6 8.6 16:00 1.3 00:00 13.7 0.0 0.2 0.2 4.0 0:30 SSE 31 1.2 5.3 15:30 -0.9 9:30 17.1 0.0 0.0 0.1 3.1 2:30 SSE ------------------------------------------------------------------------------------- 1.0 12.2 29 -9.3 22 537.0 0.0 10.4 0.6 14.8 27 SE Max >= 32.0: 0 Max <= 0.0: 2 Min <= 0.0: 22 Min <= -18.0: 0 Max Rain: 2.79 ON 25.03.16 Days of Rain: 13 (> .2 mm) 1 (> 2 mm) 0 (> 20 mm) Heat Base: 18.3 Cool Base: 18.3 Method: Integration