NOAA-style Climate Reports

2019: Jan | Feb | Mar | Apr | May | Jun | Jul | Aug | Sep | Oct | Nov | Dec 
2018: Jan | Feb | Mar | Apr | May | Jun | Jul | Aug | Sep | Oct | Nov | Dec 
2017: Jan | Feb | Mar | Apr | May | Jun | Jul | Aug | Sep | Oct | Nov | Dec 
2016: Jan | Feb | Mar | Apr | May | Jun | Jul | Aug | Sep | Oct | Nov | Dec 
2015: Jan | Feb | Mar | Apr | May | Jun | Jul | Aug | Sep | Oct | Nov | Dec 
2014: Jan | Feb | Mar | Apr | May | Jun | Jul | Aug | Sep | Oct | Nov | Dec 
2013: Jan | Feb | Mar | Apr | May | Jun | Jul | Aug | Sep | Oct | Nov | Dec 
2012: Jan | Feb | Mar | Apr | May | Jun | Jul | Aug | Sep | Oct | Nov | Dec 
2011: Jan | Feb | Mar | Apr | May | Jun | Jul | Aug | Sep | Oct | Nov | Dec 
2010: Jan | Feb | Mar | Apr | May | Jun | Jul | Aug | Sep | Oct | Nov | Dec 
2009: Jan | Feb | Mar | Apr | May | Jun | Jul | Aug | Sep | Oct | Nov | Dec 
2008: Jan | Feb | Mar | Apr | May | Jun | Jul | Aug | Sep | Oct | Nov | Dec 
2007: Jan | Feb | Mar | Apr | May | Jun | Jul | Aug | Sep | Oct | Nov | Dec 
2006: Jan | Feb | Mar | Apr | May | Jun | Jul | Aug | Sep | Oct | Nov | Dec 

Report for 2016 01
MONTHLY CLIMATOLOGICAL SUMMARY for JAN. 2016 NAME: Station #1 CITY: Rauma STATE: Finland ELEV: 16 m LAT: 61 08' 38" N LONG: 21 31' 26" E TEMPERATURE (C), RAIN (mm), WIND SPEED (m/s) HEAT COOL AVG MEAN DEG DEG WIND DOM DAY TEMP HIGH TIME LOW TIME DAYS DAYS RAIN SPEED HIGH TIME DIR ------------------------------------------------------------------------------------ 1 -4.4 -2.7 0:30 -5.4 7:30 22.8 0.0 0.0 1.3 10.3 10:00 SE 2 -9.4 -4.8 0:30 -12.9 21:00 27.8 0.0 0.0 0.1 4.9 1:30 SE 3 -8.9 -4.8 17:00 -13.0 1:00 27.2 0.0 0.0 0.0 0.4 10:00 SSE 4 -12.1 -9.2 1:30 -15.2 22:00 30.4 0.0 0.0 0.0 4.0 13:00 ESE 5 -17.0 -14.1 1:30 -19.3 10:30 35.3 0.0 0.0 0.0 0.9 2:00 ENE 6 -20.7 -18.7 14:00 -23.7 00:00 39.0 0.0 0.0 0.0 1.3 2:30 ENE 7 -23.2 -20.4 14:30 -25.3 10:00 41.5 0.0 0.0 0.1 1.3 11:00 SSE 8 -14.2 -9.4 14:30 -21.4 0:30 32.5 0.0 0.0 0.6 6.7 13:00 SE 9 -14.1 -10.9 13:30 -17.2 00:00 32.3 0.0 0.0 0.0 2.2 1:00 SE 10 -14.4 -9.0 00:00 -19.0 7:30 32.7 0.0 0.0 0.4 7.2 00:00 SE 11 -6.7 -5.5 11:30 -9.0 0:30 24.9 0.0 0.0 1.4 9.4 10:30 SE 12 -7.9 -5.5 0:30 -9.4 8:30 26.3 0.0 0.0 0.1 5.8 1:00 ENE 13 -10.0 -8.4 0:30 -10.7 10:00 28.3 0.0 0.0 0.0 2.7 6:00 NW 14 -10.7 -9.1 3:30 -15.8 23:30 29.0 0.0 0.0 0.0 1.8 0:30 NW 15 -6.0 -3.1 5:30 -15.3 0:30 24.3 0.0 0.0 0.0 3.1 4:30 NW 16 -11.1 -7.7 20:30 -15.4 2:30 29.4 0.0 0.0 0.0 0.0 --- --- 17 -7.0 -2.3 4:30 -12.3 0:30 25.3 0.0 0.0 0.0 0.0 --- --- 18 -11.1 -9.5 8:00 -12.6 12:00 29.4 0.0 0.0 0.0 0.0 --- --- 19 -13.7 -11.5 0:30 -16.3 00:00 32.0 0.0 0.0 0.0 0.0 --- --- 20 -15.1 -10.8 00:00 -17.9 6:30 33.4 0.0 0.0 0.0 1.3 14:00 SE 21 -13.3 -10.7 0:30 -16.6 10:30 31.6 0.0 0.0 0.0 0.4 1:00 SE 22 -9.7 -4.7 00:00 -14.5 2:30 28.0 0.0 0.0 0.4 4.5 12:00 SSE 23 -2.3 -0.9 14:00 -4.8 0:30 20.6 0.0 0.0 0.8 5.8 6:00 S 24 -0.6 0.3 13:30 -1.7 0:30 18.9 0.0 0.0 0.2 4.9 3:00 S 25 -0.6 0.3 8:00 -2.0 20:00 18.8 0.0 0.0 0.1 5.8 23:30 W 26 1.7 3.7 12:00 -1.9 0:30 16.6 0.0 30.4 1.1 9.4 6:30 SSE 27 2.4 3.4 12:00 1.3 9:00 15.9 0.0 5.4 0.7 7.2 2:00 S 28 1.9 4.2 11:00 0.3 20:30 16.4 0.0 7.0 0.9 9.8 12:00 NW 29 2.3 5.2 00:00 0.3 6:30 16.0 0.0 4.6 1.7 15.2 21:00 SW 30 3.8 4.9 0:30 1.9 00:00 14.5 0.0 0.0 2.9 13.4 17:30 SW 31 1.4 2.2 15:00 0.6 00:00 16.9 0.0 0.0 0.7 7.2 6:30 SW ------------------------------------------------------------------------------------- -8.1 5.2 29 -25.3 7 818.1 0.0 47.4 0.4 15.2 29 SE Max >= 32.0: 0 Max <= 0.0: 23 Min <= 0.0: 26 Min <= -18.0: 5 Max Rain: 30.40 ON 26.01.16 Days of Rain: 4 (> .2 mm) 4 (> 2 mm) 1 (> 20 mm) Heat Base: 18.3 Cool Base: 18.3 Method: Integration