NOAA-style Climate Reports

2019: Jan | Feb | Mar | Apr | May | Jun | Jul | Aug | Sep | Oct | Nov | Dec 
2018: Jan | Feb | Mar | Apr | May | Jun | Jul | Aug | Sep | Oct | Nov | Dec 
2017: Jan | Feb | Mar | Apr | May | Jun | Jul | Aug | Sep | Oct | Nov | Dec 
2016: Jan | Feb | Mar | Apr | May | Jun | Jul | Aug | Sep | Oct | Nov | Dec 
2015: Jan | Feb | Mar | Apr | May | Jun | Jul | Aug | Sep | Oct | Nov | Dec 
2014: Jan | Feb | Mar | Apr | May | Jun | Jul | Aug | Sep | Oct | Nov | Dec 
2013: Jan | Feb | Mar | Apr | May | Jun | Jul | Aug | Sep | Oct | Nov | Dec 
2012: Jan | Feb | Mar | Apr | May | Jun | Jul | Aug | Sep | Oct | Nov | Dec 
2011: Jan | Feb | Mar | Apr | May | Jun | Jul | Aug | Sep | Oct | Nov | Dec 
2010: Jan | Feb | Mar | Apr | May | Jun | Jul | Aug | Sep | Oct | Nov | Dec 
2009: Jan | Feb | Mar | Apr | May | Jun | Jul | Aug | Sep | Oct | Nov | Dec 
2008: Jan | Feb | Mar | Apr | May | Jun | Jul | Aug | Sep | Oct | Nov | Dec 
2007: Jan | Feb | Mar | Apr | May | Jun | Jul | Aug | Sep | Oct | Nov | Dec 
2006: Jan | Feb | Mar | Apr | May | Jun | Jul | Aug | Sep | Oct | Nov | Dec 

Report for 2015 11
MONTHLY CLIMATOLOGICAL SUMMARY for NOV. 2015 NAME: Station #1 CITY: Rauma STATE: Finland ELEV: 16 m LAT: 61 08' 38" N LONG: 21 31' 26" E TEMPERATURE (C), RAIN (mm), WIND SPEED (m/s) HEAT COOL AVG MEAN DEG DEG WIND DOM DAY TEMP HIGH TIME LOW TIME DAYS DAYS RAIN SPEED HIGH TIME DIR ------------------------------------------------------------------------------------ 1 9.2 10.5 14:00 7.7 18:00 9.1 0.0 0.0 0.8 9.4 6:00 SW 2 9.6 11.3 00:00 8.2 9:00 8.7 0.0 0.0 0.4 5.4 11:00 SW 3 9.6 12.7 4:00 7.2 19:30 8.7 0.0 0.0 0.4 7.2 22:00 SW 4 8.1 11.3 13:00 4.0 9:00 10.2 0.0 0.0 0.2 5.8 0:30 NW 5 4.1 8.9 13:00 -1.6 9:00 14.2 0.0 0.2 0.0 4.0 21:30 SSE 6 8.7 9.9 14:30 7.2 2:00 9.7 0.0 0.6 0.6 5.4 12:00 S 7 8.4 9.2 1:00 7.3 16:00 9.9 0.0 4.2 1.3 10.7 12:00 SSE 8 7.2 8.6 0:30 4.0 00:00 11.1 0.0 0.0 0.2 4.5 18:00 SW 9 5.8 8.8 19:00 0.5 4:00 12.5 0.0 5.8 1.0 8.0 15:30 SSE 10 5.6 6.8 15:00 3.7 8:00 12.8 0.0 2.8 0.0 2.2 0:30 W 11 4.6 7.8 14:00 0.7 00:00 13.7 0.0 0.0 0.2 4.5 10:30 NW 12 2.4 5.1 14:00 -1.3 4:30 15.9 0.0 0.2 0.0 1.3 8:00 S 13 4.7 9.1 00:00 1.3 8:30 13.6 0.0 7.4 1.0 9.4 00:00 SE 14 5.9 8.3 0:30 3.8 00:00 12.4 0.0 5.6 0.6 8.9 2:30 S 15 3.7 4.3 6:00 2.4 22:30 14.6 0.0 3.2 0.0 2.2 9:00 SE 16 1.9 4.4 00:00 -0.5 6:00 16.3 0.0 0.8 0.2 5.8 22:00 SE 17 5.7 6.8 7:30 2.7 00:00 12.7 0.0 3.0 1.2 9.4 3:30 S 18 3.1 3.7 11:30 2.2 4:00 15.2 0.0 1.0 0.0 2.7 3:00 SE 19 3.2 4.3 11:00 2.4 3:30 15.1 0.0 3.0 0.0 1.3 1:30 S 20 2.1 2.9 1:00 0.3 23:00 16.3 0.0 0.6 0.0 1.8 00:00 SW 21 1.4 3.2 1:30 0.1 00:00 16.9 0.0 12.6 0.2 5.8 16:30 NW 22 -0.4 0.6 13:00 -1.4 19:30 18.7 0.0 0.6 0.0 1.3 1:00 NW 23 -2.3 -0.9 1:00 -4.4 22:30 20.6 0.0 0.0 0.0 0.0 --- --- 24 -0.1 3.3 00:00 -3.9 2:30 18.4 0.0 7.2 0.4 4.9 15:00 SSE 25 4.4 5.0 15:00 3.3 0:30 13.9 0.0 9.2 1.5 8.5 23:30 S 26 3.8 4.6 00:00 3.3 18:30 14.4 0.0 4.4 1.2 12.5 23:00 S 27 6.9 8.8 20:00 4.6 0:30 11.4 0.0 1.8 2.6 12.1 1:30 SW 28 6.6 8.5 0:30 5.3 18:00 11.7 0.0 6.4 3.2 14.8 17:00 S 29 3.5 5.8 0:30 1.3 9:00 14.8 0.0 5.6 1.0 11.6 19:00 SSE 30 3.5 4.9 9:00 2.4 4:00 14.8 0.0 9.6 0.7 8.0 00:00 SE ------------------------------------------------------------------------------------- 4.7 12.7 3 -4.4 23 408.4 0.0 95.7 0.6 14.8 28 S Max >= 32.0: 0 Max <= 0.0: 1 Min <= 0.0: 6 Min <= -18.0: 0 Max Rain: 12.60 ON 21.11.15 Days of Rain: 23 (> .2 mm) 15 (> 2 mm) 0 (> 20 mm) Heat Base: 18.3 Cool Base: 18.3 Method: Integration