NOAA-style Climate Reports

2019: Jan | Feb | Mar | Apr | May | Jun | Jul | Aug | Sep | Oct | Nov | Dec 
2018: Jan | Feb | Mar | Apr | May | Jun | Jul | Aug | Sep | Oct | Nov | Dec 
2017: Jan | Feb | Mar | Apr | May | Jun | Jul | Aug | Sep | Oct | Nov | Dec 
2016: Jan | Feb | Mar | Apr | May | Jun | Jul | Aug | Sep | Oct | Nov | Dec 
2015: Jan | Feb | Mar | Apr | May | Jun | Jul | Aug | Sep | Oct | Nov | Dec 
2014: Jan | Feb | Mar | Apr | May | Jun | Jul | Aug | Sep | Oct | Nov | Dec 
2013: Jan | Feb | Mar | Apr | May | Jun | Jul | Aug | Sep | Oct | Nov | Dec 
2012: Jan | Feb | Mar | Apr | May | Jun | Jul | Aug | Sep | Oct | Nov | Dec 
2011: Jan | Feb | Mar | Apr | May | Jun | Jul | Aug | Sep | Oct | Nov | Dec 
2010: Jan | Feb | Mar | Apr | May | Jun | Jul | Aug | Sep | Oct | Nov | Dec 
2009: Jan | Feb | Mar | Apr | May | Jun | Jul | Aug | Sep | Oct | Nov | Dec 
2008: Jan | Feb | Mar | Apr | May | Jun | Jul | Aug | Sep | Oct | Nov | Dec 
2007: Jan | Feb | Mar | Apr | May | Jun | Jul | Aug | Sep | Oct | Nov | Dec 
2006: Jan | Feb | Mar | Apr | May | Jun | Jul | Aug | Sep | Oct | Nov | Dec 

Report for 2015 08
MONTHLY CLIMATOLOGICAL SUMMARY for AUG. 2015 NAME: Station #1 CITY: Rauma STATE: Finland ELEV: 16 m LAT: 61 08' 38" N LONG: 21 31' 26" E TEMPERATURE (C), RAIN (mm), WIND SPEED (m/s) HEAT COOL AVG MEAN DEG DEG WIND DOM DAY TEMP HIGH TIME LOW TIME DAYS DAYS RAIN SPEED HIGH TIME DIR ------------------------------------------------------------------------------------ 1 14.5 16.6 18:30 13.4 6:00 3.8 0.0 0.0 0.5 9.4 14:00 NW 2 14.8 18.9 17:30 9.7 4:00 3.5 0.0 0.8 0.8 8.9 10:00 SW 3 15.2 18.6 14:30 12.1 3:00 3.1 0.0 0.0 0.3 5.8 14:30 WNW 4 16.4 22.0 17:00 9.1 6:00 2.9 1.0 0.0 0.3 4.9 12:30 SW 5 16.0 23.5 13:30 9.0 5:30 3.2 0.9 0.8 0.8 8.0 11:30 SE 6 17.2 20.8 12:00 13.0 6:30 1.6 0.5 0.0 0.4 5.4 2:00 SW 7 18.5 24.7 18:00 12.2 2:30 1.7 1.9 0.0 0.6 6.7 19:30 SW 8 18.4 21.4 18:30 15.5 1:30 0.8 0.9 0.0 0.7 6.7 12:30 SW 9 17.8 22.1 14:30 12.7 6:30 1.6 1.1 0.0 0.1 4.0 12:30 WNW 10 17.2 23.2 12:30 10.2 5:30 2.7 1.6 0.0 0.3 5.8 17:30 SW 11 17.6 24.8 16:30 10.9 6:00 2.2 1.5 1.0 0.2 5.4 19:30 SSE 12 16.6 20.4 17:00 12.2 5:00 2.0 0.3 0.0 0.3 6.3 17:00 S 13 15.1 17.2 16:00 11.9 00:00 3.2 0.0 0.0 0.3 7.2 17:00 NW 14 14.7 20.6 17:00 7.4 5:30 3.9 0.3 0.0 0.4 6.3 11:30 SW 15 15.3 22.5 15:30 7.8 5:30 3.8 0.8 0.0 0.1 5.4 13:30 SE 16 16.2 24.1 17:00 9.3 5:00 3.6 1.5 0.0 0.1 5.4 14:00 SE 17 15.3 24.5 16:00 6.7 6:00 4.4 1.4 0.0 0.0 4.9 15:30 SE 18 16.0 25.5 16:30 6.6 6:00 4.1 1.8 0.0 0.1 4.5 12:00 SE 19 15.7 23.9 12:30 7.0 7:00 3.9 1.3 0.0 0.1 6.3 16:30 SSE 20 15.1 21.3 17:00 8.0 6:00 3.9 0.7 0.0 0.1 4.0 16:00 SW 21 15.4 21.8 18:00 7.6 6:00 3.9 0.9 0.0 0.4 5.4 10:00 SW 22 15.5 22.2 18:00 7.8 7:00 3.9 1.2 0.0 0.1 4.5 11:00 SW 23 16.4 26.4 15:30 6.8 7:00 4.0 2.2 0.0 0.0 4.5 14:30 SE 24 18.1 26.6 16:30 8.9 6:30 3.0 2.8 0.0 0.2 4.9 13:00 SE 25 19.7 26.5 15:30 12.2 5:30 1.9 3.3 0.0 0.5 7.6 17:00 SE 26 16.9 19.7 0:30 14.1 00:00 1.4 0.0 10.4 0.4 6.7 8:30 SE 27 17.2 21.7 17:00 12.3 3:00 1.8 0.7 0.2 0.9 8.0 00:00 S 28 17.2 19.4 17:30 15.0 23:00 1.2 0.1 5.6 1.0 11.2 2:30 SW 29 15.7 18.9 15:30 10.8 00:00 2.7 0.0 0.0 0.2 6.7 17:00 WSW 30 13.8 18.9 15:30 8.7 6:00 4.4 0.0 0.0 0.3 7.6 14:00 SW 31 14.5 21.8 15:30 6.7 7:00 4.6 0.8 0.0 0.1 4.0 16:30 SW ------------------------------------------------------------------------------------- 16.3 26.6 24 6.6 18 92.7 29.7 18.7 0.4 11.2 28 SW Max >= 32.0: 0 Max <= 0.0: 0 Min <= 0.0: 0 Min <= -18.0: 0 Max Rain: 10.39 ON 26.08.15 Days of Rain: 6 (> .2 mm) 2 (> 2 mm) 0 (> 20 mm) Heat Base: 18.3 Cool Base: 18.3 Method: Integration