NOAA-style Climate Reports

2019: Jan | Feb | Mar | Apr | May | Jun | Jul | Aug | Sep | Oct | Nov | Dec 
2018: Jan | Feb | Mar | Apr | May | Jun | Jul | Aug | Sep | Oct | Nov | Dec 
2017: Jan | Feb | Mar | Apr | May | Jun | Jul | Aug | Sep | Oct | Nov | Dec 
2016: Jan | Feb | Mar | Apr | May | Jun | Jul | Aug | Sep | Oct | Nov | Dec 
2015: Jan | Feb | Mar | Apr | May | Jun | Jul | Aug | Sep | Oct | Nov | Dec 
2014: Jan | Feb | Mar | Apr | May | Jun | Jul | Aug | Sep | Oct | Nov | Dec 
2013: Jan | Feb | Mar | Apr | May | Jun | Jul | Aug | Sep | Oct | Nov | Dec 
2012: Jan | Feb | Mar | Apr | May | Jun | Jul | Aug | Sep | Oct | Nov | Dec 
2011: Jan | Feb | Mar | Apr | May | Jun | Jul | Aug | Sep | Oct | Nov | Dec 
2010: Jan | Feb | Mar | Apr | May | Jun | Jul | Aug | Sep | Oct | Nov | Dec 
2009: Jan | Feb | Mar | Apr | May | Jun | Jul | Aug | Sep | Oct | Nov | Dec 
2008: Jan | Feb | Mar | Apr | May | Jun | Jul | Aug | Sep | Oct | Nov | Dec 
2007: Jan | Feb | Mar | Apr | May | Jun | Jul | Aug | Sep | Oct | Nov | Dec 
2006: Jan | Feb | Mar | Apr | May | Jun | Jul | Aug | Sep | Oct | Nov | Dec 

Report for 2015 07
MONTHLY CLIMATOLOGICAL SUMMARY for JUL. 2015 NAME: Station #1 CITY: Rauma STATE: Finland ELEV: 16 m LAT: 61 08' 38" N LONG: 21 31' 26" E TEMPERATURE (C), RAIN (mm), WIND SPEED (m/s) HEAT COOL AVG MEAN DEG DEG WIND DOM DAY TEMP HIGH TIME LOW TIME DAYS DAYS RAIN SPEED HIGH TIME DIR ------------------------------------------------------------------------------------ 1 15.7 20.3 17:30 10.8 5:30 2.9 0.2 0.0 0.1 4.5 7:00 NW 2 19.8 27.4 17:00 9.4 5:00 2.3 3.8 0.0 0.4 6.3 18:30 S 3 22.4 27.4 17:00 19.1 6:00 0.0 4.1 0.0 1.7 9.8 17:30 SW 4 18.9 21.8 14:00 14.5 00:00 0.6 1.3 0.0 0.4 7.2 0:30 NW 5 16.9 21.2 15:00 11.7 4:00 2.1 0.8 0.0 0.1 5.4 14:00 WNW 6 16.8 22.7 13:00 11.0 00:00 2.5 1.0 4.0 1.0 8.9 17:30 SE 7 13.7 15.4 18:30 10.8 1:00 4.6 0.0 15.8 0.9 8.0 12:00 SW 8 14.8 17.6 14:00 13.4 4:30 3.5 0.0 11.0 0.4 5.4 1:00 SE 9 15.8 19.4 18:30 13.1 6:00 2.5 0.0 4.4 0.8 8.0 19:00 S 10 15.1 18.8 12:00 12.6 5:00 3.2 0.0 4.2 0.1 4.0 14:30 SE 11 15.3 19.1 14:30 12.0 1:30 3.0 0.0 0.2 0.1 5.4 21:00 W 12 13.6 15.6 19:00 11.6 3:30 4.7 0.0 0.0 0.0 3.1 15:30 WNW 13 14.0 17.9 16:00 9.7 6:30 4.3 0.0 0.0 0.0 4.9 17:30 WNW 14 14.9 20.6 12:30 8.3 3:30 3.7 0.3 0.0 0.0 3.1 17:00 WNW 15 15.7 21.1 16:30 10.7 4:00 2.9 0.3 0.2 0.1 4.5 11:00 SW 16 16.2 19.4 16:30 12.7 0:30 2.2 0.0 0.0 0.2 4.5 16:30 SW 17 15.1 18.9 15:00 12.4 00:00 3.2 0.0 8.6 0.1 4.9 19:00 NW 18 13.7 19.3 11:30 7.8 5:30 4.7 0.0 3.0 0.8 8.5 18:00 S 19 15.3 18.2 18:30 11.8 00:00 3.0 0.0 0.0 1.0 8.9 14:00 SW 20 14.6 19.1 15:00 8.9 5:00 3.8 0.1 0.0 0.1 5.4 18:00 WNW 21 16.1 21.6 15:30 11.5 1:30 2.8 0.6 0.8 0.5 7.6 18:30 SW 22 14.5 18.2 17:00 11.9 4:00 3.8 0.0 3.4 0.2 5.8 15:00 SE 23 14.7 20.0 16:00 8.6 4:00 3.8 0.1 0.4 0.5 7.6 15:00 SW 24 15.3 17.4 12:30 11.3 00:00 3.0 0.0 0.8 0.6 7.6 15:30 SW 25 15.7 20.3 15:30 10.1 2:00 2.8 0.3 0.6 0.3 7.2 15:00 SW 26 14.6 18.5 18:00 12.2 1:30 3.7 0.0 16.6 1.3 9.4 15:00 SE 27 14.6 16.2 15:00 12.8 00:00 3.7 0.0 1.8 1.8 9.8 8:30 S 28 15.1 21.2 17:30 9.4 6:00 3.4 0.2 0.0 0.2 5.4 1:00 SE 29 16.2 22.2 15:30 9.8 5:30 3.1 0.9 0.0 0.1 4.5 16:30 WNW 30 13.7 17.8 18:00 8.7 6:00 4.6 0.0 9.8 0.1 4.0 11:00 W 31 13.7 15.7 18:00 12.2 6:00 4.6 0.0 1.6 0.3 6.3 11:30 NW ------------------------------------------------------------------------------------- 15.6 27.4 2 7.8 18 99.0 14.1 87.2 0.5 9.8 3 SW Max >= 32.0: 0 Max <= 0.0: 0 Min <= 0.0: 0 Min <= -18.0: 0 Max Rain: 16.61 ON 26.07.15 Days of Rain: 18 (> .2 mm) 10 (> 2 mm) 0 (> 20 mm) Heat Base: 18.3 Cool Base: 18.3 Method: Integration