NOAA-style Climate Reports

2019: Jan | Feb | Mar | Apr | May | Jun | Jul | Aug | Sep | Oct | Nov | Dec 
2018: Jan | Feb | Mar | Apr | May | Jun | Jul | Aug | Sep | Oct | Nov | Dec 
2017: Jan | Feb | Mar | Apr | May | Jun | Jul | Aug | Sep | Oct | Nov | Dec 
2016: Jan | Feb | Mar | Apr | May | Jun | Jul | Aug | Sep | Oct | Nov | Dec 
2015: Jan | Feb | Mar | Apr | May | Jun | Jul | Aug | Sep | Oct | Nov | Dec 
2014: Jan | Feb | Mar | Apr | May | Jun | Jul | Aug | Sep | Oct | Nov | Dec 
2013: Jan | Feb | Mar | Apr | May | Jun | Jul | Aug | Sep | Oct | Nov | Dec 
2012: Jan | Feb | Mar | Apr | May | Jun | Jul | Aug | Sep | Oct | Nov | Dec 
2011: Jan | Feb | Mar | Apr | May | Jun | Jul | Aug | Sep | Oct | Nov | Dec 
2010: Jan | Feb | Mar | Apr | May | Jun | Jul | Aug | Sep | Oct | Nov | Dec 
2009: Jan | Feb | Mar | Apr | May | Jun | Jul | Aug | Sep | Oct | Nov | Dec 
2008: Jan | Feb | Mar | Apr | May | Jun | Jul | Aug | Sep | Oct | Nov | Dec 
2007: Jan | Feb | Mar | Apr | May | Jun | Jul | Aug | Sep | Oct | Nov | Dec 
2006: Jan | Feb | Mar | Apr | May | Jun | Jul | Aug | Sep | Oct | Nov | Dec 

Report for 2015 05
MONTHLY CLIMATOLOGICAL SUMMARY for MAY. 2015 NAME: Station #1 CITY: Rauma STATE: Finland ELEV: 16 m LAT: 61 08' 38" N LONG: 21 31' 26" E TEMPERATURE (C), RAIN (mm), WIND SPEED (m/s) HEAT COOL AVG MEAN DEG DEG WIND DOM DAY TEMP HIGH TIME LOW TIME DAYS DAYS RAIN SPEED HIGH TIME DIR ------------------------------------------------------------------------------------ 1 10.3 15.7 16:30 4.9 2:30 8.0 0.0 0.0 1.5 10.7 14:30 SE 2 8.7 13.3 13:30 3.4 00:00 9.6 0.0 0.0 0.4 5.4 0:30 NW 3 5.7 7.9 17:00 1.3 00:00 12.7 0.0 0.0 0.4 5.4 16:30 NW 4 6.6 13.1 13:30 -2.2 6:00 11.7 0.0 0.0 0.5 7.6 17:30 SE 5 10.4 14.4 13:00 7.2 3:30 7.9 0.0 0.0 1.0 6.7 11:30 SE 6 9.9 11.6 14:00 7.8 4:30 8.3 0.0 2.6 1.5 14.3 14:30 SE 7 11.5 18.8 16:30 5.8 5:30 6.8 0.0 0.0 1.4 9.8 14:30 SE 8 9.0 12.4 18:30 6.1 5:00 9.3 0.0 0.0 1.2 9.4 20:00 S 9 7.0 10.6 19:00 3.1 00:00 11.3 0.0 0.8 1.3 9.4 4:00 SW 10 6.9 11.4 13:00 1.8 6:00 11.4 0.0 2.0 0.8 8.9 10:30 SE 11 8.4 14.1 16:00 4.5 7:30 9.9 0.0 0.0 1.3 11.2 18:30 SW 12 10.3 15.0 16:30 6.9 6:30 8.0 0.0 1.6 2.1 10.7 21:00 S 13 6.8 8.7 7:00 5.6 16:30 11.5 0.0 17.4 1.5 12.1 20:30 NW 14 6.8 8.6 13:30 5.6 21:30 11.5 0.0 1.0 1.1 8.0 0:30 NW 15 5.9 8.8 18:00 3.6 6:00 12.4 0.0 1.4 0.6 6.3 14:00 NW 16 6.9 10.5 17:00 3.3 5:00 11.4 0.0 0.0 0.3 4.5 16:00 NW 17 7.4 12.3 16:00 1.3 6:00 10.9 0.0 0.0 0.2 4.9 14:30 WNW 18 9.1 13.6 11:00 6.2 00:00 9.2 0.0 0.0 0.3 3.1 6:30 NW 19 8.9 14.3 18:00 3.8 6:30 9.4 0.0 0.6 0.1 4.5 14:00 NW 20 10.0 15.0 16:30 6.8 2:30 8.3 0.0 4.8 1.2 9.4 18:30 SW 21 10.7 14.6 14:00 6.2 00:00 7.6 0.0 0.0 0.4 5.4 15:00 SSE 22 10.9 16.1 12:30 4.1 2:30 7.4 0.0 0.0 2.0 13.0 14:00 S 23 9.7 12.1 17:00 7.7 8:30 8.6 0.0 3.2 2.0 13.4 7:30 SW 24 8.5 11.5 18:00 4.9 00:00 9.8 0.0 0.0 0.4 5.8 12:00 NW 25 11.5 15.6 16:00 4.8 0:30 6.8 0.0 0.0 1.3 7.6 14:30 SSE 26 10.5 15.7 13:30 7.9 5:00 7.8 0.0 4.0 0.8 8.9 13:00 SSE 27 9.7 13.2 14:30 5.3 00:00 8.6 0.0 0.0 0.5 5.8 11:00 SW 28 10.4 17.2 18:00 1.7 5:30 7.8 0.0 0.0 0.5 7.2 20:00 S 29 11.0 14.4 15:00 8.6 00:00 7.3 0.0 2.0 1.8 11.2 14:30 S 30 13.2 18.8 17:00 7.1 3:30 5.1 0.0 0.2 1.3 8.0 12:00 SE 31 10.9 13.6 12:30 8.6 4:00 7.4 0.0 2.0 2.9 14.8 12:00 S ------------------------------------------------------------------------------------- 9.1 18.8 7 -2.2 4 283.9 0.0 43.6 1.1 14.8 31 SE Max >= 32.0: 0 Max <= 0.0: 0 Min <= 0.0: 1 Min <= -18.0: 0 Max Rain: 17.40 ON 13.05.15 Days of Rain: 14 (> .2 mm) 8 (> 2 mm) 0 (> 20 mm) Heat Base: 18.3 Cool Base: 18.3 Method: Integration