NOAA-style Climate Reports

2019: Jan | Feb | Mar | Apr | May | Jun | Jul | Aug | Sep | Oct | Nov | Dec 
2018: Jan | Feb | Mar | Apr | May | Jun | Jul | Aug | Sep | Oct | Nov | Dec 
2017: Jan | Feb | Mar | Apr | May | Jun | Jul | Aug | Sep | Oct | Nov | Dec 
2016: Jan | Feb | Mar | Apr | May | Jun | Jul | Aug | Sep | Oct | Nov | Dec 
2015: Jan | Feb | Mar | Apr | May | Jun | Jul | Aug | Sep | Oct | Nov | Dec 
2014: Jan | Feb | Mar | Apr | May | Jun | Jul | Aug | Sep | Oct | Nov | Dec 
2013: Jan | Feb | Mar | Apr | May | Jun | Jul | Aug | Sep | Oct | Nov | Dec 
2012: Jan | Feb | Mar | Apr | May | Jun | Jul | Aug | Sep | Oct | Nov | Dec 
2011: Jan | Feb | Mar | Apr | May | Jun | Jul | Aug | Sep | Oct | Nov | Dec 
2010: Jan | Feb | Mar | Apr | May | Jun | Jul | Aug | Sep | Oct | Nov | Dec 
2009: Jan | Feb | Mar | Apr | May | Jun | Jul | Aug | Sep | Oct | Nov | Dec 
2008: Jan | Feb | Mar | Apr | May | Jun | Jul | Aug | Sep | Oct | Nov | Dec 
2007: Jan | Feb | Mar | Apr | May | Jun | Jul | Aug | Sep | Oct | Nov | Dec 
2006: Jan | Feb | Mar | Apr | May | Jun | Jul | Aug | Sep | Oct | Nov | Dec 

Report for 2015 04
MONTHLY CLIMATOLOGICAL SUMMARY for APR. 2015 NAME: Station #1 CITY: Rauma STATE: Finland ELEV: 16 m LAT: 61 08' 38" N LONG: 21 31' 26" E TEMPERATURE (C), RAIN (mm), WIND SPEED (m/s) HEAT COOL AVG MEAN DEG DEG WIND DOM DAY TEMP HIGH TIME LOW TIME DAYS DAYS RAIN SPEED HIGH TIME DIR ------------------------------------------------------------------------------------ 1 2.9 8.1 14:30 0.3 7:30 15.4 0.0 2.2 0.3 4.9 11:30 SSE 2 2.9 5.6 16:00 1.1 7:00 15.4 0.0 0.2 0.0 3.1 14:00 NE 3 2.5 6.2 14:00 -1.2 8:00 15.8 0.0 0.0 0.2 3.1 14:00 NW 4 3.1 5.9 18:00 0.8 7:30 15.2 0.0 0.0 0.1 2.7 13:30 NW 5 3.1 6.4 16:30 -1.1 00:00 15.2 0.0 0.2 0.2 5.8 11:00 SE 6 2.1 6.0 14:00 -3.2 7:30 16.2 0.0 0.0 0.6 7.6 16:30 SW 7 5.4 9.0 16:30 2.7 6:30 12.9 0.0 0.4 0.6 6.3 12:30 NW 8 6.0 8.3 2:00 5.1 11:00 12.3 0.0 0.0 2.1 11.6 7:00 NW 9 5.8 7.3 16:30 3.8 7:30 12.5 0.0 0.0 0.7 7.6 23:30 NW 10 6.4 10.1 16:00 1.3 7:00 11.9 0.0 0.0 1.1 9.4 12:30 NW 11 8.3 15.0 15:00 0.4 7:30 10.0 0.0 0.0 0.9 7.6 16:00 S 12 5.6 11.3 11:00 3.2 1:30 12.8 0.0 2.2 1.2 9.4 11:30 SE 13 5.2 7.9 16:00 2.6 6:00 13.1 0.0 0.2 0.9 9.4 19:00 NW 14 2.9 4.8 17:30 0.7 7:30 15.4 0.0 1.0 0.8 9.8 5:30 NW 15 2.9 5.9 16:30 -1.1 00:00 15.4 0.0 1.0 0.2 5.4 13:30 SW 16 2.6 5.4 14:00 -1.7 1:30 15.7 0.0 0.8 0.7 7.2 14:30 NW 17 4.8 9.1 17:00 1.7 7:30 13.5 0.0 0.2 0.4 4.9 16:00 NW 18 4.5 9.1 13:00 1.1 8:00 13.8 0.0 0.0 0.4 7.2 15:30 NW 19 5.3 9.4 18:30 -0.3 3:30 13.0 0.0 0.0 0.8 6.3 16:00 NW 20 5.8 8.3 16:00 3.1 6:30 12.4 0.0 0.0 0.7 6.3 17:30 NW 21 6.2 10.3 12:30 1.6 00:00 12.1 0.0 0.0 0.4 4.5 15:00 NW 22 4.9 8.1 12:30 -0.4 4:30 13.4 0.0 0.0 0.7 7.2 13:30 NW 23 6.3 8.8 2:30 4.1 22:30 12.0 0.0 0.0 2.0 12.1 3:00 NW 24 4.4 6.4 17:00 1.4 23:30 13.9 0.0 0.0 0.7 7.2 12:30 NW 25 6.3 13.9 15:00 -2.4 6:00 12.0 0.0 0.2 1.0 8.5 16:00 SE 26 7.4 12.1 17:00 3.4 00:00 10.9 0.0 4.2 0.7 7.2 1:30 SE 27 6.6 12.6 17:00 -0.7 5:30 11.7 0.0 0.2 0.4 6.7 11:30 SW 28 3.6 4.5 9:30 2.2 2:00 14.7 0.0 0.0 0.4 6.3 12:00 SW 29 4.1 5.8 11:00 2.2 4:00 14.2 0.0 21.0 0.0 4.5 17:30 ENE 30 6.3 10.8 15:30 1.9 1:30 12.0 0.0 0.2 1.1 9.4 19:00 SE ------------------------------------------------------------------------------------- 4.8 15.0 11 -3.2 6 404.8 0.0 34.2 0.7 12.1 23 NW Max >= 32.0: 0 Max <= 0.0: 0 Min <= 0.0: 9 Min <= -18.0: 0 Max Rain: 21.01 ON 29.04.15 Days of Rain: 15 (> .2 mm) 4 (> 2 mm) 1 (> 20 mm) Heat Base: 18.3 Cool Base: 18.3 Method: Integration