NOAA-style Climate Reports

2019: Jan | Feb | Mar | Apr | May | Jun | Jul | Aug | Sep | Oct | Nov | Dec 
2018: Jan | Feb | Mar | Apr | May | Jun | Jul | Aug | Sep | Oct | Nov | Dec 
2017: Jan | Feb | Mar | Apr | May | Jun | Jul | Aug | Sep | Oct | Nov | Dec 
2016: Jan | Feb | Mar | Apr | May | Jun | Jul | Aug | Sep | Oct | Nov | Dec 
2015: Jan | Feb | Mar | Apr | May | Jun | Jul | Aug | Sep | Oct | Nov | Dec 
2014: Jan | Feb | Mar | Apr | May | Jun | Jul | Aug | Sep | Oct | Nov | Dec 
2013: Jan | Feb | Mar | Apr | May | Jun | Jul | Aug | Sep | Oct | Nov | Dec 
2012: Jan | Feb | Mar | Apr | May | Jun | Jul | Aug | Sep | Oct | Nov | Dec 
2011: Jan | Feb | Mar | Apr | May | Jun | Jul | Aug | Sep | Oct | Nov | Dec 
2010: Jan | Feb | Mar | Apr | May | Jun | Jul | Aug | Sep | Oct | Nov | Dec 
2009: Jan | Feb | Mar | Apr | May | Jun | Jul | Aug | Sep | Oct | Nov | Dec 
2008: Jan | Feb | Mar | Apr | May | Jun | Jul | Aug | Sep | Oct | Nov | Dec 
2007: Jan | Feb | Mar | Apr | May | Jun | Jul | Aug | Sep | Oct | Nov | Dec 
2006: Jan | Feb | Mar | Apr | May | Jun | Jul | Aug | Sep | Oct | Nov | Dec 

Report for 2015 03
MONTHLY CLIMATOLOGICAL SUMMARY for MAR. 2015 NAME: Station #1 CITY: Rauma STATE: Finland ELEV: 16 m LAT: 61 08' 38" N LONG: 21 31' 26" E TEMPERATURE (C), RAIN (mm), WIND SPEED (m/s) HEAT COOL AVG MEAN DEG DEG WIND DOM DAY TEMP HIGH TIME LOW TIME DAYS DAYS RAIN SPEED HIGH TIME DIR ------------------------------------------------------------------------------------ 1 2.6 4.4 12:30 0.5 2:30 15.8 0.0 0.0 2.6 11.6 11:30 S 2 2.9 3.8 15:30 2.1 8:30 15.4 0.0 1.6 1.7 9.8 2:30 SSE 3 2.3 4.3 14:00 0.7 22:30 16.0 0.0 3.2 0.0 2.7 4:00 SE 4 1.1 2.3 16:00 0.5 5:00 17.2 0.0 5.4 0.0 3.1 14:00 NW 5 1.2 3.4 13:00 -0.1 6:30 17.1 0.0 1.6 0.4 5.8 23:30 S 6 1.4 2.8 4:30 -0.4 00:00 16.8 0.0 7.0 0.9 10.3 6:30 S 7 2.9 5.1 20:00 -0.4 0:30 15.4 0.0 0.2 2.3 16.1 15:00 S 8 6.9 9.7 15:00 4.6 0:30 11.4 0.0 0.0 1.8 11.2 14:00 SW 9 3.2 6.6 13:00 -0.8 8:30 15.1 0.0 0.0 0.2 5.4 1:30 SW 10 4.8 7.2 20:30 0.4 0:30 13.5 0.0 0.2 2.4 15.2 20:30 S 11 2.2 4.8 0:30 -3.2 00:00 16.1 0.0 0.0 0.6 4.9 0:30 NW 12 0.4 7.6 15:30 -5.1 3:30 17.8 0.0 0.0 0.3 5.8 11:00 S 13 0.4 8.5 17:00 -5.4 5:30 17.8 0.0 0.2 0.2 5.8 13:00 SE 14 0.6 10.0 15:30 -6.3 6:30 17.7 0.0 0.0 0.1 4.5 13:30 ESE 15 2.9 12.9 17:00 -3.3 2:30 15.4 0.0 0.0 0.2 5.4 12:00 SE 16 4.0 12.6 15:00 -3.3 7:30 14.3 0.0 0.0 0.4 6.7 14:00 SE 17 5.2 12.6 14:30 -0.3 5:30 13.1 0.0 0.0 0.5 7.6 16:30 SE 18 5.0 12.8 15:00 -2.1 4:00 13.3 0.0 0.0 0.6 8.0 15:30 S 19 3.6 8.2 12:30 -0.9 6:00 14.7 0.0 0.0 0.4 7.6 15:30 SW 20 1.9 3.3 14:00 -0.9 00:00 16.4 0.0 0.0 0.2 4.0 10:00 NW 21 -1.7 0.6 13:00 -5.9 00:00 20.0 0.0 0.0 0.4 5.8 13:30 NW 22 -2.2 3.0 13:30 -9.8 4:00 20.5 0.0 0.2 1.4 12.1 12:30 SW 23 2.7 4.0 21:30 1.8 6:00 15.6 0.0 2.4 2.0 11.6 9:00 SW 24 2.8 5.0 14:30 -2.1 00:00 15.5 0.0 0.0 0.9 8.9 0:30 NW 25 -0.8 2.9 14:30 -3.6 6:30 19.1 0.0 0.0 0.2 7.2 13:00 SE 26 -0.2 3.6 16:00 -5.1 7:00 18.4 0.0 0.0 1.5 11.6 15:30 ESE 27 3.0 5.5 12:30 1.3 6:30 15.3 0.0 1.6 2.2 11.6 12:30 ESE 28 2.9 4.8 2:00 1.5 9:00 15.4 0.0 11.6 0.4 5.8 1:00 SW 29 2.9 4.6 17:30 1.8 0:30 14.7 0.0 0.8 2.4 10.7 9:30 SE 30 2.7 4.3 8:30 0.6 22:00 15.6 0.0 6.2 1.3 9.8 1:30 SE 31 1.4 2.7 18:00 0.3 23:30 16.9 0.0 6.2 0.3 5.8 14:00 ESE ------------------------------------------------------------------------------------- 2.2 12.9 15 -9.8 22 497.5 0.0 48.4 0.9 16.1 7 SE Max >= 32.0: 0 Max <= 0.0: 0 Min <= 0.0: 19 Min <= -18.0: 0 Max Rain: 11.61 ON 28.03.15 Days of Rain: 15 (> .2 mm) 7 (> 2 mm) 0 (> 20 mm) Heat Base: 18.3 Cool Base: 18.3 Method: Integration