NOAA-style Climate Reports

2019: Jan | Feb | Mar | Apr | May | Jun | Jul | Aug | Sep | Oct | Nov | Dec 
2018: Jan | Feb | Mar | Apr | May | Jun | Jul | Aug | Sep | Oct | Nov | Dec 
2017: Jan | Feb | Mar | Apr | May | Jun | Jul | Aug | Sep | Oct | Nov | Dec 
2016: Jan | Feb | Mar | Apr | May | Jun | Jul | Aug | Sep | Oct | Nov | Dec 
2015: Jan | Feb | Mar | Apr | May | Jun | Jul | Aug | Sep | Oct | Nov | Dec 
2014: Jan | Feb | Mar | Apr | May | Jun | Jul | Aug | Sep | Oct | Nov | Dec 
2013: Jan | Feb | Mar | Apr | May | Jun | Jul | Aug | Sep | Oct | Nov | Dec 
2012: Jan | Feb | Mar | Apr | May | Jun | Jul | Aug | Sep | Oct | Nov | Dec 
2011: Jan | Feb | Mar | Apr | May | Jun | Jul | Aug | Sep | Oct | Nov | Dec 
2010: Jan | Feb | Mar | Apr | May | Jun | Jul | Aug | Sep | Oct | Nov | Dec 
2009: Jan | Feb | Mar | Apr | May | Jun | Jul | Aug | Sep | Oct | Nov | Dec 
2008: Jan | Feb | Mar | Apr | May | Jun | Jul | Aug | Sep | Oct | Nov | Dec 
2007: Jan | Feb | Mar | Apr | May | Jun | Jul | Aug | Sep | Oct | Nov | Dec 
2006: Jan | Feb | Mar | Apr | May | Jun | Jul | Aug | Sep | Oct | Nov | Dec 

Report for 2014 11
MONTHLY CLIMATOLOGICAL SUMMARY for NOV. 2014 NAME: Station #1 CITY: Rauma STATE: Finland ELEV: 16 m LAT: 61 08' 38" N LONG: 21 31' 26" E TEMPERATURE (C), RAIN (mm), WIND SPEED (m/s) HEAT COOL AVG MEAN DEG DEG WIND DOM DAY TEMP HIGH TIME LOW TIME DAYS DAYS RAIN SPEED HIGH TIME DIR ------------------------------------------------------------------------------------ 1 0.1 2.5 00:00 -3.1 4:00 18.2 0.0 0.8 0.6 9.4 23:00 SE 2 9.0 11.1 15:00 2.5 0:30 9.3 0.0 6.8 2.2 11.6 6:30 S 3 10.3 11.1 19:30 9.2 22:00 8.0 0.0 4.2 2.3 12.1 19:30 S 4 9.8 10.9 21:00 5.3 00:00 8.5 0.0 4.8 2.3 13.4 13:30 S 5 0.8 5.3 0:30 -3.0 00:00 17.4 0.0 0.0 0.1 4.9 0:30 NW 6 -1.4 0.4 16:30 -3.8 4:30 19.7 0.0 0.0 0.0 4.5 9:30 NE 7 -0.1 0.6 14:00 -0.7 00:00 18.4 0.0 1.0 0.0 0.4 12:30 ENE 8 0.1 1.5 23:00 -1.1 3:30 18.2 0.0 1.0 0.0 1.8 22:30 ESE 9 5.8 7.9 00:00 1.3 0:30 12.5 0.0 3.8 0.7 7.6 22:30 S 10 7.1 8.2 00:00 6.2 18:30 11.2 0.0 2.0 1.2 7.2 8:00 SSE 11 8.3 9.0 8:30 6.8 00:00 10.0 0.0 13.0 0.9 8.0 11:30 SW 12 5.6 6.8 0:30 4.5 3:30 12.7 0.0 0.0 0.0 2.2 8:30 SE 13 2.1 4.5 0:30 1.3 9:00 16.2 0.0 0.2 0.1 4.0 12:30 SE 14 2.4 2.8 13:00 1.8 0:30 15.9 0.0 0.0 0.1 3.1 3:30 SE 15 2.3 3.2 12:30 1.8 6:00 16.0 0.0 0.0 0.3 4.5 12:30 SE 16 2.1 4.1 14:00 -0.1 20:00 16.3 0.0 0.0 0.2 5.4 2:00 SE 17 1.1 2.0 13:00 -0.9 8:00 17.2 0.0 0.0 0.1 5.8 12:00 SE 18 1.2 3.4 13:00 -1.3 18:30 17.1 0.0 0.0 0.3 5.8 22:00 SE 19 -0.8 -0.3 14:00 -2.6 00:00 19.2 0.0 0.0 0.3 5.4 3:00 SE 20 -1.2 0.3 16:00 -3.5 8:00 19.5 0.0 0.0 0.0 4.9 9:30 SE 21 -0.2 0.3 0:30 -0.8 23:30 18.5 0.0 0.0 0.0 1.3 5:30 SE 22 -0.8 0.1 15:00 -1.9 3:00 19.1 0.0 0.2 0.0 0.9 22:00 ESE 23 0.8 2.4 23:30 -0.7 1:00 17.5 0.0 2.2 0.1 4.0 23:30 SE 24 3.6 4.3 17:00 2.3 0:30 14.7 0.0 0.4 2.7 13.0 11:30 SE 25 5.2 7.1 13:30 3.6 4:00 13.1 0.0 0.8 0.9 10.7 1:00 SE 26 3.6 5.1 3:30 1.3 18:00 14.7 0.0 0.0 0.1 2.7 7:00 SSW 27 3.6 4.4 14:30 1.4 0:30 14.8 0.0 0.0 0.0 2.2 22:00 SSE 28 3.7 4.3 15:00 3.0 8:00 14.6 0.0 3.6 0.0 1.8 10:30 S 29 1.8 4.0 0:30 0.6 23:30 16.5 0.0 0.2 0.0 2.2 1:00 SSW 30 0.3 1.1 3:00 -1.7 00:00 18.0 0.0 0.0 0.1 4.5 12:30 SE ------------------------------------------------------------------------------------- 2.9 11.1 2 -3.8 6 463.2 0.0 45.0 0.5 13.4 4 SE Max >= 32.0: 0 Max <= 0.0: 1 Min <= 0.0: 14 Min <= -18.0: 0 Max Rain: 13.00 ON 11.11.14 Days of Rain: 16 (> .2 mm) 8 (> 2 mm) 0 (> 20 mm) Heat Base: 18.3 Cool Base: 18.3 Method: Integration