NOAA-style Climate Reports

2019: Jan | Feb | Mar | Apr | May | Jun | Jul | Aug | Sep | Oct | Nov | Dec 
2018: Jan | Feb | Mar | Apr | May | Jun | Jul | Aug | Sep | Oct | Nov | Dec 
2017: Jan | Feb | Mar | Apr | May | Jun | Jul | Aug | Sep | Oct | Nov | Dec 
2016: Jan | Feb | Mar | Apr | May | Jun | Jul | Aug | Sep | Oct | Nov | Dec 
2015: Jan | Feb | Mar | Apr | May | Jun | Jul | Aug | Sep | Oct | Nov | Dec 
2014: Jan | Feb | Mar | Apr | May | Jun | Jul | Aug | Sep | Oct | Nov | Dec 
2013: Jan | Feb | Mar | Apr | May | Jun | Jul | Aug | Sep | Oct | Nov | Dec 
2012: Jan | Feb | Mar | Apr | May | Jun | Jul | Aug | Sep | Oct | Nov | Dec 
2011: Jan | Feb | Mar | Apr | May | Jun | Jul | Aug | Sep | Oct | Nov | Dec 
2010: Jan | Feb | Mar | Apr | May | Jun | Jul | Aug | Sep | Oct | Nov | Dec 
2009: Jan | Feb | Mar | Apr | May | Jun | Jul | Aug | Sep | Oct | Nov | Dec 
2008: Jan | Feb | Mar | Apr | May | Jun | Jul | Aug | Sep | Oct | Nov | Dec 
2007: Jan | Feb | Mar | Apr | May | Jun | Jul | Aug | Sep | Oct | Nov | Dec 
2006: Jan | Feb | Mar | Apr | May | Jun | Jul | Aug | Sep | Oct | Nov | Dec 

Report for 2014 08
MONTHLY CLIMATOLOGICAL SUMMARY for AUG. 2014 NAME: Station #1 CITY: Rauma STATE: Finland ELEV: 16 m LAT: 61 08' 38" N LONG: 21 31' 26" E TEMPERATURE (C), RAIN (mm), WIND SPEED (m/s) HEAT COOL AVG MEAN DEG DEG WIND DOM DAY TEMP HIGH TIME LOW TIME DAYS DAYS RAIN SPEED HIGH TIME DIR ------------------------------------------------------------------------------------ 1 21.0 23.6 16:30 18.2 1:30 0.0 2.7 0.0 1.3 8.5 12:00 SW 2 21.0 26.7 15:00 14.6 6:30 0.7 3.4 0.0 0.2 6.3 13:00 SW 3 22.7 29.0 18:00 16.8 4:00 0.2 4.6 0.0 0.6 9.4 18:00 SE 4 26.3 32.6 15:30 19.6 5:30 0.0 8.0 0.0 1.2 8.0 19:30 SE 5 25.8 32.1 17:00 19.3 6:30 0.0 7.5 0.0 0.8 8.0 12:00 SE 6 24.8 30.8 17:00 18.3 5:00 0.0 6.5 0.0 0.8 9.4 14:30 SE 7 21.4 27.8 13:00 17.2 23:30 0.1 3.2 2.2 0.3 6.3 19:30 SE 8 20.4 23.9 18:00 16.1 00:00 0.3 2.4 0.0 0.7 7.6 11:00 SW 9 20.1 25.1 17:30 14.3 3:30 1.1 2.8 0.0 0.3 6.3 14:00 SW 10 18.8 23.6 16:30 14.0 4:00 1.2 1.8 1.0 0.2 5.4 15:30 W 11 17.8 25.6 13:00 10.1 6:00 2.2 1.7 2.0 0.6 9.4 14:30 SE 12 19.3 22.3 17:00 15.0 00:00 0.2 1.2 0.0 0.8 8.5 16:00 SW 13 16.4 21.2 17:00 12.9 5:00 2.3 0.4 1.2 0.7 8.0 14:00 SW 14 16.8 22.0 13:30 12.2 4:00 2.4 0.9 4.6 0.5 7.2 10:00 SE 15 16.4 21.6 16:30 11.6 2:00 2.6 0.8 0.2 0.3 6.3 13:30 SW 16 15.3 20.0 12:30 10.0 00:00 3.3 0.3 0.0 0.1 5.4 16:30 WNW 17 14.6 21.3 16:00 7.2 6:00 4.3 0.5 0.0 0.2 4.0 23:30 SE 18 15.0 18.8 18:00 13.1 00:00 3.3 0.0 7.0 1.2 9.4 15:30 SE 19 14.4 18.3 17:30 11.9 4:00 3.8 0.0 12.8 1.1 10.7 19:30 SE 20 14.4 19.6 14:30 11.5 4:00 3.9 0.0 9.4 1.3 9.8 9:30 SE 21 14.2 18.3 15:00 11.2 6:00 4.1 0.0 2.8 0.9 9.4 14:30 S 22 14.4 18.0 18:00 11.1 7:00 3.8 0.0 0.8 0.5 6.3 14:30 SSE 23 13.9 17.2 18:00 10.4 6:30 4.4 0.0 6.0 0.4 8.5 23:00 SE 24 14.0 18.9 14:00 10.2 7:00 4.3 0.0 0.2 0.8 8.5 11:00 SE 25 12.1 17.6 13:30 7.2 6:30 6.3 0.0 1.4 0.0 2.7 11:30 SE 26 12.9 14.7 23:30 11.4 0:30 5.3 0.0 6.6 0.0 3.1 14:30 WNW 27 14.9 17.5 17:30 13.6 9:00 3.3 0.0 1.2 0.4 7.2 1:30 NW 28 14.7 17.1 19:00 12.9 00:00 3.6 0.0 3.4 0.0 3.1 5:00 NW 29 12.9 15.3 18:30 8.8 00:00 5.4 0.0 0.2 0.0 2.2 11:00 W 30 11.1 17.2 15:00 5.4 4:00 7.2 0.0 0.0 0.0 4.0 11:30 NW 31 11.9 16.4 18:30 7.4 00:00 6.4 0.0 0.0 0.0 4.5 13:30 SE ------------------------------------------------------------------------------------- 17.1 32.6 4 5.4 30 86.3 48.7 63.0 0.5 10.7 19 SE Max >= 32.0: 2 Max <= 0.0: 0 Min <= 0.0: 0 Min <= -18.0: 0 Max Rain: 12.80 ON 19.08.14 Days of Rain: 18 (> .2 mm) 10 (> 2 mm) 0 (> 20 mm) Heat Base: 18.3 Cool Base: 18.3 Method: Integration