NOAA-style Climate Reports

2019: Jan | Feb | Mar | Apr | May | Jun | Jul | Aug | Sep | Oct | Nov | Dec 
2018: Jan | Feb | Mar | Apr | May | Jun | Jul | Aug | Sep | Oct | Nov | Dec 
2017: Jan | Feb | Mar | Apr | May | Jun | Jul | Aug | Sep | Oct | Nov | Dec 
2016: Jan | Feb | Mar | Apr | May | Jun | Jul | Aug | Sep | Oct | Nov | Dec 
2015: Jan | Feb | Mar | Apr | May | Jun | Jul | Aug | Sep | Oct | Nov | Dec 
2014: Jan | Feb | Mar | Apr | May | Jun | Jul | Aug | Sep | Oct | Nov | Dec 
2013: Jan | Feb | Mar | Apr | May | Jun | Jul | Aug | Sep | Oct | Nov | Dec 
2012: Jan | Feb | Mar | Apr | May | Jun | Jul | Aug | Sep | Oct | Nov | Dec 
2011: Jan | Feb | Mar | Apr | May | Jun | Jul | Aug | Sep | Oct | Nov | Dec 
2010: Jan | Feb | Mar | Apr | May | Jun | Jul | Aug | Sep | Oct | Nov | Dec 
2009: Jan | Feb | Mar | Apr | May | Jun | Jul | Aug | Sep | Oct | Nov | Dec 
2008: Jan | Feb | Mar | Apr | May | Jun | Jul | Aug | Sep | Oct | Nov | Dec 
2007: Jan | Feb | Mar | Apr | May | Jun | Jul | Aug | Sep | Oct | Nov | Dec 
2006: Jan | Feb | Mar | Apr | May | Jun | Jul | Aug | Sep | Oct | Nov | Dec 

Report for 2014 07
MONTHLY CLIMATOLOGICAL SUMMARY for JUL. 2014 NAME: Station #1 CITY: Rauma STATE: Finland ELEV: 16 m LAT: 61 08' 38" N LONG: 21 31' 26" E TEMPERATURE (C), RAIN (mm), WIND SPEED (m/s) HEAT COOL AVG MEAN DEG DEG WIND DOM DAY TEMP HIGH TIME LOW TIME DAYS DAYS RAIN SPEED HIGH TIME DIR ------------------------------------------------------------------------------------ 1 13.6 17.9 13:30 11.4 00:00 4.7 0.0 0.0 0.1 4.9 12:00 NW 2 11.4 13.6 16:30 10.6 4:00 6.8 0.0 4.2 0.1 5.4 20:00 WNW 3 14.5 19.2 13:30 10.6 2:00 3.8 0.0 4.0 1.5 11.2 14:00 SW 4 13.9 17.0 13:00 9.7 00:00 4.4 0.0 0.0 0.4 5.4 1:00 SW 5 15.9 22.9 13:00 7.8 3:30 3.6 1.2 0.0 0.3 4.5 12:30 SE 6 19.8 26.6 18:00 11.2 4:30 1.9 3.5 0.0 0.5 7.2 11:00 SE 7 21.8 29.4 15:30 12.5 4:30 1.3 4.8 0.0 0.4 6.7 12:00 SE 8 23.9 30.2 17:30 16.2 5:30 0.2 5.8 0.0 0.5 5.8 14:00 SE 9 22.3 28.7 14:30 14.9 5:30 0.5 4.6 0.0 0.1 2.7 10:30 SE 10 20.8 25.9 13:30 14.8 4:00 0.6 3.1 0.0 0.4 6.3 14:30 SE 11 17.8 25.3 17:30 11.4 5:30 2.0 1.5 0.0 0.3 5.4 11:30 SE 12 18.0 24.1 17:00 10.3 5:00 2.3 2.0 0.0 0.5 6.7 14:30 SE 13 21.4 28.8 16:00 15.9 5:00 0.5 3.6 0.0 0.6 8.5 14:30 SE 14 19.4 23.7 17:30 16.7 4:30 0.3 1.4 1.6 0.4 8.9 1:30 SE 15 17.9 21.0 19:00 15.6 4:00 0.8 0.5 2.4 1.2 9.4 13:00 SE 16 18.4 22.7 16:00 14.8 00:00 0.8 1.0 0.0 0.7 6.7 15:30 S 17 17.9 22.9 17:00 12.1 5:30 1.9 1.5 0.0 0.2 4.9 15:00 SW 18 18.6 24.3 11:30 10.7 5:00 1.9 2.1 0.0 0.2 4.9 13:00 SW 19 19.4 24.6 16:30 12.2 6:00 1.5 2.6 0.0 0.1 4.5 13:00 W 20 19.3 26.6 12:00 13.8 5:30 1.2 2.2 26.8 0.1 7.2 17:00 WNW 21 20.8 29.1 15:00 12.9 5:30 1.3 3.8 0.2 0.1 4.9 14:00 SE 22 21.1 28.7 14:00 12.9 5:30 1.2 4.0 0.0 0.2 4.5 12:00 NW 23 20.7 27.4 16:30 12.4 6:00 1.3 3.8 0.0 0.1 4.5 15:30 NW 24 22.6 29.8 14:30 14.8 6:00 0.7 5.0 0.0 0.1 3.1 14:30 NW 25 22.2 27.9 16:00 15.0 5:30 0.5 4.3 0.0 0.1 3.1 12:30 WNW 26 22.2 28.7 14:00 14.1 5:30 0.9 4.8 0.0 0.2 4.5 17:00 SW 27 22.3 29.7 16:00 14.1 6:00 0.9 4.9 0.0 0.2 5.4 11:00 SE 28 22.9 26.7 17:00 18.1 4:30 0.0 4.6 1.8 0.6 7.2 18:00 SW 29 22.5 27.0 16:00 17.3 5:30 0.1 4.3 0.0 0.2 5.4 14:30 SSE 30 21.5 30.1 14:30 14.4 5:30 0.8 4.0 8.4 0.7 8.0 15:30 SE 31 20.8 23.8 18:00 18.4 12:00 0.0 2.5 10.4 0.6 8.5 19:00 SW ------------------------------------------------------------------------------------- 19.5 30.2 8 7.8 5 48.8 87.3 59.8 0.4 11.2 3 SE Max >= 32.0: 0 Max <= 0.0: 0 Min <= 0.0: 0 Min <= -18.0: 0 Max Rain: 26.80 ON 20.07.14 Days of Rain: 9 (> .2 mm) 6 (> 2 mm) 1 (> 20 mm) Heat Base: 18.3 Cool Base: 18.3 Method: Integration