NOAA-style Climate Reports

2019: Jan | Feb | Mar | Apr | May | Jun | Jul | Aug | Sep | Oct | Nov | Dec 
2018: Jan | Feb | Mar | Apr | May | Jun | Jul | Aug | Sep | Oct | Nov | Dec 
2017: Jan | Feb | Mar | Apr | May | Jun | Jul | Aug | Sep | Oct | Nov | Dec 
2016: Jan | Feb | Mar | Apr | May | Jun | Jul | Aug | Sep | Oct | Nov | Dec 
2015: Jan | Feb | Mar | Apr | May | Jun | Jul | Aug | Sep | Oct | Nov | Dec 
2014: Jan | Feb | Mar | Apr | May | Jun | Jul | Aug | Sep | Oct | Nov | Dec 
2013: Jan | Feb | Mar | Apr | May | Jun | Jul | Aug | Sep | Oct | Nov | Dec 
2012: Jan | Feb | Mar | Apr | May | Jun | Jul | Aug | Sep | Oct | Nov | Dec 
2011: Jan | Feb | Mar | Apr | May | Jun | Jul | Aug | Sep | Oct | Nov | Dec 
2010: Jan | Feb | Mar | Apr | May | Jun | Jul | Aug | Sep | Oct | Nov | Dec 
2009: Jan | Feb | Mar | Apr | May | Jun | Jul | Aug | Sep | Oct | Nov | Dec 
2008: Jan | Feb | Mar | Apr | May | Jun | Jul | Aug | Sep | Oct | Nov | Dec 
2007: Jan | Feb | Mar | Apr | May | Jun | Jul | Aug | Sep | Oct | Nov | Dec 
2006: Jan | Feb | Mar | Apr | May | Jun | Jul | Aug | Sep | Oct | Nov | Dec 

Report for 2014 06
MONTHLY CLIMATOLOGICAL SUMMARY for JUN. 2014 NAME: Station #1 CITY: Rauma STATE: Finland ELEV: 16 m LAT: 61 08' 38" N LONG: 21 31' 26" E TEMPERATURE (C), RAIN (mm), WIND SPEED (m/s) HEAT COOL AVG MEAN DEG DEG WIND DOM DAY TEMP HIGH TIME LOW TIME DAYS DAYS RAIN SPEED HIGH TIME DIR ------------------------------------------------------------------------------------ 1 10.7 15.7 16:00 6.3 5:00 7.6 0.0 0.0 0.2 4.5 15:30 SW 2 14.7 22.1 16:30 6.1 5:00 4.4 0.8 0.0 0.3 6.7 15:00 ENE 3 16.8 21.6 15:00 12.4 2:30 2.2 0.7 0.0 0.5 8.0 9:30 ENE 4 18.8 24.3 17:30 14.7 0:30 1.2 1.6 0.0 0.4 4.9 8:00 SE 5 20.9 28.6 13:00 14.4 3:00 1.0 3.7 0.0 0.6 10.3 15:00 SE 6 16.8 22.8 17:00 10.7 5:00 2.3 0.9 0.0 0.1 4.0 19:00 WNW 7 14.2 19.6 19:00 10.1 5:30 4.1 0.1 7.4 0.3 6.3 21:30 S 8 14.1 19.0 17:30 8.4 5:30 4.2 0.0 0.0 0.3 5.4 18:30 WNW 9 15.9 21.4 14:00 11.4 6:00 3.0 0.6 0.0 0.1 4.9 17:00 W 10 13.8 16.4 20:00 11.7 2:00 4.5 0.0 0.0 0.2 4.5 8:00 WNW 11 15.4 21.2 14:00 7.2 5:00 3.4 0.6 0.0 0.3 6.3 23:30 SW 12 14.0 17.2 0:30 12.1 00:00 4.3 0.0 8.4 0.6 8.9 2:00 NW 13 12.0 14.6 13:00 9.1 00:00 6.3 0.0 2.4 0.2 5.4 17:00 NW 14 12.1 18.3 15:30 8.2 2:30 6.2 0.0 0.6 0.4 5.8 7:30 NW 15 11.3 17.3 15:00 3.2 5:00 7.0 0.0 0.0 0.2 5.8 14:30 WNW 16 10.3 12.3 12:30 7.7 5:00 8.0 0.0 0.0 0.6 8.9 12:30 NW 17 8.3 10.0 15:30 6.5 9:00 10.0 0.0 0.0 0.7 8.0 12:00 NW 18 11.6 15.0 16:30 8.1 1:30 6.7 0.0 1.2 0.5 6.7 15:00 WNW 19 11.3 14.0 17:00 9.2 22:30 7.0 0.0 0.0 0.1 4.9 12:00 WNW 20 10.1 12.4 12:30 6.8 00:00 8.2 0.0 0.0 0.3 6.3 15:00 NW 21 8.8 12.2 13:30 4.4 4:00 9.5 0.0 0.0 0.4 6.7 13:00 W 22 7.9 10.9 10:00 5.7 5:00 10.4 0.0 13.4 0.1 4.5 10:30 SE 23 9.1 11.7 18:00 7.1 2:00 9.2 0.0 11.4 0.0 3.1 14:30 ENE 24 12.1 17.8 14:00 8.9 4:30 6.2 0.0 4.6 0.0 7.6 16:00 E 25 11.1 14.6 19:00 7.4 4:30 7.3 0.0 0.0 0.3 5.4 16:30 NW 26 12.1 17.0 16:00 5.8 5:30 6.3 0.0 0.0 0.0 3.1 14:30 WNW 27 11.8 17.6 14:00 5.6 5:30 6.4 0.0 0.0 0.1 4.5 13:00 W 28 12.7 18.4 16:30 5.7 5:00 5.6 0.0 0.0 0.1 4.0 13:00 SW 29 12.4 16.4 12:00 10.3 4:30 5.9 0.0 0.0 0.7 9.8 13:30 ESE 30 13.3 15.6 16:30 11.2 0:30 5.0 0.0 0.0 0.0 4.5 12:30 SE ------------------------------------------------------------------------------------- 12.8 28.6 5 3.2 15 173.5 8.9 49.4 0.3 10.3 5 NW Max >= 32.0: 0 Max <= 0.0: 0 Min <= 0.0: 0 Min <= -18.0: 0 Max Rain: 13.41 ON 22.06.14 Days of Rain: 8 (> .2 mm) 6 (> 2 mm) 0 (> 20 mm) Heat Base: 18.3 Cool Base: 18.3 Method: Integration