NOAA-style Climate Reports

2019: Jan | Feb | Mar | Apr | May | Jun | Jul | Aug | Sep | Oct | Nov | Dec 
2018: Jan | Feb | Mar | Apr | May | Jun | Jul | Aug | Sep | Oct | Nov | Dec 
2017: Jan | Feb | Mar | Apr | May | Jun | Jul | Aug | Sep | Oct | Nov | Dec 
2016: Jan | Feb | Mar | Apr | May | Jun | Jul | Aug | Sep | Oct | Nov | Dec 
2015: Jan | Feb | Mar | Apr | May | Jun | Jul | Aug | Sep | Oct | Nov | Dec 
2014: Jan | Feb | Mar | Apr | May | Jun | Jul | Aug | Sep | Oct | Nov | Dec 
2013: Jan | Feb | Mar | Apr | May | Jun | Jul | Aug | Sep | Oct | Nov | Dec 
2012: Jan | Feb | Mar | Apr | May | Jun | Jul | Aug | Sep | Oct | Nov | Dec 
2011: Jan | Feb | Mar | Apr | May | Jun | Jul | Aug | Sep | Oct | Nov | Dec 
2010: Jan | Feb | Mar | Apr | May | Jun | Jul | Aug | Sep | Oct | Nov | Dec 
2009: Jan | Feb | Mar | Apr | May | Jun | Jul | Aug | Sep | Oct | Nov | Dec 
2008: Jan | Feb | Mar | Apr | May | Jun | Jul | Aug | Sep | Oct | Nov | Dec 
2007: Jan | Feb | Mar | Apr | May | Jun | Jul | Aug | Sep | Oct | Nov | Dec 
2006: Jan | Feb | Mar | Apr | May | Jun | Jul | Aug | Sep | Oct | Nov | Dec 

Report for 2014 05
MONTHLY CLIMATOLOGICAL SUMMARY for MAY. 2014 NAME: Station #1 CITY: Rauma STATE: Finland ELEV: 16 m LAT: 61 08' 38" N LONG: 21 31' 26" E TEMPERATURE (C), RAIN (mm), WIND SPEED (m/s) HEAT COOL AVG MEAN DEG DEG WIND DOM DAY TEMP HIGH TIME LOW TIME DAYS DAYS RAIN SPEED HIGH TIME DIR ------------------------------------------------------------------------------------ 1 2.9 7.2 13:00 -1.4 0:30 15.4 0.0 1.8 0.6 7.2 19:00 NW 2 3.2 6.7 13:30 -2.4 5:30 15.2 0.0 0.0 0.4 6.3 14:30 NW 3 4.7 7.5 17:30 1.1 6:30 13.6 0.0 0.0 0.4 5.4 11:00 WNW 4 3.9 6.3 16:00 1.3 4:30 14.4 0.0 0.0 0.9 7.6 15:00 NW 5 4.9 9.8 16:30 1.1 4:30 13.4 0.0 1.8 0.5 6.7 1:00 NW 6 3.7 8.6 13:00 -2.8 6:00 14.6 0.0 0.0 0.3 4.9 13:30 NW 7 4.4 11.7 16:00 -4.1 5:30 13.9 0.0 0.0 0.2 6.3 17:00 NW 8 4.5 8.8 10:00 0.3 1:00 13.8 0.0 2.6 0.8 12.5 11:00 ESE 9 8.3 12.2 16:00 5.3 4:00 10.0 0.0 4.0 1.0 8.5 15:30 SE 10 7.6 11.4 14:00 5.1 3:30 10.7 0.0 0.4 0.5 5.8 6:30 SW 11 9.4 13.6 16:00 6.6 2:00 8.9 0.0 0.0 0.1 4.5 18:30 W 12 8.8 13.3 16:30 5.6 00:00 9.4 0.0 0.8 0.1 4.0 14:30 WNW 13 7.2 9.9 20:00 3.7 3:30 11.1 0.0 0.0 0.6 4.9 23:30 NW 14 7.2 9.1 17:30 4.4 00:00 11.2 0.0 0.0 0.9 7.2 13:00 NW 15 6.8 11.6 16:30 -0.6 6:30 11.5 0.0 0.0 0.7 8.0 19:30 SW 16 10.1 15.0 17:30 6.2 1:00 8.2 0.0 0.6 1.2 8.0 2:30 S 17 13.3 19.3 13:30 4.6 5:30 5.1 0.1 0.0 1.4 8.5 14:00 S 18 15.6 22.3 15:30 8.5 5:30 3.4 0.6 0.0 0.3 5.4 0:30 SSE 19 18.4 27.2 12:00 13.4 6:30 1.5 1.6 5.0 0.6 9.8 22:00 SE 20 16.9 21.7 14:00 11.7 6:30 2.2 0.9 0.0 1.6 9.8 14:00 S 21 15.2 19.8 16:30 8.8 5:30 3.3 0.2 0.0 0.3 4.5 14:30 S 22 18.2 25.5 14:30 9.1 5:00 2.7 2.6 0.0 1.0 8.0 15:00 S 23 22.3 28.8 14:30 14.3 5:00 0.8 4.8 0.0 1.7 10.7 14:30 SSE 24 23.9 29.4 15:00 18.0 5:00 0.0 5.7 0.0 1.7 10.7 14:30 SSE 25 20.6 24.8 16:00 16.5 00:00 0.2 2.5 0.0 0.8 8.5 3:00 SSW 26 9.5 16.4 0:30 7.2 18:30 8.8 0.0 0.0 0.8 8.0 15:30 SW 27 7.6 10.0 18:00 5.9 9:00 10.7 0.0 0.4 0.1 5.4 15:30 ENE 28 9.2 13.3 15:00 4.4 5:30 9.2 0.0 0.0 0.2 4.9 10:00 ENE 29 10.9 16.2 14:00 7.4 5:00 7.3 0.0 1.8 0.2 5.8 12:00 W 30 11.6 16.1 15:00 9.4 0:30 6.7 0.0 9.4 0.0 3.1 11:30 ESE 31 9.4 12.0 15:30 7.5 00:00 8.8 0.0 1.2 0.5 5.4 12:30 SE ------------------------------------------------------------------------------------- 10.3 29.4 24 -4.1 7 266.0 19.0 29.8 0.7 12.5 8 NW Max >= 32.0: 0 Max <= 0.0: 0 Min <= 0.0: 5 Min <= -18.0: 0 Max Rain: 9.40 ON 30.05.14 Days of Rain: 12 (> .2 mm) 4 (> 2 mm) 0 (> 20 mm) Heat Base: 18.3 Cool Base: 18.3 Method: Integration