NOAA-style Climate Reports

2019: Jan | Feb | Mar | Apr | May | Jun | Jul | Aug | Sep | Oct | Nov | Dec 
2018: Jan | Feb | Mar | Apr | May | Jun | Jul | Aug | Sep | Oct | Nov | Dec 
2017: Jan | Feb | Mar | Apr | May | Jun | Jul | Aug | Sep | Oct | Nov | Dec 
2016: Jan | Feb | Mar | Apr | May | Jun | Jul | Aug | Sep | Oct | Nov | Dec 
2015: Jan | Feb | Mar | Apr | May | Jun | Jul | Aug | Sep | Oct | Nov | Dec 
2014: Jan | Feb | Mar | Apr | May | Jun | Jul | Aug | Sep | Oct | Nov | Dec 
2013: Jan | Feb | Mar | Apr | May | Jun | Jul | Aug | Sep | Oct | Nov | Dec 
2012: Jan | Feb | Mar | Apr | May | Jun | Jul | Aug | Sep | Oct | Nov | Dec 
2011: Jan | Feb | Mar | Apr | May | Jun | Jul | Aug | Sep | Oct | Nov | Dec 
2010: Jan | Feb | Mar | Apr | May | Jun | Jul | Aug | Sep | Oct | Nov | Dec 
2009: Jan | Feb | Mar | Apr | May | Jun | Jul | Aug | Sep | Oct | Nov | Dec 
2008: Jan | Feb | Mar | Apr | May | Jun | Jul | Aug | Sep | Oct | Nov | Dec 
2007: Jan | Feb | Mar | Apr | May | Jun | Jul | Aug | Sep | Oct | Nov | Dec 
2006: Jan | Feb | Mar | Apr | May | Jun | Jul | Aug | Sep | Oct | Nov | Dec 

Report for 2014 04
MONTHLY CLIMATOLOGICAL SUMMARY for APR. 2014 NAME: Station #1 CITY: Rauma STATE: Finland ELEV: 16 m LAT: 61 08' 38" N LONG: 21 31' 26" E TEMPERATURE (C), RAIN (mm), WIND SPEED (m/s) HEAT COOL AVG MEAN DEG DEG WIND DOM DAY TEMP HIGH TIME LOW TIME DAYS DAYS RAIN SPEED HIGH TIME DIR ------------------------------------------------------------------------------------ 1 -0.7 2.9 15:00 -4.5 8:00 19.0 0.0 0.8 0.4 5.8 14:00 NW 2 -0.8 4.1 16:30 -7.0 6:30 19.1 0.0 0.2 0.5 8.5 12:30 SW 3 1.1 3.8 14:00 -2.2 0:30 17.2 0.0 0.0 0.5 5.8 14:30 NW 4 -0.2 4.6 16:00 -6.7 7:30 18.5 0.0 0.0 0.2 4.0 15:00 NW 5 3.7 7.8 16:00 -2.0 1:30 14.6 0.0 0.0 1.6 14.3 16:30 SW 6 3.9 6.6 16:00 -0.4 23:30 14.3 0.0 0.8 0.5 7.6 1:00 SW 7 3.0 5.6 15:30 -0.1 6:30 15.3 0.0 2.0 0.2 4.0 13:30 SE 8 4.5 10.8 15:30 -0.5 6:30 13.8 0.0 0.0 0.4 6.7 17:30 SE 9 3.4 9.0 16:00 -1.7 7:00 14.9 0.0 0.0 0.8 9.8 11:00 ENE 10 2.7 9.0 16:00 -2.5 7:00 15.6 0.0 0.0 1.2 9.8 18:00 SE 11 3.9 4.9 5:30 2.0 0:30 14.4 0.0 5.8 1.7 10.7 8:00 S 12 6.1 12.2 16:30 2.5 7:00 12.3 0.0 0.6 1.9 11.6 16:00 S 13 5.8 7.4 14:30 4.6 2:30 12.5 0.0 7.6 2.3 11.6 5:00 S 14 5.4 9.6 16:00 -0.1 00:00 12.9 0.0 1.4 0.2 4.5 0:30 S 15 3.7 6.6 13:30 -0.6 1:00 14.6 0.0 0.2 0.8 7.2 15:30 NW 16 2.8 6.9 18:30 -3.1 7:00 15.5 0.0 0.0 0.4 5.4 14:30 SW 17 6.4 10.8 16:30 1.9 4:00 11.9 0.0 0.0 2.3 12.5 15:30 S 18 6.4 9.3 14:30 1.8 00:00 11.9 0.0 2.8 0.8 7.2 0:30 SSE 19 6.2 12.8 17:30 -0.1 2:30 12.1 0.0 0.0 0.3 5.4 15:30 SW 20 8.9 16.2 14:30 1.2 4:30 9.4 0.0 0.0 0.1 3.1 14:30 W 21 8.8 14.8 11:00 2.7 6:30 9.5 0.0 0.0 0.2 4.0 14:00 SW 22 6.2 12.9 15:00 -1.1 6:00 12.2 0.0 0.0 0.4 7.6 17:00 NW 23 4.8 9.9 13:30 -0.7 6:00 13.5 0.0 0.0 0.4 6.7 15:00 NW 24 4.2 10.0 16:00 -2.3 6:30 14.1 0.0 0.0 0.3 6.3 16:30 SW 25 4.1 10.4 18:00 -3.3 5:30 14.2 0.0 0.0 0.2 4.5 9:00 SW 26 5.6 14.2 16:30 -4.0 6:30 12.7 0.0 0.0 0.2 4.5 15:00 SW 27 8.1 16.8 16:30 -2.0 6:30 10.3 0.0 0.0 0.2 4.0 14:00 NW 28 7.3 16.5 12:30 -1.2 6:00 11.0 0.0 0.0 0.6 9.4 14:30 SW 29 5.7 8.3 17:30 3.3 2:00 12.6 0.0 0.0 0.4 6.7 15:30 NW 30 4.7 7.8 16:00 -1.3 00:00 13.6 0.0 0.0 0.3 5.8 15:00 WNW ------------------------------------------------------------------------------------- 4.5 16.8 27 -7.0 2 413.5 0.0 22.2 0.7 14.3 5 NW Max >= 32.0: 0 Max <= 0.0: 0 Min <= 0.0: 22 Min <= -18.0: 0 Max Rain: 7.59 ON 13.04.14 Days of Rain: 10 (> .2 mm) 4 (> 2 mm) 0 (> 20 mm) Heat Base: 18.3 Cool Base: 18.3 Method: Integration