NOAA-style Climate Reports

2019: Jan | Feb | Mar | Apr | May | Jun | Jul | Aug | Sep | Oct | Nov | Dec 
2018: Jan | Feb | Mar | Apr | May | Jun | Jul | Aug | Sep | Oct | Nov | Dec 
2017: Jan | Feb | Mar | Apr | May | Jun | Jul | Aug | Sep | Oct | Nov | Dec 
2016: Jan | Feb | Mar | Apr | May | Jun | Jul | Aug | Sep | Oct | Nov | Dec 
2015: Jan | Feb | Mar | Apr | May | Jun | Jul | Aug | Sep | Oct | Nov | Dec 
2014: Jan | Feb | Mar | Apr | May | Jun | Jul | Aug | Sep | Oct | Nov | Dec 
2013: Jan | Feb | Mar | Apr | May | Jun | Jul | Aug | Sep | Oct | Nov | Dec 
2012: Jan | Feb | Mar | Apr | May | Jun | Jul | Aug | Sep | Oct | Nov | Dec 
2011: Jan | Feb | Mar | Apr | May | Jun | Jul | Aug | Sep | Oct | Nov | Dec 
2010: Jan | Feb | Mar | Apr | May | Jun | Jul | Aug | Sep | Oct | Nov | Dec 
2009: Jan | Feb | Mar | Apr | May | Jun | Jul | Aug | Sep | Oct | Nov | Dec 
2008: Jan | Feb | Mar | Apr | May | Jun | Jul | Aug | Sep | Oct | Nov | Dec 
2007: Jan | Feb | Mar | Apr | May | Jun | Jul | Aug | Sep | Oct | Nov | Dec 
2006: Jan | Feb | Mar | Apr | May | Jun | Jul | Aug | Sep | Oct | Nov | Dec 

Report for 2013 09
MONTHLY CLIMATOLOGICAL SUMMARY for SEP. 2013 NAME: Station #1 CITY: Rauma STATE: Finland ELEV: 16 m LAT: 61 08' 38" N LONG: 21 31' 26" E TEMPERATURE (C), RAIN (mm), WIND SPEED (m/s) HEAT COOL AVG MEAN DEG DEG WIND DOM DAY TEMP HIGH TIME LOW TIME DAYS DAYS RAIN SPEED HIGH TIME DIR ------------------------------------------------------------------------------------ 1 12.7 16.3 12:30 9.7 00:00 5.6 0.0 1.2 0.3 6.7 17:00 SE 2 11.3 16.4 16:00 6.9 4:00 7.0 0.0 0.6 0.1 4.5 12:30 SE 3 12.0 17.9 18:30 4.2 7:30 6.3 0.0 0.2 0.0 4.0 16:30 W 4 12.2 19.7 16:00 6.2 7:00 6.1 0.1 0.0 0.0 4.0 17:00 WNW 5 13.9 21.4 14:00 5.8 4:30 5.0 0.7 0.0 0.5 6.3 17:30 S 6 15.7 21.7 16:00 11.3 00:00 3.2 0.6 0.0 0.6 6.3 12:30 S 7 15.1 20.4 16:00 9.8 2:00 3.6 0.4 0.0 0.5 6.3 13:00 SW 8 15.3 21.6 15:30 9.1 6:30 3.7 0.7 0.2 0.2 4.5 15:00 SW 9 15.2 22.7 14:00 9.3 4:30 4.0 0.9 0.0 0.1 4.0 16:00 SE 10 14.9 17.3 13:30 12.1 00:00 3.4 0.0 0.0 0.5 7.2 14:00 SE 11 14.1 20.4 15:30 10.3 6:30 4.4 0.2 1.2 0.2 4.5 15:00 ESE 12 14.1 20.3 17:00 9.9 00:00 4.4 0.2 0.2 0.1 3.1 15:30 N 13 13.4 20.6 14:00 6.0 8:00 5.4 0.5 0.0 0.1 4.5 16:00 N 14 14.7 22.1 15:00 8.2 7:00 4.3 0.7 0.0 0.3 6.7 13:00 N 15 12.3 17.4 13:30 7.1 8:00 6.0 0.0 0.0 0.7 8.0 12:30 N 16 13.0 16.9 15:30 9.7 6:30 5.3 0.0 0.2 1.3 11.6 15:00 N 17 13.6 15.8 12:30 12.6 1:30 4.8 0.0 0.6 1.1 8.0 14:00 N 18 13.8 15.0 15:00 12.6 4:00 4.5 0.0 1.8 1.3 9.8 16:30 N 19 14.8 16.2 16:00 14.1 7:30 3.5 0.0 4.8 0.9 8.0 14:00 N 20 14.9 16.0 15:30 13.6 00:00 3.4 0.0 3.2 0.4 5.8 10:00 N 21 12.4 15.4 13:00 7.9 23:00 5.9 0.0 0.0 0.1 5.4 13:00 N 22 10.9 14.3 14:30 6.4 5:30 7.4 0.0 3.6 0.3 6.7 20:30 N 23 10.1 12.1 14:30 7.2 00:00 8.2 0.0 9.2 0.2 8.5 6:00 N 24 6.2 10.3 15:00 3.0 8:00 12.1 0.0 0.0 0.1 4.5 16:30 N 25 4.3 9.2 15:30 -0.1 00:00 13.9 0.0 0.0 0.0 3.1 12:00 N 26 3.3 8.1 12:30 -2.4 8:00 14.9 0.0 2.2 0.1 5.8 13:00 N 27 7.3 10.8 13:30 4.2 9:00 11.0 0.0 0.0 0.0 3.1 13:30 N 28 7.8 12.3 16:30 4.7 8:00 10.6 0.0 0.2 0.0 5.4 16:30 N 29 6.8 9.9 13:30 2.8 00:00 11.5 0.0 0.0 0.0 2.2 13:00 N 30 4.9 8.7 15:30 2.5 1:00 13.4 0.0 0.0 0.0 5.8 12:30 N ------------------------------------------------------------------------------------- 11.7 22.7 9 -2.4 26 203.0 4.9 29.4 0.3 11.6 16 N Max >= 32.0: 0 Max <= 0.0: 0 Min <= 0.0: 2 Min <= -18.0: 0 Max Rain: 9.19 ON 23.09.13 Days of Rain: 15 (> .2 mm) 5 (> 2 mm) 0 (> 20 mm) Heat Base: 18.3 Cool Base: 18.3 Method: Integration