NOAA-style Climate Reports

2019: Jan | Feb | Mar | Apr | May | Jun | Jul | Aug | Sep | Oct | Nov | Dec 
2018: Jan | Feb | Mar | Apr | May | Jun | Jul | Aug | Sep | Oct | Nov | Dec 
2017: Jan | Feb | Mar | Apr | May | Jun | Jul | Aug | Sep | Oct | Nov | Dec 
2016: Jan | Feb | Mar | Apr | May | Jun | Jul | Aug | Sep | Oct | Nov | Dec 
2015: Jan | Feb | Mar | Apr | May | Jun | Jul | Aug | Sep | Oct | Nov | Dec 
2014: Jan | Feb | Mar | Apr | May | Jun | Jul | Aug | Sep | Oct | Nov | Dec 
2013: Jan | Feb | Mar | Apr | May | Jun | Jul | Aug | Sep | Oct | Nov | Dec 
2012: Jan | Feb | Mar | Apr | May | Jun | Jul | Aug | Sep | Oct | Nov | Dec 
2011: Jan | Feb | Mar | Apr | May | Jun | Jul | Aug | Sep | Oct | Nov | Dec 
2010: Jan | Feb | Mar | Apr | May | Jun | Jul | Aug | Sep | Oct | Nov | Dec 
2009: Jan | Feb | Mar | Apr | May | Jun | Jul | Aug | Sep | Oct | Nov | Dec 
2008: Jan | Feb | Mar | Apr | May | Jun | Jul | Aug | Sep | Oct | Nov | Dec 
2007: Jan | Feb | Mar | Apr | May | Jun | Jul | Aug | Sep | Oct | Nov | Dec 
2006: Jan | Feb | Mar | Apr | May | Jun | Jul | Aug | Sep | Oct | Nov | Dec 

Report for 2013 08
MONTHLY CLIMATOLOGICAL SUMMARY for AUG. 2013 NAME: Station #1 CITY: Rauma STATE: Finland ELEV: 16 m LAT: 61 08' 38" N LONG: 21 31' 26" E TEMPERATURE (C), RAIN (mm), WIND SPEED (m/s) HEAT COOL AVG MEAN DEG DEG WIND DOM DAY TEMP HIGH TIME LOW TIME DAYS DAYS RAIN SPEED HIGH TIME DIR ------------------------------------------------------------------------------------ 1 16.8 21.6 17:00 14.1 00:00 2.0 0.5 0.0 0.1 4.5 16:00 S 2 16.7 21.2 18:00 13.2 00:00 2.2 0.5 0.0 0.2 4.9 13:30 W 3 18.1 26.3 16:00 9.6 6:00 2.6 2.3 0.0 0.1 4.0 13:30 SW 4 18.5 23.3 12:30 12.4 3:00 1.5 1.7 0.0 0.4 5.8 9:30 SSE 5 18.5 23.1 18:00 14.3 6:30 1.2 1.4 0.2 0.4 5.4 13:30 SW 6 19.9 25.9 15:30 13.4 6:00 1.3 2.9 0.0 0.8 8.0 19:00 S 7 19.4 23.8 14:30 16.2 0:30 0.6 1.7 4.0 0.9 8.9 12:00 SE 8 17.8 23.8 13:00 12.8 6:00 1.8 1.3 1.2 0.0 4.0 15:00 WNW 9 16.3 17.8 12:00 14.6 6:00 2.0 0.0 7.6 0.1 4.9 00:00 N 10 17.3 20.6 17:00 12.8 00:00 1.4 0.4 0.0 0.2 4.9 13:30 N 11 15.6 21.6 17:00 8.1 6:30 3.6 0.8 0.0 0.1 4.5 14:30 N 12 14.8 18.4 12:30 10.4 6:00 3.5 0.0 1.4 0.6 8.0 17:00 SW 13 16.2 20.6 16:30 11.9 5:00 2.5 0.4 2.6 0.8 8.0 9:00 S 14 13.6 17.2 16:00 9.8 6:00 4.7 0.0 5.2 0.1 5.8 16:30 WNW 15 15.8 17.5 18:30 13.7 00:00 2.5 0.0 0.2 0.4 6.7 4:30 NW 16 16.4 20.6 17:30 10.6 7:00 2.2 0.3 0.0 0.8 8.0 15:00 SW 17 16.7 18.3 16:30 14.2 1:00 1.6 0.0 4.2 1.9 10.3 14:30 S 18 18.9 23.1 16:30 16.3 4:30 0.6 1.2 0.0 1.4 8.9 17:00 S 19 17.3 20.0 18:00 14.3 00:00 1.1 0.2 1.8 1.4 9.4 14:30 SW 20 16.5 20.9 16:00 10.8 7:00 2.4 0.6 0.2 0.6 6.7 13:00 S 21 16.3 21.7 15:30 9.6 6:30 2.7 0.7 0.0 0.4 7.2 13:30 SW 22 14.8 16.9 13:30 9.9 00:00 3.5 0.0 0.0 0.2 8.5 17:00 NW 23 12.1 18.3 15:30 4.3 6:30 6.3 0.0 0.0 0.1 4.9 15:30 NW 24 13.2 20.8 13:30 5.5 4:00 5.5 0.4 0.0 0.1 4.0 14:00 NW 25 13.1 20.5 16:00 4.3 7:00 5.7 0.5 0.0 0.1 4.0 15:00 WNW 26 13.9 22.1 15:00 4.8 7:00 5.4 1.0 0.0 0.2 4.9 15:00 SW 27 16.0 22.5 15:30 8.3 6:30 3.5 1.2 0.0 0.7 8.5 15:30 SW 28 16.6 21.2 11:30 10.3 00:00 2.4 0.7 0.0 0.8 8.9 12:30 S 29 12.2 18.6 16:00 5.9 5:00 6.1 0.0 0.0 0.0 1.8 12:00 WNW 30 12.8 16.8 17:00 8.9 1:00 5.5 0.0 0.0 0.2 5.8 14:30 SE 31 14.4 20.2 16:30 9.3 7:30 4.0 0.2 0.2 0.2 5.4 15:00 SE ------------------------------------------------------------------------------------- 16.0 26.3 3 4.3 23 91.5 20.8 28.8 0.5 10.3 17 S Max >= 32.0: 0 Max <= 0.0: 0 Min <= 0.0: 0 Min <= -18.0: 0 Max Rain: 7.59 ON 09.08.13 Days of Rain: 12 (> .2 mm) 5 (> 2 mm) 0 (> 20 mm) Heat Base: 18.3 Cool Base: 18.3 Method: Integration