NOAA-style Climate Reports

2019: Jan | Feb | Mar | Apr | May | Jun | Jul | Aug | Sep | Oct | Nov | Dec 
2018: Jan | Feb | Mar | Apr | May | Jun | Jul | Aug | Sep | Oct | Nov | Dec 
2017: Jan | Feb | Mar | Apr | May | Jun | Jul | Aug | Sep | Oct | Nov | Dec 
2016: Jan | Feb | Mar | Apr | May | Jun | Jul | Aug | Sep | Oct | Nov | Dec 
2015: Jan | Feb | Mar | Apr | May | Jun | Jul | Aug | Sep | Oct | Nov | Dec 
2014: Jan | Feb | Mar | Apr | May | Jun | Jul | Aug | Sep | Oct | Nov | Dec 
2013: Jan | Feb | Mar | Apr | May | Jun | Jul | Aug | Sep | Oct | Nov | Dec 
2012: Jan | Feb | Mar | Apr | May | Jun | Jul | Aug | Sep | Oct | Nov | Dec 
2011: Jan | Feb | Mar | Apr | May | Jun | Jul | Aug | Sep | Oct | Nov | Dec 
2010: Jan | Feb | Mar | Apr | May | Jun | Jul | Aug | Sep | Oct | Nov | Dec 
2009: Jan | Feb | Mar | Apr | May | Jun | Jul | Aug | Sep | Oct | Nov | Dec 
2008: Jan | Feb | Mar | Apr | May | Jun | Jul | Aug | Sep | Oct | Nov | Dec 
2007: Jan | Feb | Mar | Apr | May | Jun | Jul | Aug | Sep | Oct | Nov | Dec 
2006: Jan | Feb | Mar | Apr | May | Jun | Jul | Aug | Sep | Oct | Nov | Dec 

Report for 2013 07
MONTHLY CLIMATOLOGICAL SUMMARY for JUL. 2013 NAME: Station #1 CITY: Rauma STATE: Finland ELEV: 16 m LAT: 61 08' 38" N LONG: 21 31' 26" E TEMPERATURE (C), RAIN (mm), WIND SPEED (m/s) HEAT COOL AVG MEAN DEG DEG WIND DOM DAY TEMP HIGH TIME LOW TIME DAYS DAYS RAIN SPEED HIGH TIME DIR ------------------------------------------------------------------------------------ 1 15.8 20.5 13:00 8.1 5:30 3.0 0.5 0.0 0.4 5.8 14:00 SW 2 17.1 22.1 17:30 13.1 4:00 2.1 0.8 0.4 1.8 11.6 14:30 S 3 16.2 20.6 17:00 12.1 8:30 2.4 0.3 3.4 1.0 9.8 8:30 SW 4 16.6 21.1 11:30 11.3 3:30 2.2 0.5 0.0 0.4 4.9 11:00 SSE 5 17.5 22.9 13:00 10.9 5:30 2.0 1.1 0.0 0.4 6.3 15:30 SW 6 16.4 18.3 18:30 12.3 00:00 1.9 0.0 0.0 0.5 7.2 13:00 NW 7 17.3 24.1 19:30 8.3 4:30 2.7 1.8 0.0 0.3 4.9 14:00 SW 8 15.4 17.6 0:30 12.2 00:00 2.9 0.0 0.0 0.4 8.0 13:30 NW 9 16.1 22.9 17:30 8.6 5:30 3.2 1.0 0.0 1.1 10.3 19:00 S 10 16.2 18.7 17:30 14.5 00:00 2.1 0.0 1.8 0.3 5.8 15:00 NW 11 14.5 17.8 14:00 10.4 5:30 3.8 0.0 0.0 0.2 6.3 17:00 NW 12 14.8 21.3 17:00 5.9 5:00 4.1 0.5 0.0 0.2 5.4 18:00 W 13 17.8 23.6 16:30 9.0 6:00 2.6 2.0 0.0 0.2 4.9 21:00 SW 14 15.2 22.3 12:00 10.0 00:00 3.3 0.3 0.4 0.2 6.3 18:00 S 15 14.8 20.1 19:30 6.0 5:00 3.9 0.4 0.0 0.9 8.5 13:30 S 16 14.2 17.4 18:30 10.8 4:00 4.1 0.0 0.0 0.8 10.3 10:00 NW 17 15.1 17.8 16:30 12.6 6:00 3.3 0.0 0.0 0.4 8.0 15:00 NW 18 14.2 15.8 8:00 11.6 15:00 4.1 0.0 4.6 0.0 4.0 0:30 WNW 19 14.1 16.6 17:30 11.7 9:00 4.2 0.0 1.4 0.6 7.6 13:00 NW 20 13.8 16.5 14:00 11.3 4:00 4.5 0.0 0.2 0.3 7.2 17:00 NW 21 14.8 17.2 16:30 12.7 0:30 3.5 0.0 0.2 0.6 7.2 13:00 NW 22 14.1 16.1 17:00 12.3 5:00 4.2 0.0 0.0 0.4 8.9 11:30 NW 23 16.8 22.9 17:00 13.0 5:00 2.4 0.8 0.0 0.1 3.1 1:00 WNW 24 20.2 27.8 15:30 13.6 5:30 1.2 3.2 0.0 0.0 4.0 22:00 ESE 25 18.4 23.1 13:30 12.7 6:00 1.4 1.5 0.0 0.1 4.0 13:30 W 26 17.4 22.9 16:30 12.0 5:00 2.1 1.2 0.0 0.2 4.5 12:00 W 27 18.7 25.7 15:30 11.0 6:00 2.1 2.4 0.0 0.2 3.1 12:30 SW 28 19.1 25.4 13:30 11.8 4:00 1.7 2.5 0.0 0.3 5.8 17:30 SSE 29 17.8 21.4 14:30 13.8 6:00 1.1 0.6 2.2 0.5 5.4 14:00 SE 30 18.3 20.3 17:30 16.9 7:00 0.4 0.5 6.8 0.8 9.4 22:00 SE 31 18.3 23.1 17:00 14.6 7:00 1.0 0.9 1.0 1.3 8.9 1:00 S ------------------------------------------------------------------------------------- 16.4 27.8 24 5.9 12 83.3 22.9 22.4 0.5 11.6 2 NW Max >= 32.0: 0 Max <= 0.0: 0 Min <= 0.0: 0 Min <= -18.0: 0 Max Rain: 6.81 ON 30.07.13 Days of Rain: 11 (> .2 mm) 4 (> 2 mm) 0 (> 20 mm) Heat Base: 18.3 Cool Base: 18.3 Method: Integration