NOAA-style Climate Reports

2019: Jan | Feb | Mar | Apr | May | Jun | Jul | Aug | Sep | Oct | Nov | Dec 
2018: Jan | Feb | Mar | Apr | May | Jun | Jul | Aug | Sep | Oct | Nov | Dec 
2017: Jan | Feb | Mar | Apr | May | Jun | Jul | Aug | Sep | Oct | Nov | Dec 
2016: Jan | Feb | Mar | Apr | May | Jun | Jul | Aug | Sep | Oct | Nov | Dec 
2015: Jan | Feb | Mar | Apr | May | Jun | Jul | Aug | Sep | Oct | Nov | Dec 
2014: Jan | Feb | Mar | Apr | May | Jun | Jul | Aug | Sep | Oct | Nov | Dec 
2013: Jan | Feb | Mar | Apr | May | Jun | Jul | Aug | Sep | Oct | Nov | Dec 
2012: Jan | Feb | Mar | Apr | May | Jun | Jul | Aug | Sep | Oct | Nov | Dec 
2011: Jan | Feb | Mar | Apr | May | Jun | Jul | Aug | Sep | Oct | Nov | Dec 
2010: Jan | Feb | Mar | Apr | May | Jun | Jul | Aug | Sep | Oct | Nov | Dec 
2009: Jan | Feb | Mar | Apr | May | Jun | Jul | Aug | Sep | Oct | Nov | Dec 
2008: Jan | Feb | Mar | Apr | May | Jun | Jul | Aug | Sep | Oct | Nov | Dec 
2007: Jan | Feb | Mar | Apr | May | Jun | Jul | Aug | Sep | Oct | Nov | Dec 
2006: Jan | Feb | Mar | Apr | May | Jun | Jul | Aug | Sep | Oct | Nov | Dec 

Report for 2013 06
MONTHLY CLIMATOLOGICAL SUMMARY for JUN. 2013 NAME: Station #1 CITY: Rauma STATE: Finland ELEV: 16 m LAT: 61 08' 38" N LONG: 21 31' 26" E TEMPERATURE (C), RAIN (mm), WIND SPEED (m/s) HEAT COOL AVG MEAN DEG DEG WIND DOM DAY TEMP HIGH TIME LOW TIME DAYS DAYS RAIN SPEED HIGH TIME DIR ------------------------------------------------------------------------------------ 1 16.4 20.9 20:00 12.7 3:00 2.3 0.4 5.0 0.0 4.0 5:30 E 2 20.9 27.5 13:00 14.1 5:00 0.9 3.5 0.2 0.3 5.8 13:00 SE 3 17.6 28.1 12:30 11.8 23:30 2.3 1.6 3.4 0.3 6.7 14:00 WNW 4 13.7 19.1 17:30 10.6 5:30 4.7 0.0 0.4 0.1 5.4 7:00 NW 5 13.8 17.4 15:00 10.9 00:00 4.5 0.0 0.2 0.1 4.5 14:30 SW 6 13.2 19.1 18:30 9.6 5:00 5.1 0.0 0.0 0.1 4.5 16:30 W 7 15.2 21.9 13:00 7.8 4:00 3.7 0.6 0.0 0.2 4.5 16:00 WSW 8 14.3 20.7 12:00 8.9 3:00 4.1 0.1 0.0 0.4 5.8 12:30 SW 9 13.4 17.1 12:00 10.1 4:00 4.9 0.0 0.0 0.1 4.0 11:30 W 10 11.7 15.0 12:00 9.8 5:00 6.6 0.0 10.6 0.0 4.0 17:00 WNW 11 12.4 15.0 16:30 10.6 0:30 5.9 0.0 5.8 0.3 5.8 12:30 NW 12 13.7 18.9 17:30 9.3 3:30 4.6 0.0 0.0 0.1 4.0 9:00 SW 13 14.6 21.6 15:30 7.6 2:00 4.1 0.4 6.0 1.4 10.3 17:00 SE 14 14.6 15.8 15:00 13.3 00:00 3.8 0.0 2.0 2.1 10.7 18:30 S 15 14.5 18.5 18:00 11.0 5:00 3.8 0.0 0.0 1.0 7.6 1:30 SW 16 12.6 15.0 9:30 10.1 4:30 5.7 0.0 13.2 0.8 6.3 7:30 SE 17 12.6 16.2 18:30 10.1 4:00 5.7 0.0 1.2 0.5 7.6 15:30 SW 18 12.2 15.4 12:30 7.2 4:30 6.1 0.0 0.0 0.1 4.9 19:00 WNW 19 13.1 19.6 18:00 3.6 5:00 5.3 0.1 0.0 0.3 5.4 20:00 SW 20 13.1 17.9 19:00 9.9 2:30 5.2 0.0 5.2 0.7 7.6 12:00 SE 21 16.6 23.7 18:30 7.2 4:00 3.6 1.8 0.0 0.4 6.3 10:30 SE 22 20.4 23.8 13:30 17.0 00:00 0.1 2.2 0.0 2.4 12.5 15:30 S 23 19.0 23.8 16:00 15.6 5:30 0.9 1.6 0.0 1.1 7.6 18:00 S 24 18.3 24.9 15:30 12.2 5:00 1.5 1.5 0.2 0.4 6.7 13:00 SE 25 19.7 24.4 17:00 16.4 5:00 0.6 2.0 0.2 0.1 4.5 17:00 NW 26 22.7 29.8 17:00 15.1 4:30 0.6 5.0 2.0 0.6 8.9 21:00 SE 27 19.5 22.9 14:30 15.7 00:00 0.2 1.4 0.6 0.4 7.6 21:30 SW 28 17.2 21.4 17:30 13.6 4:00 1.6 0.5 0.0 1.3 8.9 12:30 S 29 15.4 19.5 12:30 13.3 6:30 2.9 0.0 1.6 0.1 4.0 12:30 WNW 30 16.1 20.2 16:30 9.8 6:00 2.6 0.4 0.0 0.2 4.9 16:30 SW ------------------------------------------------------------------------------------- 15.6 29.8 26 3.6 19 103.8 23.1 57.8 0.5 12.5 22 SW Max >= 32.0: 0 Max <= 0.0: 0 Min <= 0.0: 0 Min <= -18.0: 0 Max Rain: 13.21 ON 16.06.13 Days of Rain: 17 (> .2 mm) 9 (> 2 mm) 0 (> 20 mm) Heat Base: 18.3 Cool Base: 18.3 Method: Integration