NOAA-style Climate Reports

2019: Jan | Feb | Mar | Apr | May | Jun | Jul | Aug | Sep | Oct | Nov | Dec 
2018: Jan | Feb | Mar | Apr | May | Jun | Jul | Aug | Sep | Oct | Nov | Dec 
2017: Jan | Feb | Mar | Apr | May | Jun | Jul | Aug | Sep | Oct | Nov | Dec 
2016: Jan | Feb | Mar | Apr | May | Jun | Jul | Aug | Sep | Oct | Nov | Dec 
2015: Jan | Feb | Mar | Apr | May | Jun | Jul | Aug | Sep | Oct | Nov | Dec 
2014: Jan | Feb | Mar | Apr | May | Jun | Jul | Aug | Sep | Oct | Nov | Dec 
2013: Jan | Feb | Mar | Apr | May | Jun | Jul | Aug | Sep | Oct | Nov | Dec 
2012: Jan | Feb | Mar | Apr | May | Jun | Jul | Aug | Sep | Oct | Nov | Dec 
2011: Jan | Feb | Mar | Apr | May | Jun | Jul | Aug | Sep | Oct | Nov | Dec 
2010: Jan | Feb | Mar | Apr | May | Jun | Jul | Aug | Sep | Oct | Nov | Dec 
2009: Jan | Feb | Mar | Apr | May | Jun | Jul | Aug | Sep | Oct | Nov | Dec 
2008: Jan | Feb | Mar | Apr | May | Jun | Jul | Aug | Sep | Oct | Nov | Dec 
2007: Jan | Feb | Mar | Apr | May | Jun | Jul | Aug | Sep | Oct | Nov | Dec 
2006: Jan | Feb | Mar | Apr | May | Jun | Jul | Aug | Sep | Oct | Nov | Dec 

Report for 2013 05
MONTHLY CLIMATOLOGICAL SUMMARY for MAY. 2013 NAME: Station #1 CITY: Rauma STATE: Finland ELEV: 16 m LAT: 61 08' 38" N LONG: 21 31' 26" E TEMPERATURE (C), RAIN (mm), WIND SPEED (m/s) HEAT COOL AVG MEAN DEG DEG WIND DOM DAY TEMP HIGH TIME LOW TIME DAYS DAYS RAIN SPEED HIGH TIME DIR ------------------------------------------------------------------------------------ 1 4.8 7.2 17:00 2.3 3:00 13.5 0.0 0.0 0.7 7.6 9:30 NW 2 5.8 10.6 16:30 2.1 00:00 12.5 0.0 0.0 1.6 10.3 10:30 SW 3 6.3 11.9 17:30 -2.2 6:00 12.0 0.0 0.0 0.9 8.9 22:30 SW 4 8.8 12.7 17:30 5.9 6:30 9.4 0.0 0.0 1.3 7.6 11:00 S 5 5.7 8.7 0:30 0.8 00:00 12.6 0.0 3.6 0.9 9.4 15:00 NW 6 8.2 15.9 14:30 -1.8 5:30 10.1 0.0 0.0 1.7 10.7 13:00 S 7 9.9 14.7 16:00 5.4 00:00 8.4 0.0 0.0 1.1 8.9 11:30 SW 8 12.9 21.4 17:00 5.7 0:30 5.7 0.4 0.0 0.2 4.9 16:30 SE 9 12.7 20.1 14:30 7.6 1:30 5.7 0.1 3.2 0.9 9.8 13:30 SE 10 10.5 14.0 13:00 8.3 00:00 7.8 0.0 0.4 0.1 4.0 17:00 SE 11 10.4 15.0 18:00 5.6 00:00 7.9 0.0 0.2 0.3 5.8 15:00 SW 12 10.9 18.6 17:00 2.2 5:00 7.3 0.0 0.0 0.6 8.5 19:30 S 13 12.8 18.7 15:30 8.0 5:30 5.4 0.0 0.0 0.7 6.7 18:30 SSE 14 9.9 16.1 11:30 5.6 00:00 8.4 0.0 1.2 1.4 10.7 12:30 SSE 15 8.4 13.4 17:30 4.0 4:00 9.9 0.0 0.0 0.5 4.9 8:30 S 16 12.8 22.3 15:00 2.1 5:30 5.9 0.4 0.0 0.4 6.7 14:00 SE 17 18.7 27.2 15:00 8.9 3:30 2.5 2.9 0.0 0.7 7.2 16:30 SE 18 19.0 23.9 18:00 12.7 6:00 1.3 2.0 0.0 0.4 6.3 12:00 ESE 19 19.1 25.6 13:00 12.4 5:00 1.5 2.3 0.2 0.3 5.8 13:00 SE 20 17.7 21.2 16:00 14.7 00:00 1.1 0.5 0.0 0.3 5.4 12:30 SE 21 18.0 24.1 16:30 11.9 4:30 2.2 1.8 0.0 0.9 9.8 16:30 SE 22 14.3 18.7 11:30 12.1 21:00 4.0 0.0 2.4 0.9 9.4 16:00 SE 23 11.8 13.1 12:30 10.3 23:30 6.5 0.0 5.2 0.0 3.1 11:30 SE 24 12.8 18.4 17:00 9.9 5:30 5.5 0.0 0.0 0.0 2.7 17:30 WNW 25 13.9 19.2 11:00 7.3 6:00 4.4 0.0 0.0 0.2 7.6 16:00 NW 26 17.0 23.7 15:30 8.9 3:30 3.1 1.8 0.8 0.9 10.3 13:00 ESE 27 15.7 19.7 16:00 12.3 8:30 2.7 0.1 0.2 0.1 2.7 1:00 SE 28 18.6 24.6 17:00 12.2 5:00 1.8 2.1 0.0 0.6 8.9 14:30 SE 29 19.1 26.6 17:30 11.9 4:00 1.9 2.7 0.0 0.4 6.7 14:30 SE 30 19.1 26.1 12:00 13.4 5:00 1.2 2.0 0.0 0.3 7.6 14:00 SE 31 18.1 23.9 14:00 13.6 5:30 1.5 1.2 4.8 0.2 4.9 10:30 SE ------------------------------------------------------------------------------------- 13.0 27.2 17 -2.2 3 183.8 20.3 22.2 0.6 10.7 6 SE Max >= 32.0: 0 Max <= 0.0: 0 Min <= 0.0: 2 Min <= -18.0: 0 Max Rain: 5.21 ON 23.05.13 Days of Rain: 11 (> .2 mm) 5 (> 2 mm) 0 (> 20 mm) Heat Base: 18.3 Cool Base: 18.3 Method: Integration