NOAA-style Climate Reports

2019: Jan | Feb | Mar | Apr | May | Jun | Jul | Aug | Sep | Oct | Nov | Dec 
2018: Jan | Feb | Mar | Apr | May | Jun | Jul | Aug | Sep | Oct | Nov | Dec 
2017: Jan | Feb | Mar | Apr | May | Jun | Jul | Aug | Sep | Oct | Nov | Dec 
2016: Jan | Feb | Mar | Apr | May | Jun | Jul | Aug | Sep | Oct | Nov | Dec 
2015: Jan | Feb | Mar | Apr | May | Jun | Jul | Aug | Sep | Oct | Nov | Dec 
2014: Jan | Feb | Mar | Apr | May | Jun | Jul | Aug | Sep | Oct | Nov | Dec 
2013: Jan | Feb | Mar | Apr | May | Jun | Jul | Aug | Sep | Oct | Nov | Dec 
2012: Jan | Feb | Mar | Apr | May | Jun | Jul | Aug | Sep | Oct | Nov | Dec 
2011: Jan | Feb | Mar | Apr | May | Jun | Jul | Aug | Sep | Oct | Nov | Dec 
2010: Jan | Feb | Mar | Apr | May | Jun | Jul | Aug | Sep | Oct | Nov | Dec 
2009: Jan | Feb | Mar | Apr | May | Jun | Jul | Aug | Sep | Oct | Nov | Dec 
2008: Jan | Feb | Mar | Apr | May | Jun | Jul | Aug | Sep | Oct | Nov | Dec 
2007: Jan | Feb | Mar | Apr | May | Jun | Jul | Aug | Sep | Oct | Nov | Dec 
2006: Jan | Feb | Mar | Apr | May | Jun | Jul | Aug | Sep | Oct | Nov | Dec 

Report for 2013 03
MONTHLY CLIMATOLOGICAL SUMMARY for MAR. 2013 NAME: Station #1 CITY: Rauma STATE: Finland ELEV: 16 m LAT: 61 08' 38" N LONG: 21 31' 26" E TEMPERATURE (C), RAIN (mm), WIND SPEED (m/s) HEAT COOL AVG MEAN DEG DEG WIND DOM DAY TEMP HIGH TIME LOW TIME DAYS DAYS RAIN SPEED HIGH TIME DIR ------------------------------------------------------------------------------------ 1 -0.7 2.3 1:00 -7.3 00:00 19.0 0.0 0.2 0.9 8.5 1:00 NW 2 -7.7 -3.5 18:30 -13.7 6:00 26.0 0.0 0.0 1.5 11.6 16:00 SE 3 -7.4 -4.2 15:30 -16.7 00:00 25.8 0.0 0.6 0.2 8.5 1:30 NE 4 -7.4 -2.1 17:30 -17.6 1:30 25.7 0.0 0.0 0.7 8.0 11:00 SE 5 -1.6 1.1 14:00 -4.2 5:00 19.9 0.0 0.6 0.8 7.2 16:00 SE 6 -0.5 3.3 15:30 -3.7 23:00 18.8 0.0 0.2 1.0 10.7 16:00 NW 7 -3.2 -0.5 13:30 -12.3 00:00 21.5 0.0 0.0 0.8 9.4 5:30 NW 8 -7.1 -1.1 10:00 -15.2 4:30 25.4 0.0 0.0 0.4 5.4 10:00 NW 9 -10.3 -3.8 13:00 -18.2 8:00 28.6 0.0 0.0 0.1 4.0 14:30 NW 10 -10.6 -3.4 15:30 -21.1 8:00 28.8 0.0 0.0 0.0 4.0 14:00 W 11 -3.3 -0.5 15:00 -9.3 00:00 21.6 0.0 0.0 0.0 4.0 6:30 WNW 12 -3.9 1.1 12:30 -10.9 3:00 22.2 0.0 0.0 1.3 12.1 14:00 S 13 -9.1 -3.5 0:30 -16.3 00:00 27.4 0.0 0.0 0.4 4.9 13:00 NW 14 -9.7 -4.1 16:30 -17.2 1:00 28.0 0.0 0.0 0.4 8.5 10:00 NW 15 -7.9 0.1 15:30 -17.2 1:00 26.2 0.0 1.0 0.3 5.8 12:30 SW 16 -7.6 0.8 15:30 -18.2 7:00 25.9 0.0 0.6 0.2 6.3 14:30 SW 17 -5.1 2.7 15:30 -13.3 7:00 23.4 0.0 0.0 0.2 5.4 12:30 SE 18 -8.3 -3.4 17:00 -15.2 7:30 26.6 0.0 0.0 0.4 7.2 14:00 ESE 19 -6.2 -1.9 15:30 -10.1 7:30 24.5 0.0 0.0 0.2 6.7 10:30 NE 20 -3.2 2.6 15:30 -6.8 0:30 21.5 0.0 0.0 0.4 9.8 10:00 ENE 21 -5.5 -0.6 14:00 -10.3 7:00 23.8 0.0 0.0 0.0 5.4 14:00 NE 22 -7.6 -2.6 00:00 -14.3 7:30 25.9 0.0 0.0 0.2 4.9 15:00 NW 23 -2.6 0.6 14:00 -6.8 23:00 20.9 0.0 0.0 0.3 4.9 12:00 NW 24 -3.9 2.0 15:30 -12.6 7:00 22.2 0.0 0.0 0.1 3.1 13:30 NW 25 -3.1 2.7 14:00 -11.2 7:00 21.3 0.0 0.0 0.1 4.5 18:00 WNW 26 -3.4 3.3 14:30 -10.2 7:00 21.7 0.0 0.0 0.1 4.0 12:30 NW 27 -1.8 2.7 13:00 -9.8 2:00 20.1 0.0 0.0 0.5 5.8 12:00 S 28 -0.9 2.4 14:30 -4.8 00:00 19.2 0.0 0.0 0.5 6.3 11:00 SW 29 -2.6 4.8 15:30 -8.8 7:00 20.9 0.0 0.0 0.1 4.5 13:30 SE 30 -2.1 4.8 14:30 -7.4 6:30 20.4 0.0 0.0 0.2 6.3 12:30 NW 31 -1.9 5.2 13:30 -10.2 7:30 19.3 0.0 0.0 0.1 4.0 13:00 W ------------------------------------------------------------------------------------- -5.0 5.2 31 -21.1 10 722.7 0.0 3.2 0.4 12.1 12 NW Max >= 32.0: 0 Max <= 0.0: 14 Min <= 0.0: 31 Min <= -18.0: 3 Max Rain: 0.99 ON 15.03.13 Days of Rain: 6 (> .2 mm) 0 (> 2 mm) 0 (> 20 mm) Heat Base: 18.3 Cool Base: 18.3 Method: Integration