NOAA-style Climate Reports

2019: Jan | Feb | Mar | Apr | May | Jun | Jul | Aug | Sep | Oct | Nov | Dec 
2018: Jan | Feb | Mar | Apr | May | Jun | Jul | Aug | Sep | Oct | Nov | Dec 
2017: Jan | Feb | Mar | Apr | May | Jun | Jul | Aug | Sep | Oct | Nov | Dec 
2016: Jan | Feb | Mar | Apr | May | Jun | Jul | Aug | Sep | Oct | Nov | Dec 
2015: Jan | Feb | Mar | Apr | May | Jun | Jul | Aug | Sep | Oct | Nov | Dec 
2014: Jan | Feb | Mar | Apr | May | Jun | Jul | Aug | Sep | Oct | Nov | Dec 
2013: Jan | Feb | Mar | Apr | May | Jun | Jul | Aug | Sep | Oct | Nov | Dec 
2012: Jan | Feb | Mar | Apr | May | Jun | Jul | Aug | Sep | Oct | Nov | Dec 
2011: Jan | Feb | Mar | Apr | May | Jun | Jul | Aug | Sep | Oct | Nov | Dec 
2010: Jan | Feb | Mar | Apr | May | Jun | Jul | Aug | Sep | Oct | Nov | Dec 
2009: Jan | Feb | Mar | Apr | May | Jun | Jul | Aug | Sep | Oct | Nov | Dec 
2008: Jan | Feb | Mar | Apr | May | Jun | Jul | Aug | Sep | Oct | Nov | Dec 
2007: Jan | Feb | Mar | Apr | May | Jun | Jul | Aug | Sep | Oct | Nov | Dec 
2006: Jan | Feb | Mar | Apr | May | Jun | Jul | Aug | Sep | Oct | Nov | Dec 

Report for 2013 02
MONTHLY CLIMATOLOGICAL SUMMARY for FEB. 2013 NAME: Station #1 CITY: Rauma STATE: Finland ELEV: 16 m LAT: 61 08' 38" N LONG: 21 31' 26" E TEMPERATURE (C), RAIN (mm), WIND SPEED (m/s) HEAT COOL AVG MEAN DEG DEG WIND DOM DAY TEMP HIGH TIME LOW TIME DAYS DAYS RAIN SPEED HIGH TIME DIR ------------------------------------------------------------------------------------ 1 -1.7 -0.1 13:30 -4.5 22:00 20.0 0.0 0.6 0.0 3.1 13:30 N 2 -2.9 -0.4 14:30 -6.3 5:00 21.2 0.0 0.0 0.4 5.4 13:30 N 3 -3.3 -1.5 00:00 -7.6 9:00 21.6 0.0 0.0 0.2 3.1 12:30 N 4 -0.7 0.1 21:00 -1.8 2:30 19.0 0.0 0.0 1.3 8.9 23:00 N 5 -1.3 -0.7 0:30 -1.8 23:00 19.6 0.0 0.0 1.6 8.5 0:30 N 6 -2.7 -1.7 0:30 -3.4 18:00 21.0 0.0 0.0 0.5 5.4 11:30 N 7 -2.3 -1.2 15:00 -3.2 1:00 20.6 0.0 0.0 0.2 4.0 11:30 N 8 -5.6 -2.9 0:30 -8.6 9:00 23.9 0.0 0.0 0.0 2.7 13:30 N 9 -3.6 -2.5 15:00 -4.4 00:00 21.9 0.0 0.0 0.0 1.8 6:00 NE 10 -2.4 -0.1 15:00 -5.9 2:00 20.7 0.0 0.0 0.0 0.9 13:00 ENE 11 -2.0 -1.0 15:00 -3.0 8:00 20.3 0.0 0.0 0.0 0.9 2:30 ENE 12 -2.1 -1.2 19:00 -3.1 8:00 20.4 0.0 0.0 0.0 3.1 20:00 N 13 -0.6 0.7 14:30 -1.8 0:30 18.9 0.0 0.2 0.1 4.0 12:00 N 14 0.6 0.9 12:00 -0.8 0:30 17.8 0.0 0.0 0.6 5.8 22:00 N 15 -0.3 0.4 0:30 -1.2 00:00 18.7 0.0 0.0 0.5 4.9 4:30 N 16 -0.6 0.9 00:00 -1.8 4:30 18.9 0.0 0.0 0.7 6.3 14:00 N 17 0.6 0.9 1:00 0.1 00:00 17.7 0.0 0.0 0.7 6.3 13:00 N 18 -0.3 0.9 13:30 -1.8 23:00 18.6 0.0 0.0 0.0 1.8 0:30 N 19 -1.5 -0.1 15:30 -2.7 9:00 19.8 0.0 0.0 0.0 3.1 6:00 N 20 -3.7 -1.2 16:00 -9.9 00:00 22.0 0.0 0.0 0.0 1.8 5:00 N 21 -7.6 -0.6 00:00 -14.6 7:00 25.9 0.0 0.0 0.3 4.9 18:30 N 22 -0.2 1.3 16:00 -2.3 8:00 18.5 0.0 0.0 0.0 2.7 0:30 N 23 -0.1 0.8 14:00 -0.7 00:00 18.4 0.0 0.0 0.3 5.8 13:00 N 24 -1.4 -0.7 0:30 -3.1 00:00 19.8 0.0 0.0 0.8 6.3 12:30 N 25 -2.0 1.3 16:00 -4.7 00:00 20.3 0.0 0.0 0.1 3.1 16:30 SW 26 -0.5 2.3 22:30 -6.7 5:00 18.8 0.0 0.2 0.4 7.2 11:00 SW 27 2.2 5.2 12:30 -0.4 1:30 16.1 0.0 4.4 0.2 6.7 11:00 NW 28 3.1 5.1 12:00 1.1 22:30 15.3 0.0 0.4 1.0 9.8 20:30 NW ------------------------------------------------------------------------------------- -1.5 5.2 27 -14.6 21 555.5 0.0 5.8 0.3 9.8 28 N Max >= 32.0: 0 Max <= 0.0: 15 Min <= 0.0: 26 Min <= -18.0: 0 Max Rain: 4.39 ON 27.02.13 Days of Rain: 5 (> .2 mm) 1 (> 2 mm) 0 (> 20 mm) Heat Base: 18.3 Cool Base: 18.3 Method: Integration