NOAA-style Climate Reports

2019: Jan | Feb | Mar | Apr | May | Jun | Jul | Aug | Sep | Oct | Nov | Dec 
2018: Jan | Feb | Mar | Apr | May | Jun | Jul | Aug | Sep | Oct | Nov | Dec 
2017: Jan | Feb | Mar | Apr | May | Jun | Jul | Aug | Sep | Oct | Nov | Dec 
2016: Jan | Feb | Mar | Apr | May | Jun | Jul | Aug | Sep | Oct | Nov | Dec 
2015: Jan | Feb | Mar | Apr | May | Jun | Jul | Aug | Sep | Oct | Nov | Dec 
2014: Jan | Feb | Mar | Apr | May | Jun | Jul | Aug | Sep | Oct | Nov | Dec 
2013: Jan | Feb | Mar | Apr | May | Jun | Jul | Aug | Sep | Oct | Nov | Dec 
2012: Jan | Feb | Mar | Apr | May | Jun | Jul | Aug | Sep | Oct | Nov | Dec 
2011: Jan | Feb | Mar | Apr | May | Jun | Jul | Aug | Sep | Oct | Nov | Dec 
2010: Jan | Feb | Mar | Apr | May | Jun | Jul | Aug | Sep | Oct | Nov | Dec 
2009: Jan | Feb | Mar | Apr | May | Jun | Jul | Aug | Sep | Oct | Nov | Dec 
2008: Jan | Feb | Mar | Apr | May | Jun | Jul | Aug | Sep | Oct | Nov | Dec 
2007: Jan | Feb | Mar | Apr | May | Jun | Jul | Aug | Sep | Oct | Nov | Dec 
2006: Jan | Feb | Mar | Apr | May | Jun | Jul | Aug | Sep | Oct | Nov | Dec 

Report for 2013 01
MONTHLY CLIMATOLOGICAL SUMMARY for JAN. 2013 NAME: Station #1 CITY: Rauma STATE: Finland ELEV: 16 m LAT: 61 08' 38" N LONG: 21 31' 26" E TEMPERATURE (C), RAIN (mm), WIND SPEED (m/s) HEAT COOL AVG MEAN DEG DEG WIND DOM DAY TEMP HIGH TIME LOW TIME DAYS DAYS RAIN SPEED HIGH TIME DIR ------------------------------------------------------------------------------------ 1 3.8 4.8 13:00 2.4 23:30 14.5 0.0 8.8 1.7 9.4 12:30 S 2 1.4 2.4 2:30 0.6 15:30 16.8 0.0 1.0 0.8 6.3 2:30 N 3 0.3 0.9 0:30 -0.6 13:30 17.9 0.0 0.0 0.3 5.8 12:30 N 4 0.8 2.6 11:30 -0.9 16:00 17.5 0.0 0.6 0.4 4.5 13:00 N 5 -2.6 -0.7 2:00 -6.4 00:00 20.9 0.0 0.0 0.0 4.0 1:00 N 6 -7.4 -5.9 14:30 -8.7 10:00 25.7 0.0 0.0 0.0 2.2 13:30 N 7 -3.2 0.4 22:30 -7.6 2:00 21.5 0.0 0.0 0.6 6.7 22:00 N 8 0.5 0.9 3:30 -0.1 22:00 17.8 0.0 1.4 0.5 6.7 1:30 N 9 -0.3 1.3 8:00 -2.8 00:00 18.6 0.0 0.6 0.0 4.0 6:30 N 10 -3.9 -2.6 19:30 -5.9 7:00 22.3 0.0 0.0 0.0 4.9 20:30 N 11 -5.1 -3.8 0:30 -7.7 23:30 23.4 0.0 0.0 0.4 7.2 13:00 N 12 -9.1 -7.5 00:00 -10.5 10:30 27.4 0.0 0.0 0.0 3.1 2:00 N 13 -3.7 -2.1 10:30 -7.5 0:30 22.0 0.0 0.0 0.4 5.8 21:30 N 14 -2.9 -2.6 0:30 -3.2 10:00 21.2 0.0 0.0 1.1 7.6 15:00 N 15 -5.5 -2.8 1:30 -7.7 10:30 23.8 0.0 0.0 0.1 4.9 1:30 N 16 -6.0 -5.1 13:30 -7.4 23:00 24.3 0.0 0.0 0.0 2.2 1:30 N 17 -9.6 -7.2 0:30 -15.2 00:00 27.9 0.0 0.0 0.0 1.8 0:30 NE 18 -17.3 -14.3 14:30 -20.3 00:00 35.6 0.0 0.0 0.0 1.3 11:00 N 19 -10.2 -1.6 21:30 -20.8 3:00 28.5 0.0 0.0 0.2 6.7 14:30 N 20 -6.6 -2.3 0:30 -9.7 9:30 24.9 0.0 0.0 0.0 1.3 14:00 N 21 -8.8 -3.2 00:00 -12.5 19:00 27.1 0.0 0.0 0.0 2.7 00:00 N 22 -2.8 -1.2 14:00 -6.7 00:00 21.1 0.0 0.4 0.0 4.0 2:30 N 23 -6.9 -1.2 15:30 -13.3 9:00 25.2 0.0 0.0 0.0 2.2 14:00 N 24 -7.3 -3.3 6:30 -14.8 00:00 25.6 0.0 0.0 0.0 2.2 3:30 N 25 -5.6 -1.6 13:30 -15.4 1:30 23.9 0.0 0.0 0.6 7.2 23:30 N 26 -2.6 -1.5 19:30 -4.2 0:30 20.9 0.0 0.0 1.8 10.3 15:30 N 27 -2.3 -1.2 19:00 -4.9 21:00 20.7 0.0 0.0 1.5 10.3 21:00 N 28 -0.9 2.5 00:00 -3.7 5:00 19.3 0.0 0.2 2.4 10.7 4:00 N 29 1.9 2.3 0:30 1.1 00:00 16.4 0.0 3.8 1.7 10.3 3:00 N 30 1.4 2.8 21:30 0.6 4:30 16.9 0.0 4.8 2.7 12.1 14:30 N 31 1.7 2.9 6:00 -1.8 00:00 16.6 0.0 2.8 1.2 8.9 0:30 N ------------------------------------------------------------------------------------- -3.8 4.8 1 -20.8 19 686.0 0.0 24.4 0.6 12.1 30 N Max >= 32.0: 0 Max <= 0.0: 20 Min <= 0.0: 27 Min <= -18.0: 2 Max Rain: 8.79 ON 01.01.13 Days of Rain: 10 (> .2 mm) 4 (> 2 mm) 0 (> 20 mm) Heat Base: 18.3 Cool Base: 18.3 Method: Integration