NOAA-style Climate Reports

2019: Jan | Feb | Mar | Apr | May | Jun | Jul | Aug | Sep | Oct | Nov | Dec 
2018: Jan | Feb | Mar | Apr | May | Jun | Jul | Aug | Sep | Oct | Nov | Dec 
2017: Jan | Feb | Mar | Apr | May | Jun | Jul | Aug | Sep | Oct | Nov | Dec 
2016: Jan | Feb | Mar | Apr | May | Jun | Jul | Aug | Sep | Oct | Nov | Dec 
2015: Jan | Feb | Mar | Apr | May | Jun | Jul | Aug | Sep | Oct | Nov | Dec 
2014: Jan | Feb | Mar | Apr | May | Jun | Jul | Aug | Sep | Oct | Nov | Dec 
2013: Jan | Feb | Mar | Apr | May | Jun | Jul | Aug | Sep | Oct | Nov | Dec 
2012: Jan | Feb | Mar | Apr | May | Jun | Jul | Aug | Sep | Oct | Nov | Dec 
2011: Jan | Feb | Mar | Apr | May | Jun | Jul | Aug | Sep | Oct | Nov | Dec 
2010: Jan | Feb | Mar | Apr | May | Jun | Jul | Aug | Sep | Oct | Nov | Dec 
2009: Jan | Feb | Mar | Apr | May | Jun | Jul | Aug | Sep | Oct | Nov | Dec 
2008: Jan | Feb | Mar | Apr | May | Jun | Jul | Aug | Sep | Oct | Nov | Dec 
2007: Jan | Feb | Mar | Apr | May | Jun | Jul | Aug | Sep | Oct | Nov | Dec 
2006: Jan | Feb | Mar | Apr | May | Jun | Jul | Aug | Sep | Oct | Nov | Dec 

Report for 2012 12
MONTHLY CLIMATOLOGICAL SUMMARY for DEC. 2012 NAME: Station #1 CITY: Rauma STATE: Finland ELEV: 16 m LAT: 61 08' 38" N LONG: 21 31' 26" E TEMPERATURE (C), RAIN (mm), WIND SPEED (m/s) HEAT COOL AVG MEAN DEG DEG WIND DOM DAY TEMP HIGH TIME LOW TIME DAYS DAYS RAIN SPEED HIGH TIME DIR ------------------------------------------------------------------------------------ 1 -9.1 -7.9 0:30 -10.2 23:30 27.3 0.0 0.0 0.1 5.4 1:00 ENE 2 -14.2 -10.2 0:30 -18.2 21:30 32.5 0.0 0.0 0.0 0.0 --- --- 3 -13.4 -9.4 13:30 -16.2 0:30 31.7 0.0 0.0 0.0 1.3 12:30 SE 4 -13.4 -11.7 13:30 -15.1 0:30 31.7 0.0 0.0 0.0 1.8 10:30 NE 5 -14.4 -7.4 00:00 -17.7 6:30 32.7 0.0 0.0 0.0 3.1 23:30 ENE 6 -4.0 -2.9 13:00 -7.4 0:30 22.3 0.0 0.0 0.6 8.9 12:00 ESE 7 -3.6 -1.8 6:00 -6.3 23:30 21.9 0.0 0.0 0.2 5.8 2:00 ENE 8 -4.4 -3.6 15:00 -6.3 0:30 22.8 0.0 0.0 0.0 2.7 9:00 SE 9 -3.3 -1.6 23:00 -4.8 4:00 21.6 0.0 0.0 0.1 3.1 6:30 SSE 10 -5.2 -1.8 1:00 -9.0 20:30 23.5 0.0 0.0 0.2 6.3 14:00 SE 11 -6.6 -5.5 12:00 -8.5 5:00 24.9 0.0 0.0 0.0 4.0 21:00 NE 12 -2.6 -1.3 11:00 -5.5 0:30 20.9 0.0 0.0 0.6 5.8 9:30 SE 13 -3.7 -2.3 0:30 -5.2 00:00 22.0 0.0 0.0 0.2 6.3 23:30 SE 14 -3.3 -1.6 14:00 -5.7 2:30 21.6 0.0 0.0 0.7 6.3 17:30 SE 15 -3.4 -2.1 3:30 -4.3 17:00 21.8 0.0 0.0 2.2 11.6 16:00 ESE 16 -4.7 -3.6 2:00 -5.8 17:30 23.0 0.0 0.0 1.7 8.9 3:00 ESE 17 -4.4 -3.2 2:30 -6.2 23:30 22.7 0.0 0.0 0.8 5.8 2:00 ESE 18 -6.9 -6.2 0:30 -7.6 8:00 25.2 0.0 0.0 0.3 4.5 1:30 SE 19 -7.1 -6.6 1:00 -7.6 6:00 25.4 0.0 0.0 0.2 4.9 5:00 SE 20 -8.3 -6.9 0:30 -11.2 00:00 26.6 0.0 0.0 0.3 4.5 23:00 SE 21 -11.2 -9.8 4:00 -12.5 10:30 29.5 0.0 0.0 0.0 2.7 15:30 ENE 22 -12.8 -10.1 2:00 -15.2 00:00 31.1 0.0 0.0 0.1 4.9 20:00 ESE 23 -11.4 -7.5 23:00 -15.2 0:30 29.7 0.0 0.0 0.4 5.4 14:00 SE 24 -9.2 -7.6 4:00 -10.7 23:00 27.4 0.0 0.0 0.8 7.6 4:30 SE 25 -10.2 -9.1 12:00 -14.1 00:00 28.5 0.0 0.0 0.3 4.5 0:30 SE 26 -8.9 -0.7 23:30 -16.8 5:30 27.3 0.0 0.0 0.4 6.7 00:00 SE 27 0.2 1.3 10:30 -2.7 00:00 18.1 0.0 3.2 0.5 5.8 5:00 SW 28 -2.5 0.5 13:30 -10.1 00:00 20.8 0.0 0.0 0.2 6.7 10:00 NW 29 -4.2 1.3 00:00 -11.1 4:00 22.5 0.0 0.2 1.1 9.8 00:00 SE 30 2.7 3.5 12:30 1.3 0:30 15.7 0.0 17.8 2.3 10.3 14:00 SSE 31 2.3 3.1 3:30 1.6 9:00 16.0 0.0 2.6 1.5 8.5 6:00 S ------------------------------------------------------------------------------------- -6.5 3.5 30 -18.2 2 768.7 0.0 23.8 0.5 11.6 15 SE Max >= 32.0: 0 Max <= 0.0: 26 Min <= 0.0: 29 Min <= -18.0: 1 Max Rain: 17.81 ON 30.12.12 Days of Rain: 4 (> .2 mm) 3 (> 2 mm) 0 (> 20 mm) Heat Base: 18.3 Cool Base: 18.3 Method: Integration